{"id":9981,"date":"2024-07-26T10:42:26","date_gmt":"2024-07-26T08:42:26","guid":{"rendered":"https:\/\/www.mg-modelleisenbahnbau.de\/startseite-2\/?post_type=product&#038;p=9981"},"modified":"2025-06-30T14:26:52","modified_gmt":"2025-06-30T12:26:52","slug":"38537-h0-gebaeude-rohbau-mit-baustellenzubehoer","status":"publish","type":"product","link":"https:\/\/www.mg-modelleisenbahnbau.de\/startseite-2\/produkt\/38537-h0-gebaeude-rohbau-mit-baustellenzubehoer\/","title":{"rendered":"38537 H0 Geb\u00e4ude-Rohbau mit Baustellenzubeh\u00f6r"},"content":{"rendered":"<div class=\"offcanvas-body\">\n<div class=\"product-detail-description tab-pane-container\">\n<div class=\"h3 product-detail-description-title\">Produktinformationen &#8222;H0 Geb\u00e4ude-Rohbau mit Baustellenzubeh\u00f6r &#8222;<\/div>\n<div class=\"product-detail-description-text\">Bausatz. Umfangreiches Zubeh\u00f6r, z. B. Schubkarre, Bauzaun, Zements\u00e4cke, Schilder und Maschinen, erm\u00f6glicht eine flexible Ausgestaltung der Baustelle.<br \/>\nL ca. 20,0 x B 18,0 x H 19,5 cm<br \/>\nSchwierigkeitsgrad: 2 (Fortgeschrittene)<\/div>\n<\/div>\n<\/div>\n","protected":false},"excerpt":{"rendered":"<p>Produktinformationen &#8222;H0 Geb\u00e4ude-Rohbau mit Baustellenzubeh\u00f6r &#8222; Bausatz. Umfangreiches Zubeh\u00f6r, z. B. Schubkarre, Bauzaun, Zements\u00e4cke, Schilder und Maschinen, erm\u00f6glicht eine flexible Ausgestaltung der Baustelle. L ca. 20,0 x B 18,0 x H 19,5 cm Schwierigkeitsgrad: 2 (Fortgeschrittene)<\/p>\n","protected":false},"featured_media":9982,"comment_status":"open","ping_status":"closed","template":"","meta":[],"product_brand":[],"product_cat":[44,210,38],"product_tag":[292,291],"class_list":{"0":"post-9981","1":"product","2":"type-product","3":"status-publish","4":"has-post-thumbnail","6":"product_cat-kibri","7":"product_cat-stadthaeuser-ho","8":"product_cat-unkategorisiert","9":"product_tag-kein-spielzeug-nicht-geeignet-fuer-kinder-unter-14-jahren","10":"product_tag-warn-und-sicherheitshinweise-modellbauartikel","12":"first","13":"instock","14":"taxable","15":"shipping-taxable","16":"purchasable","17":"product-type-simple"},"jetpack_sharing_enabled":true,"_links":{"self":[{"href":"https:\/\/www.mg-modelleisenbahnbau.de\/startseite-2\/wp-json\/wp\/v2\/product\/9981","targetHints":{"allow":["GET"]}}],"collection":[{"href":"https:\/\/www.mg-modelleisenbahnbau.de\/startseite-2\/wp-json\/wp\/v2\/product"}],"about":[{"href":"https:\/\/www.mg-modelleisenbahnbau.de\/startseite-2\/wp-json\/wp\/v2\/types\/product"}],"replies":[{"embeddable":true,"href":"https:\/\/www.mg-modelleisenbahnbau.de\/startseite-2\/wp-json\/wp\/v2\/comments?post=9981"}],"wp:featuredmedia":[{"embeddable":true,"href":"https:\/\/www.mg-modelleisenbahnbau.de\/startseite-2\/wp-json\/wp\/v2\/media\/9982"}],"wp:attachment":[{"href":"https:\/\/www.mg-modelleisenbahnbau.de\/startseite-2\/wp-json\/wp\/v2\/media?parent=9981"}],"wp:term":[{"taxonomy":"product_brand","embeddable":true,"href":"https:\/\/www.mg-modelleisenbahnbau.de\/startseite-2\/wp-json\/wp\/v2\/product_brand?post=9981"},{"taxonomy":"product_cat","embeddable":true,"href":"https:\/\/www.mg-modelleisenbahnbau.de\/startseite-2\/wp-json\/wp\/v2\/product_cat?post=9981"},{"taxonomy":"product_tag","embeddable":true,"href":"https:\/\/www.mg-modelleisenbahnbau.de\/startseite-2\/wp-json\/wp\/v2\/product_tag?post=9981"}],"curies":[{"name":"wp","href":"https:\/\/api.w.org\/{rel}","templated":true}]}}