{"id":9926,"date":"2024-07-23T15:02:40","date_gmt":"2024-07-23T13:02:40","guid":{"rendered":"https:\/\/www.mg-modelleisenbahnbau.de\/startseite-2\/?post_type=product&#038;p=9926"},"modified":"2025-06-30T09:03:49","modified_gmt":"2025-06-30T07:03:49","slug":"8443-ir-led-6-stueck","status":"publish","type":"product","link":"https:\/\/www.mg-modelleisenbahnbau.de\/startseite-2\/produkt\/8443-ir-led-6-stueck\/","title":{"rendered":"8443 IR LED, 6 St\u00fcck"},"content":{"rendered":"<p>Die IR Sendedioden sind f\u00fcr die Module IR Traffic Art. 8404 und IR Traffic smart Art. 8405 vorgesehen. Auch geeignet als Ersatzteil f\u00fcr IR Mini Art. 8403. Die Dioden sind bereits mit Anschlussdr\u00e4hten (ohne Vorwiderstand) versehen.<br \/>\nKabell\u00e4nge zu den IR LEDs: jeweils ca. 300 mm<br \/>\nAbmessungen IR LEDs: ca. L 1,6 x B 0,8 x H 0,8 mm<\/p>\n","protected":false},"excerpt":{"rendered":"<p>Die IR Sendedioden sind f\u00fcr die Module IR Traffic Art. 8404 und IR Traffic smart Art. 8405 vorgesehen. Auch geeignet als Ersatzteil f\u00fcr IR Mini Art. 8403. Die Dioden sind bereits mit Anschlussdr\u00e4hten (ohne Vorwiderstand) versehen. Kabell\u00e4nge zu den IR LEDs: jeweils ca. 300 mm Abmessungen IR LEDs: ca. L 1,6 x B 0,8 x&#8230;<\/p>\n","protected":false},"featured_media":9927,"comment_status":"open","ping_status":"closed","template":"","meta":[],"product_brand":[],"product_cat":[272,38,37],"product_tag":[292,291],"class_list":{"0":"post-9926","1":"product","2":"type-product","3":"status-publish","4":"has-post-thumbnail","6":"product_cat-h0-carmotion","7":"product_cat-unkategorisiert","8":"product_cat-viessmann","9":"product_tag-kein-spielzeug-nicht-geeignet-fuer-kinder-unter-14-jahren","10":"product_tag-warn-und-sicherheitshinweise-modellbauartikel","12":"first","13":"instock","14":"taxable","15":"shipping-taxable","16":"purchasable","17":"product-type-simple"},"jetpack_sharing_enabled":true,"_links":{"self":[{"href":"https:\/\/www.mg-modelleisenbahnbau.de\/startseite-2\/wp-json\/wp\/v2\/product\/9926","targetHints":{"allow":["GET"]}}],"collection":[{"href":"https:\/\/www.mg-modelleisenbahnbau.de\/startseite-2\/wp-json\/wp\/v2\/product"}],"about":[{"href":"https:\/\/www.mg-modelleisenbahnbau.de\/startseite-2\/wp-json\/wp\/v2\/types\/product"}],"replies":[{"embeddable":true,"href":"https:\/\/www.mg-modelleisenbahnbau.de\/startseite-2\/wp-json\/wp\/v2\/comments?post=9926"}],"wp:featuredmedia":[{"embeddable":true,"href":"https:\/\/www.mg-modelleisenbahnbau.de\/startseite-2\/wp-json\/wp\/v2\/media\/9927"}],"wp:attachment":[{"href":"https:\/\/www.mg-modelleisenbahnbau.de\/startseite-2\/wp-json\/wp\/v2\/media?parent=9926"}],"wp:term":[{"taxonomy":"product_brand","embeddable":true,"href":"https:\/\/www.mg-modelleisenbahnbau.de\/startseite-2\/wp-json\/wp\/v2\/product_brand?post=9926"},{"taxonomy":"product_cat","embeddable":true,"href":"https:\/\/www.mg-modelleisenbahnbau.de\/startseite-2\/wp-json\/wp\/v2\/product_cat?post=9926"},{"taxonomy":"product_tag","embeddable":true,"href":"https:\/\/www.mg-modelleisenbahnbau.de\/startseite-2\/wp-json\/wp\/v2\/product_tag?post=9926"}],"curies":[{"name":"wp","href":"https:\/\/api.w.org\/{rel}","templated":true}]}}