{"id":9899,"date":"2024-07-22T10:22:51","date_gmt":"2024-07-22T08:22:51","guid":{"rendered":"https:\/\/www.mg-modelleisenbahnbau.de\/startseite-2\/?post_type=product&#038;p=9899"},"modified":"2025-06-30T08:48:30","modified_gmt":"2025-06-30T06:48:30","slug":"8427-universalelektronik-lkw","status":"publish","type":"product","link":"https:\/\/www.mg-modelleisenbahnbau.de\/startseite-2\/produkt\/8427-universalelektronik-lkw\/","title":{"rendered":"8427 Universalelektronik LKW"},"content":{"rendered":"<div class=\"offcanvas-body\">\n<div class=\"product-detail-description tab-pane-container\">\n<div class=\"h3 product-detail-description-title\">Produktinformationen &#8222;Universalelektronik LKW &#8222;<\/div>\n<div class=\"product-detail-description-text\">Die Universalelektronik LKW bietet eine kompakte L\u00f6sung f\u00fcr die Nachr\u00fcstung von Fahrzeugen mit den bew\u00e4hrten Fahreigenschaften der CarMotion-LKW. Das schlanke Modul (ca. B 12 x L 26 mm) eignet sich besonders f\u00fcr beengte Einbausituationen und arbeitet in Verbindung mit dem H0 Getriebe mit Motor Art. 8426. Die Stromversorgung erfolgt \u00fcber zwei im Set enthaltene 60-mAh-Akkus. Das Modul ist ausschlie\u00dflich f\u00fcr diesen Motor und Akkus vorgesehen. Eine zus\u00e4tzliche Verteilerplatine (ca. B 20 x L 7 mm) erleichtert den Anschluss von LEDs f\u00fcr Beleuchtungsaufgaben und erm\u00f6glicht zus\u00e4tzliche Lichteffekte. Eine Erweiterungsschnittstelle f\u00fcr zus\u00e4tzliche Module ist<br \/>\nvorhanden. Im Set enthalten: Reedkontakt, Hallsensor, Lade- und Programmierbuchse,<br \/>\n2 Akkus, Hecksto\u00dfstange mit Lichtern, IR Sender und Anschluss f\u00fcr Anh\u00e4nger.<br \/>\nDie Beleuchtung umfasst LEDs f\u00fcr die Fahrerkabine (1 x wei\u00df), Frontscheinwerfer<br \/>\n(2 x wei\u00df), Fahrtrichtungsanzeiger (4 x gelb) und 2 IR Empf\u00e4nger. Die LEDs und Sensoren sind bereits mit Kabeln versehen, um einen einfachen Einbau zu gew\u00e4hrleisten. Erg\u00e4nzungssets f\u00fcr weitere Lichteffekte sind ebenfalls verf\u00fcgbar.<\/div>\n<\/div>\n<\/div>\n","protected":false},"excerpt":{"rendered":"<p>Produktinformationen &#8222;Universalelektronik LKW &#8222; Die Universalelektronik LKW bietet eine kompakte L\u00f6sung f\u00fcr die Nachr\u00fcstung von Fahrzeugen mit den bew\u00e4hrten Fahreigenschaften der CarMotion-LKW. Das schlanke Modul (ca. B 12 x L 26 mm) eignet sich besonders f\u00fcr beengte Einbausituationen und arbeitet in Verbindung mit dem H0 Getriebe mit Motor Art. 8426. Die Stromversorgung erfolgt \u00fcber zwei&#8230;<\/p>\n","protected":false},"featured_media":9900,"comment_status":"open","ping_status":"closed","template":"","meta":[],"product_brand":[],"product_cat":[272,38,37],"product_tag":[292,291],"class_list":{"0":"post-9899","1":"product","2":"type-product","3":"status-publish","4":"has-post-thumbnail","6":"product_cat-h0-carmotion","7":"product_cat-unkategorisiert","8":"product_cat-viessmann","9":"product_tag-kein-spielzeug-nicht-geeignet-fuer-kinder-unter-14-jahren","10":"product_tag-warn-und-sicherheitshinweise-modellbauartikel","12":"first","13":"outofstock","14":"taxable","15":"shipping-taxable","16":"purchasable","17":"product-type-simple"},"jetpack_sharing_enabled":true,"_links":{"self":[{"href":"https:\/\/www.mg-modelleisenbahnbau.de\/startseite-2\/wp-json\/wp\/v2\/product\/9899","targetHints":{"allow":["GET"]}}],"collection":[{"href":"https:\/\/www.mg-modelleisenbahnbau.de\/startseite-2\/wp-json\/wp\/v2\/product"}],"about":[{"href":"https:\/\/www.mg-modelleisenbahnbau.de\/startseite-2\/wp-json\/wp\/v2\/types\/product"}],"replies":[{"embeddable":true,"href":"https:\/\/www.mg-modelleisenbahnbau.de\/startseite-2\/wp-json\/wp\/v2\/comments?post=9899"}],"wp:featuredmedia":[{"embeddable":true,"href":"https:\/\/www.mg-modelleisenbahnbau.de\/startseite-2\/wp-json\/wp\/v2\/media\/9900"}],"wp:attachment":[{"href":"https:\/\/www.mg-modelleisenbahnbau.de\/startseite-2\/wp-json\/wp\/v2\/media?parent=9899"}],"wp:term":[{"taxonomy":"product_brand","embeddable":true,"href":"https:\/\/www.mg-modelleisenbahnbau.de\/startseite-2\/wp-json\/wp\/v2\/product_brand?post=9899"},{"taxonomy":"product_cat","embeddable":true,"href":"https:\/\/www.mg-modelleisenbahnbau.de\/startseite-2\/wp-json\/wp\/v2\/product_cat?post=9899"},{"taxonomy":"product_tag","embeddable":true,"href":"https:\/\/www.mg-modelleisenbahnbau.de\/startseite-2\/wp-json\/wp\/v2\/product_tag?post=9899"}],"curies":[{"name":"wp","href":"https:\/\/api.w.org\/{rel}","templated":true}]}}