{"id":951,"date":"2018-10-15T17:29:37","date_gmt":"2018-10-15T15:29:37","guid":{"rendered":"http:\/\/www.mg-modelleisenbahnbau.de\/?post_type=product&#038;p=951"},"modified":"2025-06-30T07:01:36","modified_gmt":"2025-06-30T05:01:36","slug":"6832-hausbeleuchtungssockel-mit-gluehlampe-e-55-klar","status":"publish","type":"product","link":"https:\/\/www.mg-modelleisenbahnbau.de\/startseite-2\/produkt\/6832-hausbeleuchtungssockel-mit-gluehlampe-e-55-klar\/","title":{"rendered":"6832 Hausbeleuchtungssockel mit Gl\u00fchlampe E 5,5, klar"},"content":{"rendered":"<p>Produktinformationen &#8222;Hausbeleuchtungssockel mit Gl\u00fchlampe E 5,5, klar&#8220;<br \/>\nZum Einbau in Modellh\u00e4user aller Art. Verl\u00e4ngerbar mit Art. 6833. H\u00f6he: 38 mm. Ersatzleuchtmittel: Gl\u00fchlampe Art. 3510 oder LED Art. 6019.<\/p>\n","protected":false},"excerpt":{"rendered":"<p>Produktinformationen &#8222;Hausbeleuchtungssockel mit Gl\u00fchlampe E 5,5, klar&#8220; Zum Einbau in Modellh\u00e4user aller Art. Verl\u00e4ngerbar mit Art. 6833. H\u00f6he: 38 mm. Ersatzleuchtmittel: Gl\u00fchlampe Art. 3510 oder LED Art. 6019.<\/p>\n","protected":false},"featured_media":952,"comment_status":"open","ping_status":"closed","template":"","meta":[],"product_brand":[],"product_cat":[123,38,37,124],"product_tag":[292,291],"class_list":{"0":"post-951","1":"product","2":"type-product","3":"status-publish","4":"has-post-thumbnail","6":"product_cat-leuchten-h0","7":"product_cat-unkategorisiert","8":"product_cat-viessmann","9":"product_cat-viessmann-spur-h0","10":"product_tag-kein-spielzeug-nicht-geeignet-fuer-kinder-unter-14-jahren","11":"product_tag-warn-und-sicherheitshinweise-modellbauartikel","13":"first","14":"instock","15":"taxable","16":"shipping-taxable","17":"purchasable","18":"product-type-simple"},"jetpack_sharing_enabled":true,"_links":{"self":[{"href":"https:\/\/www.mg-modelleisenbahnbau.de\/startseite-2\/wp-json\/wp\/v2\/product\/951","targetHints":{"allow":["GET"]}}],"collection":[{"href":"https:\/\/www.mg-modelleisenbahnbau.de\/startseite-2\/wp-json\/wp\/v2\/product"}],"about":[{"href":"https:\/\/www.mg-modelleisenbahnbau.de\/startseite-2\/wp-json\/wp\/v2\/types\/product"}],"replies":[{"embeddable":true,"href":"https:\/\/www.mg-modelleisenbahnbau.de\/startseite-2\/wp-json\/wp\/v2\/comments?post=951"}],"wp:featuredmedia":[{"embeddable":true,"href":"https:\/\/www.mg-modelleisenbahnbau.de\/startseite-2\/wp-json\/wp\/v2\/media\/952"}],"wp:attachment":[{"href":"https:\/\/www.mg-modelleisenbahnbau.de\/startseite-2\/wp-json\/wp\/v2\/media?parent=951"}],"wp:term":[{"taxonomy":"product_brand","embeddable":true,"href":"https:\/\/www.mg-modelleisenbahnbau.de\/startseite-2\/wp-json\/wp\/v2\/product_brand?post=951"},{"taxonomy":"product_cat","embeddable":true,"href":"https:\/\/www.mg-modelleisenbahnbau.de\/startseite-2\/wp-json\/wp\/v2\/product_cat?post=951"},{"taxonomy":"product_tag","embeddable":true,"href":"https:\/\/www.mg-modelleisenbahnbau.de\/startseite-2\/wp-json\/wp\/v2\/product_tag?post=951"}],"curies":[{"name":"wp","href":"https:\/\/api.w.org\/{rel}","templated":true}]}}