{"id":9289,"date":"2023-05-16T21:32:07","date_gmt":"2023-05-16T19:32:07","guid":{"rendered":"https:\/\/www.mg-modelleisenbahnbau.de\/startseite-2\/?post_type=product&#038;p=9289"},"modified":"2025-06-30T00:10:07","modified_gmt":"2025-06-29T22:10:07","slug":"6088-h0-haengende-industrieleuchte-modern-led-weiss","status":"publish","type":"product","link":"https:\/\/www.mg-modelleisenbahnbau.de\/startseite-2\/produkt\/6088-h0-haengende-industrieleuchte-modern-led-weiss\/","title":{"rendered":"6088 H0 H\u00e4ngende Industrieleuchte modern, LED wei\u00df"},"content":{"rendered":"<div class=\"content--title\">Produktinformationen &#8222;H0 H\u00e4ngende Industrieleuchte, LED warmwei\u00df&#8220;<\/div>\n<div class=\"product--description\">Wartungsfrei dank LED-Beleuchtung. Zur Deckenmontage. \u00d8 0,6 x H 0,6 cm<\/div>\n","protected":false},"excerpt":{"rendered":"<p>Produktinformationen &#8222;H0 H\u00e4ngende Industrieleuchte, LED warmwei\u00df&#8220; Wartungsfrei dank LED-Beleuchtung. Zur Deckenmontage. \u00d8 0,6 x H 0,6 cm<\/p>\n","protected":false},"featured_media":9290,"comment_status":"open","ping_status":"closed","template":"","meta":[],"product_brand":[],"product_cat":[123,139,132,38,37,124,138,131],"product_tag":[292,291],"class_list":{"0":"post-9289","1":"product","2":"type-product","3":"status-publish","4":"has-post-thumbnail","6":"product_cat-leuchten-h0","7":"product_cat-leuchten-n","8":"product_cat-leuchten-tt","9":"product_cat-unkategorisiert","10":"product_cat-viessmann","11":"product_cat-viessmann-spur-h0","12":"product_cat-viessmann-spur-n","13":"product_cat-viessmann-spur-tt","14":"product_tag-kein-spielzeug-nicht-geeignet-fuer-kinder-unter-14-jahren","15":"product_tag-warn-und-sicherheitshinweise-modellbauartikel","17":"first","18":"instock","19":"taxable","20":"shipping-taxable","21":"purchasable","22":"product-type-simple"},"jetpack_sharing_enabled":true,"_links":{"self":[{"href":"https:\/\/www.mg-modelleisenbahnbau.de\/startseite-2\/wp-json\/wp\/v2\/product\/9289","targetHints":{"allow":["GET"]}}],"collection":[{"href":"https:\/\/www.mg-modelleisenbahnbau.de\/startseite-2\/wp-json\/wp\/v2\/product"}],"about":[{"href":"https:\/\/www.mg-modelleisenbahnbau.de\/startseite-2\/wp-json\/wp\/v2\/types\/product"}],"replies":[{"embeddable":true,"href":"https:\/\/www.mg-modelleisenbahnbau.de\/startseite-2\/wp-json\/wp\/v2\/comments?post=9289"}],"wp:featuredmedia":[{"embeddable":true,"href":"https:\/\/www.mg-modelleisenbahnbau.de\/startseite-2\/wp-json\/wp\/v2\/media\/9290"}],"wp:attachment":[{"href":"https:\/\/www.mg-modelleisenbahnbau.de\/startseite-2\/wp-json\/wp\/v2\/media?parent=9289"}],"wp:term":[{"taxonomy":"product_brand","embeddable":true,"href":"https:\/\/www.mg-modelleisenbahnbau.de\/startseite-2\/wp-json\/wp\/v2\/product_brand?post=9289"},{"taxonomy":"product_cat","embeddable":true,"href":"https:\/\/www.mg-modelleisenbahnbau.de\/startseite-2\/wp-json\/wp\/v2\/product_cat?post=9289"},{"taxonomy":"product_tag","embeddable":true,"href":"https:\/\/www.mg-modelleisenbahnbau.de\/startseite-2\/wp-json\/wp\/v2\/product_tag?post=9289"}],"curies":[{"name":"wp","href":"https:\/\/api.w.org\/{rel}","templated":true}]}}