{"id":9284,"date":"2023-05-16T21:16:43","date_gmt":"2023-05-16T19:16:43","guid":{"rendered":"https:\/\/www.mg-modelleisenbahnbau.de\/startseite-2\/?post_type=product&#038;p=9284"},"modified":"2025-06-30T14:13:35","modified_gmt":"2025-06-30T12:13:35","slug":"38345-h0-ueberdachte-terrasse-polyplate-bausatz","status":"publish","type":"product","link":"https:\/\/www.mg-modelleisenbahnbau.de\/startseite-2\/produkt\/38345-h0-ueberdachte-terrasse-polyplate-bausatz\/","title":{"rendered":"38345 H0 \u00dcberdachte Terrasse &#8211; Polyplate Bausatz"},"content":{"rendered":"<div class=\"content--description\">\n<div class=\"content--title\">Produktinformationen &#8222;H0 \u00dcberdachte Terrasse &#8211; Polyplate Bausatz&#8220;<\/div>\n<div class=\"product--description\">Bausatz. Moderne L-f\u00f6rmige \u00fcberdachte Terrasse aus Polyplate Verbundwerkstoff. Passend zu den Polyplate Kubush\u00e4usern.<br \/>\nL 14,0 x B 10,8 x 3,8 cm<br \/>\nSchwierigkeitsgrad: 1 (Einsteiger)<\/div>\n<\/div>\n","protected":false},"excerpt":{"rendered":"<p>Produktinformationen &#8222;H0 \u00dcberdachte Terrasse &#8211; Polyplate Bausatz&#8220; Bausatz. Moderne L-f\u00f6rmige \u00fcberdachte Terrasse aus Polyplate Verbundwerkstoff. Passend zu den Polyplate Kubush\u00e4usern. L 14,0 x B 10,8 x 3,8 cm Schwierigkeitsgrad: 1 (Einsteiger)<\/p>\n","protected":false},"featured_media":9285,"comment_status":"open","ping_status":"closed","template":"","meta":[],"product_brand":[],"product_cat":[214,44,201,210,38],"product_tag":[292,291],"class_list":{"0":"post-9284","1":"product","2":"type-product","3":"status-publish","4":"has-post-thumbnail","6":"product_cat-dorf-vorstadthaeuser-ho","7":"product_cat-kibri","8":"product_cat-kibri-spur-ho","9":"product_cat-stadthaeuser-ho","10":"product_cat-unkategorisiert","11":"product_tag-kein-spielzeug-nicht-geeignet-fuer-kinder-unter-14-jahren","12":"product_tag-warn-und-sicherheitshinweise-modellbauartikel","14":"first","15":"instock","16":"taxable","17":"shipping-taxable","18":"purchasable","19":"product-type-simple"},"jetpack_sharing_enabled":true,"_links":{"self":[{"href":"https:\/\/www.mg-modelleisenbahnbau.de\/startseite-2\/wp-json\/wp\/v2\/product\/9284","targetHints":{"allow":["GET"]}}],"collection":[{"href":"https:\/\/www.mg-modelleisenbahnbau.de\/startseite-2\/wp-json\/wp\/v2\/product"}],"about":[{"href":"https:\/\/www.mg-modelleisenbahnbau.de\/startseite-2\/wp-json\/wp\/v2\/types\/product"}],"replies":[{"embeddable":true,"href":"https:\/\/www.mg-modelleisenbahnbau.de\/startseite-2\/wp-json\/wp\/v2\/comments?post=9284"}],"wp:featuredmedia":[{"embeddable":true,"href":"https:\/\/www.mg-modelleisenbahnbau.de\/startseite-2\/wp-json\/wp\/v2\/media\/9285"}],"wp:attachment":[{"href":"https:\/\/www.mg-modelleisenbahnbau.de\/startseite-2\/wp-json\/wp\/v2\/media?parent=9284"}],"wp:term":[{"taxonomy":"product_brand","embeddable":true,"href":"https:\/\/www.mg-modelleisenbahnbau.de\/startseite-2\/wp-json\/wp\/v2\/product_brand?post=9284"},{"taxonomy":"product_cat","embeddable":true,"href":"https:\/\/www.mg-modelleisenbahnbau.de\/startseite-2\/wp-json\/wp\/v2\/product_cat?post=9284"},{"taxonomy":"product_tag","embeddable":true,"href":"https:\/\/www.mg-modelleisenbahnbau.de\/startseite-2\/wp-json\/wp\/v2\/product_tag?post=9284"}],"curies":[{"name":"wp","href":"https:\/\/api.w.org\/{rel}","templated":true}]}}