{"id":893,"date":"2018-10-15T13:31:55","date_gmt":"2018-10-15T11:31:55","guid":{"rendered":"http:\/\/www.mg-modelleisenbahnbau.de\/?post_type=product&#038;p=893"},"modified":"2025-11-13T10:04:36","modified_gmt":"2025-11-13T09:04:36","slug":"52292-doppel-multiplexer-fuer-2-lichtsignale-mit-multiplex-technologie","status":"publish","type":"product","link":"https:\/\/www.mg-modelleisenbahnbau.de\/startseite-2\/produkt\/52292-doppel-multiplexer-fuer-2-lichtsignale-mit-multiplex-technologie\/","title":{"rendered":"52292 Doppel-Multiplexer f\u00fcr 2 Lichtsignale mit Multiplex-Technologie"},"content":{"rendered":"<p>Produktinformationen &#8222;Doppel-Multiplexer f\u00fcr 2 Lichtsignale mit Multiplex-Technologie&#8220;<br \/>\nDieses Steuermodul mit integriertem Digitaldecoder (MM, DCC) ist geeignet f\u00fcr 2 Viessmann Hauptsignale mit Multiplex-Technologie, z. B. Ks-Signale Art. 4042 \u2013 4046 und Standard-Lichtsignale mit Multiplex-Technologie Art. 4721 \u2013 4728 und ist die ideale Steuerung f\u00fcr die Viessmann Signalbr\u00fccken Art. 4750 und 4755 mit den dazu geh\u00f6renden Signalk\u00f6pfen Art. 4750 \u2013 4753. Das Modul steuert 2 unabh\u00e4ngige Hauptsignale und erkennt die angeschlossenen Signale automatisch. Bilden Haupt- und Vorsignal eine Einheit (Hp\/Vr-Kombinationen), k\u00f6nnen die einzelnen Signalk\u00f6pfe auch mit eigenen Adressen unabh\u00e4ngig voneinander gesteuert werden. Es verf\u00fcgt \u00fcber analoge Eing\u00e4nge f\u00fcr das Tastenstellpult Art. 5547 oder f\u00fcr Gleiskontakte (analog nur Signalbild Hp0\/Hp1). Das Modul erlaubt Blockstreckenbetrieb mit Fahrstrombeeinflussung. Der Viessmann SpeedBus (LSB) erm\u00f6glicht den komfortablen Anschluss an den Viessmann Commander mit automatischer Anmeldung. Das angeschlossene Signal wird erkannt und konfiguriert sich entsprechend. Das Modul hat keinen Signalbus, erm\u00f6glicht jedoch die Steuerung von Vorsignalen durch freie Adressvergabe. Damit &#8222;h\u00f6rt&#8220; das Modul die Befehle an ein folgendes Hauptsignal ab und steuert damit das Vorsignal richtig. Der Signalanschluss erfolgt \u00fcber eine einzige Steckverbindung. Weicher Lichtwechsel zwischen den Signalbildern sowie weitere Eigenschaften sind einstellbar. F\u00fcr eine automatische Zugbeeinflussung ist der Art. 5227 Relais, doppelt, monostabil, 2 x 2UM direkt anschlie\u00dfbar.<\/p>\n","protected":false},"excerpt":{"rendered":"<p>Produktinformationen &#8222;Doppel-Multiplexer f\u00fcr 2 Lichtsignale mit Multiplex-Technologie&#8220; Dieses Steuermodul mit integriertem Digitaldecoder (MM, DCC) ist geeignet f\u00fcr 2 Viessmann Hauptsignale mit Multiplex-Technologie, z. B. Ks-Signale Art. 4042 \u2013 4046 und Standard-Lichtsignale mit Multiplex-Technologie Art. 4721 \u2013 4728 und ist die ideale Steuerung f\u00fcr die Viessmann Signalbr\u00fccken Art. 4750 und 4755 mit den dazu geh\u00f6renden Signalk\u00f6pfen&#8230;<\/p>\n","protected":false},"featured_media":894,"comment_status":"open","ping_status":"closed","template":"","meta":[],"product_brand":[],"product_cat":[151,126,38,37,124],"product_tag":[292,291],"class_list":{"0":"post-893","1":"product","2":"type-product","3":"status-publish","4":"has-post-thumbnail","6":"product_cat-digitaltechnik","7":"product_cat-lichtsignale-h0","8":"product_cat-unkategorisiert","9":"product_cat-viessmann","10":"product_cat-viessmann-spur-h0","11":"product_tag-kein-spielzeug-nicht-geeignet-fuer-kinder-unter-14-jahren","12":"product_tag-warn-und-sicherheitshinweise-modellbauartikel","14":"first","15":"instock","16":"taxable","17":"shipping-taxable","18":"purchasable","19":"product-type-simple"},"jetpack_sharing_enabled":true,"_links":{"self":[{"href":"https:\/\/www.mg-modelleisenbahnbau.de\/startseite-2\/wp-json\/wp\/v2\/product\/893","targetHints":{"allow":["GET"]}}],"collection":[{"href":"https:\/\/www.mg-modelleisenbahnbau.de\/startseite-2\/wp-json\/wp\/v2\/product"}],"about":[{"href":"https:\/\/www.mg-modelleisenbahnbau.de\/startseite-2\/wp-json\/wp\/v2\/types\/product"}],"replies":[{"embeddable":true,"href":"https:\/\/www.mg-modelleisenbahnbau.de\/startseite-2\/wp-json\/wp\/v2\/comments?post=893"}],"wp:featuredmedia":[{"embeddable":true,"href":"https:\/\/www.mg-modelleisenbahnbau.de\/startseite-2\/wp-json\/wp\/v2\/media\/894"}],"wp:attachment":[{"href":"https:\/\/www.mg-modelleisenbahnbau.de\/startseite-2\/wp-json\/wp\/v2\/media?parent=893"}],"wp:term":[{"taxonomy":"product_brand","embeddable":true,"href":"https:\/\/www.mg-modelleisenbahnbau.de\/startseite-2\/wp-json\/wp\/v2\/product_brand?post=893"},{"taxonomy":"product_cat","embeddable":true,"href":"https:\/\/www.mg-modelleisenbahnbau.de\/startseite-2\/wp-json\/wp\/v2\/product_cat?post=893"},{"taxonomy":"product_tag","embeddable":true,"href":"https:\/\/www.mg-modelleisenbahnbau.de\/startseite-2\/wp-json\/wp\/v2\/product_tag?post=893"}],"curies":[{"name":"wp","href":"https:\/\/api.w.org\/{rel}","templated":true}]}}