{"id":891,"date":"2018-10-15T13:29:00","date_gmt":"2018-10-15T11:29:00","guid":{"rendered":"http:\/\/www.mg-modelleisenbahnbau.de\/?post_type=product&#038;p=891"},"modified":"2025-06-29T23:11:22","modified_gmt":"2025-06-29T21:11:22","slug":"5229-multiplexer-fuer-lichtsignale-mit-multiplex-technologie","status":"publish","type":"product","link":"https:\/\/www.mg-modelleisenbahnbau.de\/startseite-2\/produkt\/5229-multiplexer-fuer-lichtsignale-mit-multiplex-technologie\/","title":{"rendered":"5229 Multiplexer f\u00fcr Lichtsignale mit Multiplex- Technologie"},"content":{"rendered":"<p>Produktinformationen &#8222;Multiplexer f\u00fcr Lichtsignale mit Multiplex- Technologie&#8220;<br \/>\nDieses Modul ist mit einem integrierten Digitaldecoder ausgestattet. Der Decoder versteht die Formate M\u00e4rklin-Motorola und NMRA-DCC. Das Modul ist geeignet f\u00fcr ein Haupt- und ein Vorsignal mit Viessmann Multiplex-Technologie, z. B. Ks-Signale Art. 4040 \u2013 4046 und die Standard-Lichtsignale mit Multiplex-Technologie Art. 4720 \u2013 4730. Es verf\u00fcgt \u00fcber den Viessmann Signalbus und den Viessmann SpeedBus und ist ansteuerbar \u00fcber die Tasten-Stellpulte Art. 5545 \u2013 5547, \u00fcber Gleiskontakte und durch digitale Schaltbefehle. Der Viessmann SpeedBus erm\u00f6glicht den komfortablen Anschluss an den Commander mit automatischer Anmeldung. Das Modul ist im gleichen Umfang ausger\u00fcstet und konfigurierbar wie das Steuermodul f\u00fcr Lichtsignale ohne Multiplex-Technologie Art. 5224. Es ist blockstreckenf\u00e4hig und mit dem ansteckbaren Zugbeeinflussungsrelais Art. 5228 kann es die Z\u00fcge automatisch anhalten. Das kann entweder durch Ausschalten des Fahrstroms vor dem Signal erfolgen oder bei Digitalsystemen noch vorbildgerechter durch Umschalten auf das Bremsmodul Art. 5232 (f\u00fcr M\u00e4rklin-Motorola) oder einen Bremsgenerator\/ABC-Bremsung (f\u00fcr NMRA-DCC). Der Signalanschluss erfolgt \u00fcber eine einzige Steckverbindung. Vorbildgerechter weicher Signalbildwechsel. Ausgestattet mit Taster f\u00fcr Adresseinstellung, DIP-Schalter zur Konfiguration und LED zur Statusanzeige.<\/p>\n","protected":false},"excerpt":{"rendered":"<p>Produktinformationen &#8222;Multiplexer f\u00fcr Lichtsignale mit Multiplex- Technologie&#8220; Dieses Modul ist mit einem integrierten Digitaldecoder ausgestattet. Der Decoder versteht die Formate M\u00e4rklin-Motorola und NMRA-DCC. Das Modul ist geeignet f\u00fcr ein Haupt- und ein Vorsignal mit Viessmann Multiplex-Technologie, z. B. Ks-Signale Art. 4040 \u2013 4046 und die Standard-Lichtsignale mit Multiplex-Technologie Art. 4720 \u2013 4730. Es verf\u00fcgt \u00fcber&#8230;<\/p>\n","protected":false},"featured_media":892,"comment_status":"open","ping_status":"closed","template":"","meta":[],"product_brand":[],"product_cat":[151,126,38,37,124],"product_tag":[292,291],"class_list":{"0":"post-891","1":"product","2":"type-product","3":"status-publish","4":"has-post-thumbnail","6":"product_cat-digitaltechnik","7":"product_cat-lichtsignale-h0","8":"product_cat-unkategorisiert","9":"product_cat-viessmann","10":"product_cat-viessmann-spur-h0","11":"product_tag-kein-spielzeug-nicht-geeignet-fuer-kinder-unter-14-jahren","12":"product_tag-warn-und-sicherheitshinweise-modellbauartikel","14":"first","15":"instock","16":"taxable","17":"shipping-taxable","18":"purchasable","19":"product-type-simple"},"jetpack_sharing_enabled":true,"_links":{"self":[{"href":"https:\/\/www.mg-modelleisenbahnbau.de\/startseite-2\/wp-json\/wp\/v2\/product\/891","targetHints":{"allow":["GET"]}}],"collection":[{"href":"https:\/\/www.mg-modelleisenbahnbau.de\/startseite-2\/wp-json\/wp\/v2\/product"}],"about":[{"href":"https:\/\/www.mg-modelleisenbahnbau.de\/startseite-2\/wp-json\/wp\/v2\/types\/product"}],"replies":[{"embeddable":true,"href":"https:\/\/www.mg-modelleisenbahnbau.de\/startseite-2\/wp-json\/wp\/v2\/comments?post=891"}],"wp:featuredmedia":[{"embeddable":true,"href":"https:\/\/www.mg-modelleisenbahnbau.de\/startseite-2\/wp-json\/wp\/v2\/media\/892"}],"wp:attachment":[{"href":"https:\/\/www.mg-modelleisenbahnbau.de\/startseite-2\/wp-json\/wp\/v2\/media?parent=891"}],"wp:term":[{"taxonomy":"product_brand","embeddable":true,"href":"https:\/\/www.mg-modelleisenbahnbau.de\/startseite-2\/wp-json\/wp\/v2\/product_brand?post=891"},{"taxonomy":"product_cat","embeddable":true,"href":"https:\/\/www.mg-modelleisenbahnbau.de\/startseite-2\/wp-json\/wp\/v2\/product_cat?post=891"},{"taxonomy":"product_tag","embeddable":true,"href":"https:\/\/www.mg-modelleisenbahnbau.de\/startseite-2\/wp-json\/wp\/v2\/product_tag?post=891"}],"curies":[{"name":"wp","href":"https:\/\/api.w.org\/{rel}","templated":true}]}}