{"id":8570,"date":"2022-08-13T13:25:10","date_gmt":"2022-08-13T11:25:10","guid":{"rendered":"https:\/\/www.mg-modelleisenbahnbau.de\/?post_type=product&#038;p=8570"},"modified":"2025-11-28T11:48:32","modified_gmt":"2025-11-28T10:48:32","slug":"110","status":"publish","type":"product","link":"https:\/\/www.mg-modelleisenbahnbau.de\/startseite-2\/produkt\/110\/","title":{"rendered":"110 Gleisschotter aus Naturstein Diabas  3 KG Spur 0"},"content":{"rendered":"<p>K\u00f6rnung 0.74 \u2013 1.45 mm im 3 KG Beutel<\/p>\n<p>Bahnschotter aus dem Hartsteinwerk Kitzb\u00fchel wird aus dem DIABAS \u2013 Gestein gebrochen und hat im Lieferzustand eine K\u00f6rnung von 32 bis 63 mm. Er wird seit Jahrzehnten an die Bahnverwaltungen der \u00d6BB und der DB geliefert mit einer j\u00e4hrlichen Abnahmemenge von ca. 150.000 Tonnen.<\/p>\n<p>Als Spielzeug und f\u00fcr Kinder unter 10 Jahren sind sie nicht geeignet !<\/p>\n<h1><span style=\"font-size: 20.0pt;\">Wir empfehlen Heki 3342 <\/span>HEKI Latex<\/h1>\n<h1>Oder Heki 1830 Schotterkleber beides im Shop zu bekommen<\/h1>\n","protected":false},"excerpt":{"rendered":"<p>K\u00f6rnung 0.74 \u2013 1.45 mm im 3 KG Beutel Bahnschotter aus dem Hartsteinwerk Kitzb\u00fchel wird aus dem DIABAS \u2013 Gestein gebrochen und hat im Lieferzustand eine K\u00f6rnung von 32 bis 63 mm. Er wird seit Jahrzehnten an die Bahnverwaltungen der \u00d6BB und der DB geliefert mit einer j\u00e4hrlichen Abnahmemenge von ca. 150.000 Tonnen. Als Spielzeug&#8230;<\/p>\n","protected":false},"featured_media":5980,"comment_status":"open","ping_status":"closed","template":"","meta":[],"product_brand":[],"product_cat":[36,239,38],"product_tag":[292,293,294,291],"class_list":{"0":"post-8570","1":"product","2":"type-product","3":"status-publish","4":"has-post-thumbnail","6":"product_cat-eigene-produkte","7":"product_cat-eigener-schotter","8":"product_cat-unkategorisiert","9":"product_tag-kein-spielzeug-nicht-geeignet-fuer-kinder-unter-14-jahren","10":"product_tag-produktsicherheit-warn-und-sicherheitshinweise-modellbauartikel","11":"product_tag-produktsicherheit-warn-und-sicherheitshinweise-warn-und-sicherheitshinweise-modellbauartikel","12":"product_tag-warn-und-sicherheitshinweise-modellbauartikel","14":"first","15":"instock","16":"taxable","17":"shipping-taxable","18":"purchasable","19":"product-type-simple"},"jetpack_sharing_enabled":true,"_links":{"self":[{"href":"https:\/\/www.mg-modelleisenbahnbau.de\/startseite-2\/wp-json\/wp\/v2\/product\/8570","targetHints":{"allow":["GET"]}}],"collection":[{"href":"https:\/\/www.mg-modelleisenbahnbau.de\/startseite-2\/wp-json\/wp\/v2\/product"}],"about":[{"href":"https:\/\/www.mg-modelleisenbahnbau.de\/startseite-2\/wp-json\/wp\/v2\/types\/product"}],"replies":[{"embeddable":true,"href":"https:\/\/www.mg-modelleisenbahnbau.de\/startseite-2\/wp-json\/wp\/v2\/comments?post=8570"}],"wp:featuredmedia":[{"embeddable":true,"href":"https:\/\/www.mg-modelleisenbahnbau.de\/startseite-2\/wp-json\/wp\/v2\/media\/5980"}],"wp:attachment":[{"href":"https:\/\/www.mg-modelleisenbahnbau.de\/startseite-2\/wp-json\/wp\/v2\/media?parent=8570"}],"wp:term":[{"taxonomy":"product_brand","embeddable":true,"href":"https:\/\/www.mg-modelleisenbahnbau.de\/startseite-2\/wp-json\/wp\/v2\/product_brand?post=8570"},{"taxonomy":"product_cat","embeddable":true,"href":"https:\/\/www.mg-modelleisenbahnbau.de\/startseite-2\/wp-json\/wp\/v2\/product_cat?post=8570"},{"taxonomy":"product_tag","embeddable":true,"href":"https:\/\/www.mg-modelleisenbahnbau.de\/startseite-2\/wp-json\/wp\/v2\/product_tag?post=8570"}],"curies":[{"name":"wp","href":"https:\/\/api.w.org\/{rel}","templated":true}]}}