{"id":8359,"date":"2022-02-12T20:44:42","date_gmt":"2022-02-12T19:44:42","guid":{"rendered":"https:\/\/www.mg-modelleisenbahnbau.de\/?post_type=product&#038;p=8359"},"modified":"2025-11-22T09:59:13","modified_gmt":"2025-11-22T08:59:13","slug":"8400-ladegeraet","status":"publish","type":"product","link":"https:\/\/www.mg-modelleisenbahnbau.de\/startseite-2\/produkt\/8400-ladegeraet\/","title":{"rendered":"8400 Ladeger\u00e4t"},"content":{"rendered":"<div class=\"content--description\">\n<div class=\"content--title\">Produktinformationen &#8222;Ladeger\u00e4t&#8220;<\/div>\n<div class=\"product--description\">Das Ladeger\u00e4t f\u00fcr die Fahrzeuge des Viessmann CarMotion\u2013Systems kann von jedem handels\u00fcblichen USB-Netzteil oder \u00fcber nahezu jedes Ger\u00e4t wie PC, Laptop, Powerbank usw. versorgt werden. Mit dem beiliegenden Kabel kann das Ladeger\u00e4t an eine USB-A-Stromversorgung angeschlossen werden. Der Stecker des Ladeger\u00e4ts wird einfach in die daf\u00fcr vorgesehene Buchse unter dem CarMotion Fahrzeug gesteckt. Ein leerer Akku wird in ca. 35 Minuten aufgeladen, ein teilentleerter Akku entsprechend schneller.\u00a0 Der aktuelle Ladestatus des Fahrzeugs wird w\u00e4hrend des Ladens durch Blinken der Innenbeleuchtung des Fahrzeugs in 4 Stufen signalisiert.<\/div>\n<\/div>\n","protected":false},"excerpt":{"rendered":"<p>Produktinformationen &#8222;Ladeger\u00e4t&#8220; Das Ladeger\u00e4t f\u00fcr die Fahrzeuge des Viessmann CarMotion\u2013Systems kann von jedem handels\u00fcblichen USB-Netzteil oder \u00fcber nahezu jedes Ger\u00e4t wie PC, Laptop, Powerbank usw. versorgt werden. Mit dem beiliegenden Kabel kann das Ladeger\u00e4t an eine USB-A-Stromversorgung angeschlossen werden. Der Stecker des Ladeger\u00e4ts wird einfach in die daf\u00fcr vorgesehene Buchse unter dem CarMotion Fahrzeug gesteckt&#8230;.<\/p>\n","protected":false},"featured_media":8360,"comment_status":"open","ping_status":"closed","template":"","meta":[],"product_brand":[],"product_cat":[272,251,38,37],"product_tag":[292,291],"class_list":{"0":"post-8359","1":"product","2":"type-product","3":"status-publish","4":"has-post-thumbnail","6":"product_cat-h0-carmotion","7":"product_cat-neuheiten-und-vorbestellungen","8":"product_cat-unkategorisiert","9":"product_cat-viessmann","10":"product_tag-kein-spielzeug-nicht-geeignet-fuer-kinder-unter-14-jahren","11":"product_tag-warn-und-sicherheitshinweise-modellbauartikel","13":"first","14":"instock","15":"taxable","16":"shipping-taxable","17":"purchasable","18":"product-type-simple"},"jetpack_sharing_enabled":true,"_links":{"self":[{"href":"https:\/\/www.mg-modelleisenbahnbau.de\/startseite-2\/wp-json\/wp\/v2\/product\/8359","targetHints":{"allow":["GET"]}}],"collection":[{"href":"https:\/\/www.mg-modelleisenbahnbau.de\/startseite-2\/wp-json\/wp\/v2\/product"}],"about":[{"href":"https:\/\/www.mg-modelleisenbahnbau.de\/startseite-2\/wp-json\/wp\/v2\/types\/product"}],"replies":[{"embeddable":true,"href":"https:\/\/www.mg-modelleisenbahnbau.de\/startseite-2\/wp-json\/wp\/v2\/comments?post=8359"}],"wp:featuredmedia":[{"embeddable":true,"href":"https:\/\/www.mg-modelleisenbahnbau.de\/startseite-2\/wp-json\/wp\/v2\/media\/8360"}],"wp:attachment":[{"href":"https:\/\/www.mg-modelleisenbahnbau.de\/startseite-2\/wp-json\/wp\/v2\/media?parent=8359"}],"wp:term":[{"taxonomy":"product_brand","embeddable":true,"href":"https:\/\/www.mg-modelleisenbahnbau.de\/startseite-2\/wp-json\/wp\/v2\/product_brand?post=8359"},{"taxonomy":"product_cat","embeddable":true,"href":"https:\/\/www.mg-modelleisenbahnbau.de\/startseite-2\/wp-json\/wp\/v2\/product_cat?post=8359"},{"taxonomy":"product_tag","embeddable":true,"href":"https:\/\/www.mg-modelleisenbahnbau.de\/startseite-2\/wp-json\/wp\/v2\/product_tag?post=8359"}],"curies":[{"name":"wp","href":"https:\/\/api.w.org\/{rel}","templated":true}]}}