{"id":8301,"date":"2022-02-10T16:01:24","date_gmt":"2022-02-10T15:01:24","guid":{"rendered":"https:\/\/www.mg-modelleisenbahnbau.de\/?post_type=product&#038;p=8301"},"modified":"2025-06-29T22:14:45","modified_gmt":"2025-06-29T20:14:45","slug":"5017-h0-stromfuehrende-magnetkupplungen-2-polig-3-paar","status":"publish","type":"product","link":"https:\/\/www.mg-modelleisenbahnbau.de\/startseite-2\/produkt\/5017-h0-stromfuehrende-magnetkupplungen-2-polig-3-paar\/","title":{"rendered":"5017 H0 Stromf\u00fchrende Magnetkupplungen, 2-polig, 3 Paar"},"content":{"rendered":"<div class=\"content--description\">\n<div class=\"content--title\">Produktinformationen &#8222;H0 Stromf\u00fchrende Magnetkupplungen, 2-polig, 3 Paar&#8220;<\/div>\n<div class=\"product--description\">Mit diesen Kupplungen k\u00f6nnen Sie auf einfachste Weise den Strom f\u00fcr die Innenbeleuchtung Ihrer Waggons durch den ganzen Zug f\u00fchren. Sie werden komplett mit 2 Anschlusskabeln geliefert und k\u00f6nnen in einen vorhandenen NEM 362-Schacht eingesteckt werden. Die Kupplungen sind kontaktsicher und nicht automatisch entkuppelbar. Trotzdem sind sie sehr leicht zu trennen und zu kuppeln. Aufgrund der d\u00fcnnen Kabel (0,6 mm) ist ein sehr einfacher Einbau m\u00f6glich. Strohmaufnahme: max. 750 mA.<br \/>\nInhalt: 3 Paar mit je 3 Adaptern (S: Norm, M: +0,3 mm und L: +0,6 mm).<\/div>\n<\/div>\n<div>\n<p>Auslieferung laut Hersteller<\/p>\n<\/div>\n","protected":false},"excerpt":{"rendered":"<p>Produktinformationen &#8222;H0 Stromf\u00fchrende Magnetkupplungen, 2-polig, 3 Paar&#8220; Mit diesen Kupplungen k\u00f6nnen Sie auf einfachste Weise den Strom f\u00fcr die Innenbeleuchtung Ihrer Waggons durch den ganzen Zug f\u00fchren. Sie werden komplett mit 2 Anschlusskabeln geliefert und k\u00f6nnen in einen vorhandenen NEM 362-Schacht eingesteckt werden. Die Kupplungen sind kontaktsicher und nicht automatisch entkuppelbar. Trotzdem sind sie sehr&#8230;<\/p>\n","protected":false},"featured_media":8302,"comment_status":"open","ping_status":"closed","template":"","meta":[],"product_brand":[],"product_cat":[251,128,38,37],"product_tag":[292,291],"class_list":{"0":"post-8301","1":"product","2":"type-product","3":"status-publish","4":"has-post-thumbnail","6":"product_cat-neuheiten-und-vorbestellungen","7":"product_cat-railmotion-h0","8":"product_cat-unkategorisiert","9":"product_cat-viessmann","10":"product_tag-kein-spielzeug-nicht-geeignet-fuer-kinder-unter-14-jahren","11":"product_tag-warn-und-sicherheitshinweise-modellbauartikel","13":"first","14":"instock","15":"taxable","16":"shipping-taxable","17":"purchasable","18":"product-type-simple"},"jetpack_sharing_enabled":true,"_links":{"self":[{"href":"https:\/\/www.mg-modelleisenbahnbau.de\/startseite-2\/wp-json\/wp\/v2\/product\/8301","targetHints":{"allow":["GET"]}}],"collection":[{"href":"https:\/\/www.mg-modelleisenbahnbau.de\/startseite-2\/wp-json\/wp\/v2\/product"}],"about":[{"href":"https:\/\/www.mg-modelleisenbahnbau.de\/startseite-2\/wp-json\/wp\/v2\/types\/product"}],"replies":[{"embeddable":true,"href":"https:\/\/www.mg-modelleisenbahnbau.de\/startseite-2\/wp-json\/wp\/v2\/comments?post=8301"}],"wp:featuredmedia":[{"embeddable":true,"href":"https:\/\/www.mg-modelleisenbahnbau.de\/startseite-2\/wp-json\/wp\/v2\/media\/8302"}],"wp:attachment":[{"href":"https:\/\/www.mg-modelleisenbahnbau.de\/startseite-2\/wp-json\/wp\/v2\/media?parent=8301"}],"wp:term":[{"taxonomy":"product_brand","embeddable":true,"href":"https:\/\/www.mg-modelleisenbahnbau.de\/startseite-2\/wp-json\/wp\/v2\/product_brand?post=8301"},{"taxonomy":"product_cat","embeddable":true,"href":"https:\/\/www.mg-modelleisenbahnbau.de\/startseite-2\/wp-json\/wp\/v2\/product_cat?post=8301"},{"taxonomy":"product_tag","embeddable":true,"href":"https:\/\/www.mg-modelleisenbahnbau.de\/startseite-2\/wp-json\/wp\/v2\/product_tag?post=8301"}],"curies":[{"name":"wp","href":"https:\/\/api.w.org\/{rel}","templated":true}]}}