{"id":8187,"date":"2022-02-02T18:25:39","date_gmt":"2022-02-02T17:25:39","guid":{"rendered":"https:\/\/www.mg-modelleisenbahnbau.de\/?post_type=product&#038;p=8187"},"modified":"2025-11-15T14:00:42","modified_gmt":"2025-11-15T13:00:42","slug":"81002115-der-begraser-bflock-50-set-2-4mm","status":"publish","type":"product","link":"https:\/\/www.mg-modelleisenbahnbau.de\/startseite-2\/produkt\/81002115-der-begraser-bflock-50-set-2-4mm\/","title":{"rendered":"81002115 Elektrostatisches Beflockungsger\u00e4t bFlock 50 set 2-4-7 mm"},"content":{"rendered":"<p><span lang=\"de\" xml:lang=\"de\">Der bFlock 50 von Microrama ist eine hochwertiges und mit vielen Ausbaum\u00f6glichkeiten ausgestattetes Beflockungsger\u00e4t f\u00fcr den Landschaftsbau. Das Ger\u00e4t verf\u00fcgt \u00fcber viele Ausbaum\u00f6glichkeiten. Durch die einstellbaren Leistungsst\u00e4rken kann der Modellbauer seine Arbeit an die verschiedenen Situationen anpassen. Der bFlock 50 ist ein sicheres und ergonomisches Beflockungsger\u00e4t, das f\u00fcr Anf\u00e4nger und auch f\u00fcr Profis geeignet ist. Das ist der Leistungsst\u00e4rkste Beflockungsger\u00e4t f\u00fcr das Modellbau. mit Seid<\/span>set 2-4-7 mm<\/p>\n","protected":false},"excerpt":{"rendered":"<p>Der bFlock 50 von Microrama ist eine hochwertiges und mit vielen Ausbaum\u00f6glichkeiten ausgestattetes Beflockungsger\u00e4t f\u00fcr den Landschaftsbau. Das Ger\u00e4t verf\u00fcgt \u00fcber viele Ausbaum\u00f6glichkeiten. Durch die einstellbaren Leistungsst\u00e4rken kann der Modellbauer seine Arbeit an die verschiedenen Situationen anpassen. Der bFlock 50 ist ein sicheres und ergonomisches Beflockungsger\u00e4t, das f\u00fcr Anf\u00e4nger und auch f\u00fcr Profis geeignet ist&#8230;.<\/p>\n","protected":false},"featured_media":6420,"comment_status":"open","ping_status":"closed","template":"","meta":[],"product_brand":[],"product_cat":[242,248,45,38],"product_tag":[292,291],"class_list":{"0":"post-8187","1":"product","2":"type-product","3":"status-publish","4":"has-post-thumbnail","6":"product_cat-begrasungsgeraet-bflock-50","7":"product_cat-begrasungsgeraete-und-zubehoer","8":"product_cat-microrama-miniature","9":"product_cat-unkategorisiert","10":"product_tag-kein-spielzeug-nicht-geeignet-fuer-kinder-unter-14-jahren","11":"product_tag-warn-und-sicherheitshinweise-modellbauartikel","13":"first","14":"outofstock","15":"taxable","16":"shipping-taxable","17":"purchasable","18":"product-type-simple"},"jetpack_sharing_enabled":true,"_links":{"self":[{"href":"https:\/\/www.mg-modelleisenbahnbau.de\/startseite-2\/wp-json\/wp\/v2\/product\/8187","targetHints":{"allow":["GET"]}}],"collection":[{"href":"https:\/\/www.mg-modelleisenbahnbau.de\/startseite-2\/wp-json\/wp\/v2\/product"}],"about":[{"href":"https:\/\/www.mg-modelleisenbahnbau.de\/startseite-2\/wp-json\/wp\/v2\/types\/product"}],"replies":[{"embeddable":true,"href":"https:\/\/www.mg-modelleisenbahnbau.de\/startseite-2\/wp-json\/wp\/v2\/comments?post=8187"}],"wp:featuredmedia":[{"embeddable":true,"href":"https:\/\/www.mg-modelleisenbahnbau.de\/startseite-2\/wp-json\/wp\/v2\/media\/6420"}],"wp:attachment":[{"href":"https:\/\/www.mg-modelleisenbahnbau.de\/startseite-2\/wp-json\/wp\/v2\/media?parent=8187"}],"wp:term":[{"taxonomy":"product_brand","embeddable":true,"href":"https:\/\/www.mg-modelleisenbahnbau.de\/startseite-2\/wp-json\/wp\/v2\/product_brand?post=8187"},{"taxonomy":"product_cat","embeddable":true,"href":"https:\/\/www.mg-modelleisenbahnbau.de\/startseite-2\/wp-json\/wp\/v2\/product_cat?post=8187"},{"taxonomy":"product_tag","embeddable":true,"href":"https:\/\/www.mg-modelleisenbahnbau.de\/startseite-2\/wp-json\/wp\/v2\/product_tag?post=8187"}],"curies":[{"name":"wp","href":"https:\/\/api.w.org\/{rel}","templated":true}]}}