{"id":7760,"date":"2021-09-08T21:00:35","date_gmt":"2021-09-08T19:00:35","guid":{"rendered":"https:\/\/www.mg-modelleisenbahnbau.de\/?post_type=product&#038;p=7760"},"modified":"2025-03-06T16:43:21","modified_gmt":"2025-03-06T15:43:21","slug":"maerklin-24712-c-gleis-schlanke-weiche-rechts-r11146-mm-1-stueck","status":"publish","type":"product","link":"https:\/\/www.mg-modelleisenbahnbau.de\/startseite-2\/produkt\/maerklin-24712-c-gleis-schlanke-weiche-rechts-r11146-mm-1-stueck\/","title":{"rendered":"M\u00e4rklin 24712 C-Gleis schlanke Weiche rechts, r1114,6 mm &#8211; 1 St\u00fcck"},"content":{"rendered":"<div>L\u00e4nge 236,1 mm. Zweiggleisradius 1114,6 mm. Weichenbogen 12,1\u00b0. Herzst\u00fcck 10\u00b0 aus Metall.<\/div>\n<div>Am Ende der Weiche werden 2 Gleise 24071 ben\u00f6tigt, ein passendes B\u00f6schungsteil liegt bei.<\/div>\n<div>Mit Handschalthebel. Elektroantrieb 74490, Weichenlaterne 74470 und Digital-Decoder 74460 nachr\u00fcstbar.<\/div>\n","protected":false},"excerpt":{"rendered":"<p>L\u00e4nge 236,1 mm. Zweiggleisradius 1114,6 mm. Weichenbogen 12,1\u00b0. Herzst\u00fcck 10\u00b0 aus Metall. Am Ende der Weiche werden 2 Gleise 24071 ben\u00f6tigt, ein passendes B\u00f6schungsteil liegt bei. Mit Handschalthebel. Elektroantrieb 74490, Weichenlaterne 74470 und Digital-Decoder 74460 nachr\u00fcstbar.<\/p>\n","protected":false},"featured_media":7761,"comment_status":"open","ping_status":"closed","template":"","meta":[],"product_brand":[],"product_cat":[46,38],"product_tag":[292,291],"class_list":{"0":"post-7760","1":"product","2":"type-product","3":"status-publish","4":"has-post-thumbnail","6":"product_cat-maerklin","7":"product_cat-unkategorisiert","8":"product_tag-kein-spielzeug-nicht-geeignet-fuer-kinder-unter-14-jahren","9":"product_tag-warn-und-sicherheitshinweise-modellbauartikel","11":"first","12":"instock","13":"taxable","14":"shipping-taxable","15":"purchasable","16":"product-type-simple"},"jetpack_sharing_enabled":true,"_links":{"self":[{"href":"https:\/\/www.mg-modelleisenbahnbau.de\/startseite-2\/wp-json\/wp\/v2\/product\/7760","targetHints":{"allow":["GET"]}}],"collection":[{"href":"https:\/\/www.mg-modelleisenbahnbau.de\/startseite-2\/wp-json\/wp\/v2\/product"}],"about":[{"href":"https:\/\/www.mg-modelleisenbahnbau.de\/startseite-2\/wp-json\/wp\/v2\/types\/product"}],"replies":[{"embeddable":true,"href":"https:\/\/www.mg-modelleisenbahnbau.de\/startseite-2\/wp-json\/wp\/v2\/comments?post=7760"}],"wp:featuredmedia":[{"embeddable":true,"href":"https:\/\/www.mg-modelleisenbahnbau.de\/startseite-2\/wp-json\/wp\/v2\/media\/7761"}],"wp:attachment":[{"href":"https:\/\/www.mg-modelleisenbahnbau.de\/startseite-2\/wp-json\/wp\/v2\/media?parent=7760"}],"wp:term":[{"taxonomy":"product_brand","embeddable":true,"href":"https:\/\/www.mg-modelleisenbahnbau.de\/startseite-2\/wp-json\/wp\/v2\/product_brand?post=7760"},{"taxonomy":"product_cat","embeddable":true,"href":"https:\/\/www.mg-modelleisenbahnbau.de\/startseite-2\/wp-json\/wp\/v2\/product_cat?post=7760"},{"taxonomy":"product_tag","embeddable":true,"href":"https:\/\/www.mg-modelleisenbahnbau.de\/startseite-2\/wp-json\/wp\/v2\/product_tag?post=7760"}],"curies":[{"name":"wp","href":"https:\/\/api.w.org\/{rel}","templated":true}]}}