{"id":7751,"date":"2021-09-08T19:36:54","date_gmt":"2021-09-08T17:36:54","guid":{"rendered":"https:\/\/www.mg-modelleisenbahnbau.de\/?post_type=product&#038;p=7751"},"modified":"2025-03-06T16:43:22","modified_gmt":"2025-03-06T15:43:22","slug":"maerklin-24771-schlanke-bogenweiche-links-1-stueck","status":"publish","type":"product","link":"https:\/\/www.mg-modelleisenbahnbau.de\/startseite-2\/produkt\/maerklin-24771-schlanke-bogenweiche-links-1-stueck\/","title":{"rendered":"M\u00e4rklin 24771 schlanke Bogenweiche links &#8211; 1 St\u00fcck"},"content":{"rendered":"<div>\n<p>Innenbogen:\u00a0R3 = 515 mm \/ 30\u00b0. Au\u00dfenbogen: 30\u00b0 im Parallelkreisabstand 64 mm.<\/p>\n<p>Mit Handschalthebel. Im Innenbogen der Weiche werden 2 Gleise 24315 ben\u00f6tigt, ein passendes B\u00f6schungsteil liegt bei.<\/p>\n<p>Elektroantrieb 74491, Digital-Decoder 74461 und Weichenlaternen 74470 nachr\u00fcstbar.<\/p>\n<p>oder Viessmann Elektroantrieb 4568, Digital-Decoder<\/p>\n<\/div>\n","protected":false},"excerpt":{"rendered":"<p>Innenbogen:\u00a0R3 = 515 mm \/ 30\u00b0. Au\u00dfenbogen: 30\u00b0 im Parallelkreisabstand 64 mm. Mit Handschalthebel. Im Innenbogen der Weiche werden 2 Gleise 24315 ben\u00f6tigt, ein passendes B\u00f6schungsteil liegt bei. Elektroantrieb 74491, Digital-Decoder 74461 und Weichenlaternen 74470 nachr\u00fcstbar. oder Viessmann Elektroantrieb 4568, Digital-Decoder<\/p>\n","protected":false},"featured_media":7758,"comment_status":"open","ping_status":"closed","template":"","meta":[],"product_brand":[],"product_cat":[46,38],"product_tag":[292,291],"class_list":{"0":"post-7751","1":"product","2":"type-product","3":"status-publish","4":"has-post-thumbnail","6":"product_cat-maerklin","7":"product_cat-unkategorisiert","8":"product_tag-kein-spielzeug-nicht-geeignet-fuer-kinder-unter-14-jahren","9":"product_tag-warn-und-sicherheitshinweise-modellbauartikel","11":"first","12":"instock","13":"taxable","14":"shipping-taxable","15":"purchasable","16":"product-type-simple"},"jetpack_sharing_enabled":true,"_links":{"self":[{"href":"https:\/\/www.mg-modelleisenbahnbau.de\/startseite-2\/wp-json\/wp\/v2\/product\/7751","targetHints":{"allow":["GET"]}}],"collection":[{"href":"https:\/\/www.mg-modelleisenbahnbau.de\/startseite-2\/wp-json\/wp\/v2\/product"}],"about":[{"href":"https:\/\/www.mg-modelleisenbahnbau.de\/startseite-2\/wp-json\/wp\/v2\/types\/product"}],"replies":[{"embeddable":true,"href":"https:\/\/www.mg-modelleisenbahnbau.de\/startseite-2\/wp-json\/wp\/v2\/comments?post=7751"}],"wp:featuredmedia":[{"embeddable":true,"href":"https:\/\/www.mg-modelleisenbahnbau.de\/startseite-2\/wp-json\/wp\/v2\/media\/7758"}],"wp:attachment":[{"href":"https:\/\/www.mg-modelleisenbahnbau.de\/startseite-2\/wp-json\/wp\/v2\/media?parent=7751"}],"wp:term":[{"taxonomy":"product_brand","embeddable":true,"href":"https:\/\/www.mg-modelleisenbahnbau.de\/startseite-2\/wp-json\/wp\/v2\/product_brand?post=7751"},{"taxonomy":"product_cat","embeddable":true,"href":"https:\/\/www.mg-modelleisenbahnbau.de\/startseite-2\/wp-json\/wp\/v2\/product_cat?post=7751"},{"taxonomy":"product_tag","embeddable":true,"href":"https:\/\/www.mg-modelleisenbahnbau.de\/startseite-2\/wp-json\/wp\/v2\/product_tag?post=7751"}],"curies":[{"name":"wp","href":"https:\/\/api.w.org\/{rel}","templated":true}]}}