{"id":7582,"date":"2021-06-29T19:18:33","date_gmt":"2021-06-29T17:18:33","guid":{"rendered":"https:\/\/www.mg-modelleisenbahnbau.de\/?post_type=product&#038;p=7582"},"modified":"2025-06-30T17:45:01","modified_gmt":"2025-06-30T15:45:01","slug":"39845-h0-foerderturm-mit-maschinenhaus-inkl-antrieb-ersetzt-49845","status":"publish","type":"product","link":"https:\/\/www.mg-modelleisenbahnbau.de\/startseite-2\/produkt\/39845-h0-foerderturm-mit-maschinenhaus-inkl-antrieb-ersetzt-49845\/","title":{"rendered":"39845 H0 F\u00f6rderturm mit Maschinenhaus inkl. Antrieb &#8211; ersetzt 49845"},"content":{"rendered":"<p>Produktinformationen &#8222;H0 F\u00f6rderturm mit Maschinenhaus inkl. Antrieb &#8211; ersetzt 49845&#8220;<br \/>\nFunktionsbausatz. Durch den beiliegenden Antriebssatz bewegen sich die Seilscheiben im F\u00f6rderturm absolut originalgetreu. Der F\u00f6rderturm erg\u00e4nzt das Verwaltungsgeb\u00e4ude Art. 39848 und den Verwaltungsturm Art. 39847 zur Zeche Herbede.<br \/>\nL 30,0 x B 12,0 x H 37,0 cm<br \/>\nSchwierigkeitsgrad: 3 (Profis)<\/p>\n","protected":false},"excerpt":{"rendered":"<p>Produktinformationen &#8222;H0 F\u00f6rderturm mit Maschinenhaus inkl. Antrieb &#8211; ersetzt 49845&#8220; Funktionsbausatz. Durch den beiliegenden Antriebssatz bewegen sich die Seilscheiben im F\u00f6rderturm absolut originalgetreu. Der F\u00f6rderturm erg\u00e4nzt das Verwaltungsgeb\u00e4ude Art. 39848 und den Verwaltungsturm Art. 39847 zur Zeche Herbede. L 30,0 x B 12,0 x H 37,0 cm Schwierigkeitsgrad: 3 (Profis)<\/p>\n","protected":false},"featured_media":7583,"comment_status":"open","ping_status":"closed","template":"","meta":[],"product_brand":[],"product_cat":[208,44,38],"product_tag":[292,291],"class_list":{"0":"post-7582","1":"product","2":"type-product","3":"status-publish","4":"has-post-thumbnail","6":"product_cat-industrie-gewerbe-hallen","7":"product_cat-kibri","8":"product_cat-unkategorisiert","9":"product_tag-kein-spielzeug-nicht-geeignet-fuer-kinder-unter-14-jahren","10":"product_tag-warn-und-sicherheitshinweise-modellbauartikel","12":"first","13":"instock","14":"taxable","15":"shipping-taxable","16":"purchasable","17":"product-type-simple"},"jetpack_sharing_enabled":true,"_links":{"self":[{"href":"https:\/\/www.mg-modelleisenbahnbau.de\/startseite-2\/wp-json\/wp\/v2\/product\/7582","targetHints":{"allow":["GET"]}}],"collection":[{"href":"https:\/\/www.mg-modelleisenbahnbau.de\/startseite-2\/wp-json\/wp\/v2\/product"}],"about":[{"href":"https:\/\/www.mg-modelleisenbahnbau.de\/startseite-2\/wp-json\/wp\/v2\/types\/product"}],"replies":[{"embeddable":true,"href":"https:\/\/www.mg-modelleisenbahnbau.de\/startseite-2\/wp-json\/wp\/v2\/comments?post=7582"}],"wp:featuredmedia":[{"embeddable":true,"href":"https:\/\/www.mg-modelleisenbahnbau.de\/startseite-2\/wp-json\/wp\/v2\/media\/7583"}],"wp:attachment":[{"href":"https:\/\/www.mg-modelleisenbahnbau.de\/startseite-2\/wp-json\/wp\/v2\/media?parent=7582"}],"wp:term":[{"taxonomy":"product_brand","embeddable":true,"href":"https:\/\/www.mg-modelleisenbahnbau.de\/startseite-2\/wp-json\/wp\/v2\/product_brand?post=7582"},{"taxonomy":"product_cat","embeddable":true,"href":"https:\/\/www.mg-modelleisenbahnbau.de\/startseite-2\/wp-json\/wp\/v2\/product_cat?post=7582"},{"taxonomy":"product_tag","embeddable":true,"href":"https:\/\/www.mg-modelleisenbahnbau.de\/startseite-2\/wp-json\/wp\/v2\/product_tag?post=7582"}],"curies":[{"name":"wp","href":"https:\/\/api.w.org\/{rel}","templated":true}]}}