{"id":746,"date":"2018-10-14T22:06:46","date_gmt":"2018-10-14T20:06:46","guid":{"rendered":"http:\/\/www.mg-modelleisenbahnbau.de\/?post_type=product&#038;p=746"},"modified":"2025-06-29T23:11:23","modified_gmt":"2025-06-29T21:11:23","slug":"5231-h0-einzelweichendecoder-fuer-c-gleis","status":"publish","type":"product","link":"https:\/\/www.mg-modelleisenbahnbau.de\/startseite-2\/produkt\/5231-h0-einzelweichendecoder-fuer-c-gleis\/","title":{"rendered":"5231 H0 Einzelweichendecoder f\u00fcr C-Gleis"},"content":{"rendered":"<p>Produktinformationen &#8222;H0 Einzelweichendecoder f\u00fcr C-Gleis&#8220;<br \/>\nDigitaler Weichendecoder f\u00fcr eine Weiche, passend zum Einbau in M\u00e4rklin C-Gleis-Weichen. Eine separate Schaltspannungseinspeisung ist m\u00f6glich! Dies gew\u00e4hrleistet auch bei vielen gleichzeitig fahrenden Z\u00fcgen ein sicheres Schalten der Weichen. Der Decoder versteht sowohl DCC als auch das M\u00e4rklin-Motorola-Format. Die Bedienung des Decoders ist auch \u00fcber Lokadressen m\u00f6glich, somit ist er mit Fahrger\u00e4ten verwendbar, die keine Schaltdecoder adressieren k\u00f6nnen (z. B. fr\u00fche Mobile Station und Roco Lokm\u00e4use).<\/p>\n","protected":false},"excerpt":{"rendered":"<p>Produktinformationen &#8222;H0 Einzelweichendecoder f\u00fcr C-Gleis&#8220; Digitaler Weichendecoder f\u00fcr eine Weiche, passend zum Einbau in M\u00e4rklin C-Gleis-Weichen. Eine separate Schaltspannungseinspeisung ist m\u00f6glich! Dies gew\u00e4hrleistet auch bei vielen gleichzeitig fahrenden Z\u00fcgen ein sicheres Schalten der Weichen. Der Decoder versteht sowohl DCC als auch das M\u00e4rklin-Motorola-Format. Die Bedienung des Decoders ist auch \u00fcber Lokadressen m\u00f6glich, somit ist er&#8230;<\/p>\n","protected":false},"featured_media":747,"comment_status":"open","ping_status":"closed","template":"","meta":[],"product_brand":[],"product_cat":[151,38,37,148],"product_tag":[292,291],"class_list":{"0":"post-746","1":"product","2":"type-product","3":"status-publish","4":"has-post-thumbnail","6":"product_cat-digitaltechnik","7":"product_cat-unkategorisiert","8":"product_cat-viessmann","9":"product_cat-viessmann-elektronik","10":"product_tag-kein-spielzeug-nicht-geeignet-fuer-kinder-unter-14-jahren","11":"product_tag-warn-und-sicherheitshinweise-modellbauartikel","13":"first","14":"instock","15":"taxable","16":"shipping-taxable","17":"purchasable","18":"product-type-simple"},"jetpack_sharing_enabled":true,"_links":{"self":[{"href":"https:\/\/www.mg-modelleisenbahnbau.de\/startseite-2\/wp-json\/wp\/v2\/product\/746","targetHints":{"allow":["GET"]}}],"collection":[{"href":"https:\/\/www.mg-modelleisenbahnbau.de\/startseite-2\/wp-json\/wp\/v2\/product"}],"about":[{"href":"https:\/\/www.mg-modelleisenbahnbau.de\/startseite-2\/wp-json\/wp\/v2\/types\/product"}],"replies":[{"embeddable":true,"href":"https:\/\/www.mg-modelleisenbahnbau.de\/startseite-2\/wp-json\/wp\/v2\/comments?post=746"}],"wp:featuredmedia":[{"embeddable":true,"href":"https:\/\/www.mg-modelleisenbahnbau.de\/startseite-2\/wp-json\/wp\/v2\/media\/747"}],"wp:attachment":[{"href":"https:\/\/www.mg-modelleisenbahnbau.de\/startseite-2\/wp-json\/wp\/v2\/media?parent=746"}],"wp:term":[{"taxonomy":"product_brand","embeddable":true,"href":"https:\/\/www.mg-modelleisenbahnbau.de\/startseite-2\/wp-json\/wp\/v2\/product_brand?post=746"},{"taxonomy":"product_cat","embeddable":true,"href":"https:\/\/www.mg-modelleisenbahnbau.de\/startseite-2\/wp-json\/wp\/v2\/product_cat?post=746"},{"taxonomy":"product_tag","embeddable":true,"href":"https:\/\/www.mg-modelleisenbahnbau.de\/startseite-2\/wp-json\/wp\/v2\/product_tag?post=746"}],"curies":[{"name":"wp","href":"https:\/\/api.w.org\/{rel}","templated":true}]}}