{"id":6293,"date":"2020-07-08T15:22:03","date_gmt":"2020-07-08T13:22:03","guid":{"rendered":"http:\/\/www.mg-modelleisenbahnbau.de\/?post_type=product&#038;p=6293"},"modified":"2025-07-01T07:57:04","modified_gmt":"2025-07-01T05:57:04","slug":"45723-h0-kieswerk-mit-angetriebenen-verschlussklappen","status":"publish","type":"product","link":"https:\/\/www.mg-modelleisenbahnbau.de\/startseite-2\/produkt\/45723-h0-kieswerk-mit-angetriebenen-verschlussklappen\/","title":{"rendered":"45723 H0 Kieswerk mit angetriebenen Verschlussklappen"},"content":{"rendered":"<div class=\"content--description\">\n<div class=\"content--title\">Produktinformationen &#8222;H0 Kieswerk mit angetriebenen Verschlussklappen&#8220;<\/div>\n<div class=\"product--description\">Funktionsbausatz. An diesem alten Kieswerk kann der Kies \u00fcber eine \u00d6ffnung im Dach ins Innere bef\u00f6rdert werden. Durch elektromagnetische Bet\u00e4tigung der Verschlussklappen gelangt der Kies \u00fcber Laderutschen in die zum Abtransport bereitstehenden G\u00fcterwagen. Ma\u00dfe: L 28,5 x B 13 x H 17 cm.<\/div>\n<\/div>\n","protected":false},"excerpt":{"rendered":"<p>Produktinformationen &#8222;H0 Kieswerk mit angetriebenen Verschlussklappen&#8220; Funktionsbausatz. An diesem alten Kieswerk kann der Kies \u00fcber eine \u00d6ffnung im Dach ins Innere bef\u00f6rdert werden. Durch elektromagnetische Bet\u00e4tigung der Verschlussklappen gelangt der Kies \u00fcber Laderutschen in die zum Abtransport bereitstehenden G\u00fcterwagen. Ma\u00dfe: L 28,5 x B 13 x H 17 cm.<\/p>\n","protected":false},"featured_media":6294,"comment_status":"open","ping_status":"closed","template":"","meta":[],"product_brand":[],"product_cat":[168,170,38,41,160],"product_tag":[292,291],"class_list":{"0":"post-6293","1":"product","2":"type-product","3":"status-publish","4":"has-post-thumbnail","6":"product_cat-bahnbestriebswerke-ho","7":"product_cat-industrie-fabrikanlagen-ho","8":"product_cat-unkategorisiert","9":"product_cat-vollmer","10":"product_cat-vollmer-ho","11":"product_tag-kein-spielzeug-nicht-geeignet-fuer-kinder-unter-14-jahren","12":"product_tag-warn-und-sicherheitshinweise-modellbauartikel","14":"first","15":"instock","16":"taxable","17":"shipping-taxable","18":"purchasable","19":"product-type-simple"},"jetpack_sharing_enabled":true,"_links":{"self":[{"href":"https:\/\/www.mg-modelleisenbahnbau.de\/startseite-2\/wp-json\/wp\/v2\/product\/6293","targetHints":{"allow":["GET"]}}],"collection":[{"href":"https:\/\/www.mg-modelleisenbahnbau.de\/startseite-2\/wp-json\/wp\/v2\/product"}],"about":[{"href":"https:\/\/www.mg-modelleisenbahnbau.de\/startseite-2\/wp-json\/wp\/v2\/types\/product"}],"replies":[{"embeddable":true,"href":"https:\/\/www.mg-modelleisenbahnbau.de\/startseite-2\/wp-json\/wp\/v2\/comments?post=6293"}],"wp:featuredmedia":[{"embeddable":true,"href":"https:\/\/www.mg-modelleisenbahnbau.de\/startseite-2\/wp-json\/wp\/v2\/media\/6294"}],"wp:attachment":[{"href":"https:\/\/www.mg-modelleisenbahnbau.de\/startseite-2\/wp-json\/wp\/v2\/media?parent=6293"}],"wp:term":[{"taxonomy":"product_brand","embeddable":true,"href":"https:\/\/www.mg-modelleisenbahnbau.de\/startseite-2\/wp-json\/wp\/v2\/product_brand?post=6293"},{"taxonomy":"product_cat","embeddable":true,"href":"https:\/\/www.mg-modelleisenbahnbau.de\/startseite-2\/wp-json\/wp\/v2\/product_cat?post=6293"},{"taxonomy":"product_tag","embeddable":true,"href":"https:\/\/www.mg-modelleisenbahnbau.de\/startseite-2\/wp-json\/wp\/v2\/product_tag?post=6293"}],"curies":[{"name":"wp","href":"https:\/\/api.w.org\/{rel}","templated":true}]}}