{"id":6169,"date":"2020-06-27T17:47:56","date_gmt":"2020-06-27T15:47:56","guid":{"rendered":"http:\/\/www.mg-modelleisenbahnbau.de\/?post_type=product&#038;p=6169"},"modified":"2025-06-29T23:30:42","modified_gmt":"2025-06-29T21:30:42","slug":"5801-n-andreaskreuze-2-stueck-mit-blinkelektronik","status":"publish","type":"product","link":"https:\/\/www.mg-modelleisenbahnbau.de\/startseite-2\/produkt\/5801-n-andreaskreuze-2-stueck-mit-blinkelektronik\/","title":{"rendered":"5801 N Andreaskreuze, 2 St\u00fcck mit Blinkelektronik"},"content":{"rendered":"<div class=\"content--description\">\n<div class=\"content--title\">Produktinformationen &#8222;N Andreaskreuze, 2 St\u00fcck mit Blinkelektronik&#8220;<\/div>\n<div class=\"product--description\">Dieses Set besteht aus 2 Andreaskreuzen und einer Blinkelektronik Art. 5065. Wartungsfrei dank LED-Beleuchtung. F\u00fcr einen automatischen Betrieb sind zus\u00e4tzlich das elektronische Relais Art. 5552 und Schaltgleise bzw. Schaltkontakte erforderlich. H\u00f6he: 1,9 cm.<\/div>\n<\/div>\n","protected":false},"excerpt":{"rendered":"<p>Produktinformationen &#8222;N Andreaskreuze, 2 St\u00fcck mit Blinkelektronik&#8220; Dieses Set besteht aus 2 Andreaskreuzen und einer Blinkelektronik Art. 5065. Wartungsfrei dank LED-Beleuchtung. F\u00fcr einen automatischen Betrieb sind zus\u00e4tzlich das elektronische Relais Art. 5552 und Schaltgleise bzw. Schaltkontakte erforderlich. H\u00f6he: 1,9 cm.<\/p>\n","protected":false},"featured_media":6170,"comment_status":"open","ping_status":"closed","template":"","meta":[],"product_brand":[],"product_cat":[144,143,38,37,138],"product_tag":[292,291],"class_list":{"0":"post-6169","1":"product","2":"type-product","3":"status-publish","4":"has-post-thumbnail","6":"product_cat-bahnzubehoer-n","7":"product_cat-emotion-n","8":"product_cat-unkategorisiert","9":"product_cat-viessmann","10":"product_cat-viessmann-spur-n","11":"product_tag-kein-spielzeug-nicht-geeignet-fuer-kinder-unter-14-jahren","12":"product_tag-warn-und-sicherheitshinweise-modellbauartikel","14":"first","15":"instock","16":"taxable","17":"shipping-taxable","18":"purchasable","19":"product-type-simple"},"jetpack_sharing_enabled":true,"_links":{"self":[{"href":"https:\/\/www.mg-modelleisenbahnbau.de\/startseite-2\/wp-json\/wp\/v2\/product\/6169","targetHints":{"allow":["GET"]}}],"collection":[{"href":"https:\/\/www.mg-modelleisenbahnbau.de\/startseite-2\/wp-json\/wp\/v2\/product"}],"about":[{"href":"https:\/\/www.mg-modelleisenbahnbau.de\/startseite-2\/wp-json\/wp\/v2\/types\/product"}],"replies":[{"embeddable":true,"href":"https:\/\/www.mg-modelleisenbahnbau.de\/startseite-2\/wp-json\/wp\/v2\/comments?post=6169"}],"wp:featuredmedia":[{"embeddable":true,"href":"https:\/\/www.mg-modelleisenbahnbau.de\/startseite-2\/wp-json\/wp\/v2\/media\/6170"}],"wp:attachment":[{"href":"https:\/\/www.mg-modelleisenbahnbau.de\/startseite-2\/wp-json\/wp\/v2\/media?parent=6169"}],"wp:term":[{"taxonomy":"product_brand","embeddable":true,"href":"https:\/\/www.mg-modelleisenbahnbau.de\/startseite-2\/wp-json\/wp\/v2\/product_brand?post=6169"},{"taxonomy":"product_cat","embeddable":true,"href":"https:\/\/www.mg-modelleisenbahnbau.de\/startseite-2\/wp-json\/wp\/v2\/product_cat?post=6169"},{"taxonomy":"product_tag","embeddable":true,"href":"https:\/\/www.mg-modelleisenbahnbau.de\/startseite-2\/wp-json\/wp\/v2\/product_tag?post=6169"}],"curies":[{"name":"wp","href":"https:\/\/api.w.org\/{rel}","templated":true}]}}