{"id":6134,"date":"2020-06-27T16:21:43","date_gmt":"2020-06-27T14:21:43","guid":{"rendered":"http:\/\/www.mg-modelleisenbahnbau.de\/?post_type=product&#038;p=6134"},"modified":"2025-06-29T22:14:55","modified_gmt":"2025-06-29T20:14:55","slug":"5061-h0-blinklicht-ueberwachungssignal","status":"publish","type":"product","link":"https:\/\/www.mg-modelleisenbahnbau.de\/startseite-2\/produkt\/5061-h0-blinklicht-ueberwachungssignal\/","title":{"rendered":"5061 H0 Blinklicht-\u00dcberwachungssignal"},"content":{"rendered":"<div class=\"content--title\">roduktinformationen &#8222;H0 Blinklicht-\u00dcberwachungssignal&#8220;<\/div>\n<div class=\"product--description\">F\u00fcr Bahn\u00fcberg\u00e4nge mit Blinklicht. Mit filigranem Messingmast in original\u00adgetreuer Lackierung und Patentsteckfu\u00df f\u00fcr einfache Montage. Zum Anschluss an das Blinkger\u00e4t Art. 5065. Mit 2 LEDs, wartungsfrei. Signalbild B\u00fc101. H\u00f6he: 5 cm.<\/div>\n<div><strong><span class=\"delivery--text delivery--text-more-is-coming\"><span style=\"color: #ff6600;\">Voraussichtlich verf\u00fcgbar ab (ohne Gew\u00e4hr): 31. Juli 2020<\/span> <\/span><\/strong><\/div>\n","protected":false},"excerpt":{"rendered":"<p>roduktinformationen &#8222;H0 Blinklicht-\u00dcberwachungssignal&#8220; F\u00fcr Bahn\u00fcberg\u00e4nge mit Blinklicht. Mit filigranem Messingmast in original\u00adgetreuer Lackierung und Patentsteckfu\u00df f\u00fcr einfache Montage. Zum Anschluss an das Blinkger\u00e4t Art. 5065. Mit 2 LEDs, wartungsfrei. Signalbild B\u00fc101. H\u00f6he: 5 cm. Voraussichtlich verf\u00fcgbar ab (ohne Gew\u00e4hr): 31. Juli 2020<\/p>\n","protected":false},"featured_media":6135,"comment_status":"open","ping_status":"closed","template":"","meta":[],"product_brand":[],"product_cat":[125,38,37,124],"product_tag":[292,291],"class_list":{"0":"post-6134","1":"product","2":"type-product","3":"status-publish","4":"has-post-thumbnail","6":"product_cat-formsignale-h0","7":"product_cat-unkategorisiert","8":"product_cat-viessmann","9":"product_cat-viessmann-spur-h0","10":"product_tag-kein-spielzeug-nicht-geeignet-fuer-kinder-unter-14-jahren","11":"product_tag-warn-und-sicherheitshinweise-modellbauartikel","13":"first","14":"instock","15":"taxable","16":"shipping-taxable","17":"purchasable","18":"product-type-simple"},"jetpack_sharing_enabled":true,"_links":{"self":[{"href":"https:\/\/www.mg-modelleisenbahnbau.de\/startseite-2\/wp-json\/wp\/v2\/product\/6134","targetHints":{"allow":["GET"]}}],"collection":[{"href":"https:\/\/www.mg-modelleisenbahnbau.de\/startseite-2\/wp-json\/wp\/v2\/product"}],"about":[{"href":"https:\/\/www.mg-modelleisenbahnbau.de\/startseite-2\/wp-json\/wp\/v2\/types\/product"}],"replies":[{"embeddable":true,"href":"https:\/\/www.mg-modelleisenbahnbau.de\/startseite-2\/wp-json\/wp\/v2\/comments?post=6134"}],"wp:featuredmedia":[{"embeddable":true,"href":"https:\/\/www.mg-modelleisenbahnbau.de\/startseite-2\/wp-json\/wp\/v2\/media\/6135"}],"wp:attachment":[{"href":"https:\/\/www.mg-modelleisenbahnbau.de\/startseite-2\/wp-json\/wp\/v2\/media?parent=6134"}],"wp:term":[{"taxonomy":"product_brand","embeddable":true,"href":"https:\/\/www.mg-modelleisenbahnbau.de\/startseite-2\/wp-json\/wp\/v2\/product_brand?post=6134"},{"taxonomy":"product_cat","embeddable":true,"href":"https:\/\/www.mg-modelleisenbahnbau.de\/startseite-2\/wp-json\/wp\/v2\/product_cat?post=6134"},{"taxonomy":"product_tag","embeddable":true,"href":"https:\/\/www.mg-modelleisenbahnbau.de\/startseite-2\/wp-json\/wp\/v2\/product_tag?post=6134"}],"curies":[{"name":"wp","href":"https:\/\/api.w.org\/{rel}","templated":true}]}}