{"id":6114,"date":"2020-06-27T14:41:07","date_gmt":"2020-06-27T12:41:07","guid":{"rendered":"http:\/\/www.mg-modelleisenbahnbau.de\/?post_type=product&#038;p=6114"},"modified":"2025-06-29T21:52:57","modified_gmt":"2025-06-29T19:52:57","slug":"4570-motorischer-tuerantrieb-mit-figurenbewegung","status":"publish","type":"product","link":"https:\/\/www.mg-modelleisenbahnbau.de\/startseite-2\/produkt\/4570-motorischer-tuerantrieb-mit-figurenbewegung\/","title":{"rendered":"4570 Motorischer T\u00fcrantrieb mit Figurenbewegung"},"content":{"rendered":"<div class=\"content--description\">\n<div class=\"content--title\">Produktinformationen &#8222;Motorischer T\u00fcrantrieb mit Figurenbewegung&#8220;<\/div>\n<div class=\"product--description\">Leistungsstarker und ger\u00e4uscharmer Antrieb in flacher Bauform mit langsam schwenkender Antriebsplatte, ideal um einfl\u00fcge-<br \/>\nlige T\u00fcren zu bewegen. Der zugeh\u00f6rige Digitaldecoder befindet sich als Baugruppe im Kabel, daher ist der Antrieb besonders kompakt. Er versteht die Formate M\u00e4rklin-Motorola und DCC und kann die angeforderte Soll-Stellung oder die Ist-Stellung per RailCom an geeignete Digitalzentralen, z. B. Viessmann Commander Art. 5320, zur\u00fcckmelden. Endlagen, Geschwindigkeit und Bewegungsablauf sind programmierbar, wobei die Regelung einen feinf\u00fchligen Antrieb gew\u00e4hrleistet. Ein Betrieb mit beliebigen Endlagen f\u00fcr den Schwenkwinkel ist ebenfalls m\u00f6glich. Der Decoder kann auch analog betrieben werden und verf\u00fcgt \u00fcber ein zufallsgesteuertes Schauprogramm (Diorama-Modus). Zus\u00e4tzliche konfigurierbare Schaltausg\u00e4nge zur Relaisansteuerung, die kleine Lasten wie LEDs auch direkt schalten k\u00f6nnen, vervollst\u00e4ndigen den Funktionsumfang. Die Antriebsplatte erm\u00f6glicht die leichte Verbindung mit T\u00fcren, z. B. durch Aufkleben der zu bewegenden Teile. Au\u00dferdem erlaubt eine mitbewegte Grundplatte die Montage einer Figur, die bei der \u00d6ffnung der T\u00fcr so nach vorne geschoben wird, als ob eine Person aus der T\u00fcr tritt. Anwendbar in den Spuren 0, H0 und TT. Ma\u00dfe: L ca. 5,5 2,1 x H 0,53 cm.<\/div>\n<\/div>\n","protected":false},"excerpt":{"rendered":"<p>Produktinformationen &#8222;Motorischer T\u00fcrantrieb mit Figurenbewegung&#8220; Leistungsstarker und ger\u00e4uscharmer Antrieb in flacher Bauform mit langsam schwenkender Antriebsplatte, ideal um einfl\u00fcge- lige T\u00fcren zu bewegen. Der zugeh\u00f6rige Digitaldecoder befindet sich als Baugruppe im Kabel, daher ist der Antrieb besonders kompakt. Er versteht die Formate M\u00e4rklin-Motorola und DCC und kann die angeforderte Soll-Stellung oder die Ist-Stellung per RailCom&#8230;<\/p>\n","protected":false},"featured_media":6115,"comment_status":"open","ping_status":"closed","template":"","meta":[],"product_brand":[],"product_cat":[38,37,149],"product_tag":[292,291],"class_list":{"0":"post-6114","1":"product","2":"type-product","3":"status-publish","4":"has-post-thumbnail","6":"product_cat-unkategorisiert","7":"product_cat-viessmann","8":"product_cat-viessmann-module-und-elektroniken","9":"product_tag-kein-spielzeug-nicht-geeignet-fuer-kinder-unter-14-jahren","10":"product_tag-warn-und-sicherheitshinweise-modellbauartikel","12":"first","13":"instock","14":"taxable","15":"shipping-taxable","16":"purchasable","17":"product-type-simple"},"jetpack_sharing_enabled":true,"_links":{"self":[{"href":"https:\/\/www.mg-modelleisenbahnbau.de\/startseite-2\/wp-json\/wp\/v2\/product\/6114","targetHints":{"allow":["GET"]}}],"collection":[{"href":"https:\/\/www.mg-modelleisenbahnbau.de\/startseite-2\/wp-json\/wp\/v2\/product"}],"about":[{"href":"https:\/\/www.mg-modelleisenbahnbau.de\/startseite-2\/wp-json\/wp\/v2\/types\/product"}],"replies":[{"embeddable":true,"href":"https:\/\/www.mg-modelleisenbahnbau.de\/startseite-2\/wp-json\/wp\/v2\/comments?post=6114"}],"wp:featuredmedia":[{"embeddable":true,"href":"https:\/\/www.mg-modelleisenbahnbau.de\/startseite-2\/wp-json\/wp\/v2\/media\/6115"}],"wp:attachment":[{"href":"https:\/\/www.mg-modelleisenbahnbau.de\/startseite-2\/wp-json\/wp\/v2\/media?parent=6114"}],"wp:term":[{"taxonomy":"product_brand","embeddable":true,"href":"https:\/\/www.mg-modelleisenbahnbau.de\/startseite-2\/wp-json\/wp\/v2\/product_brand?post=6114"},{"taxonomy":"product_cat","embeddable":true,"href":"https:\/\/www.mg-modelleisenbahnbau.de\/startseite-2\/wp-json\/wp\/v2\/product_cat?post=6114"},{"taxonomy":"product_tag","embeddable":true,"href":"https:\/\/www.mg-modelleisenbahnbau.de\/startseite-2\/wp-json\/wp\/v2\/product_tag?post=6114"}],"curies":[{"name":"wp","href":"https:\/\/api.w.org\/{rel}","templated":true}]}}