{"id":6099,"date":"2020-06-27T14:09:28","date_gmt":"2020-06-27T12:09:28","guid":{"rendered":"http:\/\/www.mg-modelleisenbahnbau.de\/?post_type=product&#038;p=6099"},"modified":"2025-06-29T18:26:20","modified_gmt":"2025-06-29T16:26:20","slug":"4142-h0-fahrdraht-190-mm-5-stueck","status":"publish","type":"product","link":"https:\/\/www.mg-modelleisenbahnbau.de\/startseite-2\/produkt\/4142-h0-fahrdraht-190-mm-5-stueck\/","title":{"rendered":"4142 H0 Fahrdraht 190 mm, 5 St\u00fcck"},"content":{"rendered":"<div class=\"content--description\">\n<div class=\"content--title\">Produktinformationen &#8222;H0 Fahrdraht 190 mm, 5 St\u00fcck&#8220;<\/div>\n<div class=\"product--description\">Fertig konfektionierter Fahrdraht mit \u00d6sen zum einfachen Einh\u00e4ngen am Ausleger. Die unterschiedlichen L\u00e4ngen sind den g\u00e4ngigen Gleissystemen der Gleis-hersteller angepasst. Fahrdraht: \u00d8 0,6 mm. Geeignet f\u00fcr Fleischmann Profi-Gleis (Gleismittenradius 483,5 mm) und Roco LINE + Roco geoLINE (Gleismittenradius 481,2 mm).<\/div>\n<\/div>\n","protected":false},"excerpt":{"rendered":"<p>Produktinformationen &#8222;H0 Fahrdraht 190 mm, 5 St\u00fcck&#8220; Fertig konfektionierter Fahrdraht mit \u00d6sen zum einfachen Einh\u00e4ngen am Ausleger. Die unterschiedlichen L\u00e4ngen sind den g\u00e4ngigen Gleissystemen der Gleis-hersteller angepasst. Fahrdraht: \u00d8 0,6 mm. Geeignet f\u00fcr Fleischmann Profi-Gleis (Gleismittenradius 483,5 mm) und Roco LINE + Roco geoLINE (Gleismittenradius 481,2 mm).<\/p>\n","protected":false},"featured_media":5129,"comment_status":"open","ping_status":"closed","template":"","meta":[],"product_brand":[],"product_cat":[127,38,37,124],"product_tag":[292,291],"class_list":{"0":"post-6099","1":"product","2":"type-product","3":"status-publish","4":"has-post-thumbnail","6":"product_cat-oberleitung-h0","7":"product_cat-unkategorisiert","8":"product_cat-viessmann","9":"product_cat-viessmann-spur-h0","10":"product_tag-kein-spielzeug-nicht-geeignet-fuer-kinder-unter-14-jahren","11":"product_tag-warn-und-sicherheitshinweise-modellbauartikel","13":"first","14":"instock","15":"taxable","16":"shipping-taxable","17":"purchasable","18":"product-type-simple"},"jetpack_sharing_enabled":true,"_links":{"self":[{"href":"https:\/\/www.mg-modelleisenbahnbau.de\/startseite-2\/wp-json\/wp\/v2\/product\/6099","targetHints":{"allow":["GET"]}}],"collection":[{"href":"https:\/\/www.mg-modelleisenbahnbau.de\/startseite-2\/wp-json\/wp\/v2\/product"}],"about":[{"href":"https:\/\/www.mg-modelleisenbahnbau.de\/startseite-2\/wp-json\/wp\/v2\/types\/product"}],"replies":[{"embeddable":true,"href":"https:\/\/www.mg-modelleisenbahnbau.de\/startseite-2\/wp-json\/wp\/v2\/comments?post=6099"}],"wp:featuredmedia":[{"embeddable":true,"href":"https:\/\/www.mg-modelleisenbahnbau.de\/startseite-2\/wp-json\/wp\/v2\/media\/5129"}],"wp:attachment":[{"href":"https:\/\/www.mg-modelleisenbahnbau.de\/startseite-2\/wp-json\/wp\/v2\/media?parent=6099"}],"wp:term":[{"taxonomy":"product_brand","embeddable":true,"href":"https:\/\/www.mg-modelleisenbahnbau.de\/startseite-2\/wp-json\/wp\/v2\/product_brand?post=6099"},{"taxonomy":"product_cat","embeddable":true,"href":"https:\/\/www.mg-modelleisenbahnbau.de\/startseite-2\/wp-json\/wp\/v2\/product_cat?post=6099"},{"taxonomy":"product_tag","embeddable":true,"href":"https:\/\/www.mg-modelleisenbahnbau.de\/startseite-2\/wp-json\/wp\/v2\/product_tag?post=6099"}],"curies":[{"name":"wp","href":"https:\/\/api.w.org\/{rel}","templated":true}]}}