{"id":5927,"date":"2020-04-01T11:30:21","date_gmt":"2020-04-01T09:30:21","guid":{"rendered":"http:\/\/www.mg-modelleisenbahnbau.de\/?post_type=product&#038;p=5927"},"modified":"2025-06-30T22:01:49","modified_gmt":"2025-06-30T20:01:49","slug":"43803-h0-lotto-geschaeft","status":"publish","type":"product","link":"https:\/\/www.mg-modelleisenbahnbau.de\/startseite-2\/produkt\/43803-h0-lotto-geschaeft\/","title":{"rendered":"43803 H0 Lotto Gesch\u00e4ft"},"content":{"rendered":"<div class=\"content--description\">\n<div class=\"content--title\">Produktinformationen &#8222;H0 Lotto Gesch\u00e4ft&#8220;<\/div>\n<div class=\"product--description\">Bausatz. Ma\u00dfe: L 10,2 x B 9,5 x H 14,7 cm.<\/div>\n<div><a class=\"product--image\" title=\"Hausbeleuchtungs-Startset, 12 Boxen, 4 verschiedene Gr\u00f6\u00dfen, 1 LED wei\u00df\" href=\"https:\/\/viessmann-modell.com\/sortiment\/zubehoer\/bauteile\/2251\/hausbeleuchtungs-startset-12-boxen-4-verschiedene-groessen-1-led-weiss\"> <span class=\"image--element\"> <span class=\"image--media\"> <img title=\"Hausbeleuchtungs-Startset, 12 Boxen,\" srcset=\"https:\/\/viessmann-modell.com\/media\/image\/fd\/4e\/ee\/6005Gq354sb8YHdaI_200x200.jpg, https:\/\/viessmann-modell.com\/media\/image\/57\/f0\/e7\/6005Gq354sb8YHdaI_200x200@2x.jpg 2x\" alt=\"Hausbeleuchtungs-Startset, 12 Boxen,\" data-extension=\"jpg\" \/><\/span><\/span><\/a><a class=\"product--title\" title=\"Hausbeleuchtungs-Startset, 12 Boxen, 4 verschiedene Gr\u00f6\u00dfen, 1 LED wei\u00df\" href=\"https:\/\/viessmann-modell.com\/sortiment\/zubehoer\/bauteile\/2251\/hausbeleuchtungs-startset-12-boxen-4-verschiedene-groessen-1-led-weiss\"> 6005 Hausbeleuchtungs-Startset, 12 Boxen, 4&#8230; <\/a><a class=\"product--image\" title=\"H0 Reklameschild LOTTO mit LED-Beleuchtung\" href=\"https:\/\/viessmann-modell.com\/sortiment\/elektronik\/elektronik-effekt\/2601\/h0-reklameschild-lotto-mit-led-beleuchtung\"> <span class=\"image--element\"> <span class=\"image--media\"> <img title=\"H0 Reklameschild LOTTO mit LED-Beleuchtung\" srcset=\"https:\/\/viessmann-modell.com\/media\/image\/f0\/3d\/86\/1374i5AFK8QPs6Rto_200x200.jpg, https:\/\/viessmann-modell.com\/media\/image\/d7\/b4\/15\/1374i5AFK8QPs6Rto_200x200@2x.jpg 2x\" alt=\"H0 Reklameschild LOTTO mit LED-Beleuchtung\" data-extension=\"jpg\" \/> <\/span> <\/span> <\/a><a class=\"product--title\" title=\"H0 Reklameschild LOTTO mit LED-Beleuchtung\" href=\"https:\/\/viessmann-modell.com\/sortiment\/elektronik\/elektronik-effekt\/2601\/h0-reklameschild-lotto-mit-led-beleuchtung\"> 1374 H0 Reklameschild LOTTO mit LED-Beleuchtung <\/a><\/div>\n<\/div>\n","protected":false},"excerpt":{"rendered":"<p>Produktinformationen &#8222;H0 Lotto Gesch\u00e4ft&#8220; Bausatz. Ma\u00dfe: L 10,2 x B 9,5 x H 14,7 cm. 6005 Hausbeleuchtungs-Startset, 12 Boxen, 4&#8230; 1374 H0 Reklameschild LOTTO mit LED-Beleuchtung<\/p>\n","protected":false},"featured_media":5928,"comment_status":"open","ping_status":"closed","template":"","meta":[],"product_brand":[],"product_cat":[176,38,41,160],"product_tag":[292,291],"class_list":{"0":"post-5927","1":"product","2":"type-product","3":"status-publish","4":"has-post-thumbnail","6":"product_cat-stadt-dorfhaeuser-ho","7":"product_cat-unkategorisiert","8":"product_cat-vollmer","9":"product_cat-vollmer-ho","10":"product_tag-kein-spielzeug-nicht-geeignet-fuer-kinder-unter-14-jahren","11":"product_tag-warn-und-sicherheitshinweise-modellbauartikel","13":"first","14":"instock","15":"taxable","16":"shipping-taxable","17":"purchasable","18":"product-type-simple"},"jetpack_sharing_enabled":true,"_links":{"self":[{"href":"https:\/\/www.mg-modelleisenbahnbau.de\/startseite-2\/wp-json\/wp\/v2\/product\/5927","targetHints":{"allow":["GET"]}}],"collection":[{"href":"https:\/\/www.mg-modelleisenbahnbau.de\/startseite-2\/wp-json\/wp\/v2\/product"}],"about":[{"href":"https:\/\/www.mg-modelleisenbahnbau.de\/startseite-2\/wp-json\/wp\/v2\/types\/product"}],"replies":[{"embeddable":true,"href":"https:\/\/www.mg-modelleisenbahnbau.de\/startseite-2\/wp-json\/wp\/v2\/comments?post=5927"}],"wp:featuredmedia":[{"embeddable":true,"href":"https:\/\/www.mg-modelleisenbahnbau.de\/startseite-2\/wp-json\/wp\/v2\/media\/5928"}],"wp:attachment":[{"href":"https:\/\/www.mg-modelleisenbahnbau.de\/startseite-2\/wp-json\/wp\/v2\/media?parent=5927"}],"wp:term":[{"taxonomy":"product_brand","embeddable":true,"href":"https:\/\/www.mg-modelleisenbahnbau.de\/startseite-2\/wp-json\/wp\/v2\/product_brand?post=5927"},{"taxonomy":"product_cat","embeddable":true,"href":"https:\/\/www.mg-modelleisenbahnbau.de\/startseite-2\/wp-json\/wp\/v2\/product_cat?post=5927"},{"taxonomy":"product_tag","embeddable":true,"href":"https:\/\/www.mg-modelleisenbahnbau.de\/startseite-2\/wp-json\/wp\/v2\/product_tag?post=5927"}],"curies":[{"name":"wp","href":"https:\/\/api.w.org\/{rel}","templated":true}]}}