{"id":5814,"date":"2020-03-31T19:02:49","date_gmt":"2020-03-31T17:02:49","guid":{"rendered":"http:\/\/www.mg-modelleisenbahnbau.de\/?post_type=product&#038;p=5814"},"modified":"2025-06-30T11:52:03","modified_gmt":"2025-06-30T09:52:03","slug":"37480-n-zaun-fuer-industrie-und-bahnanlagen","status":"publish","type":"product","link":"https:\/\/www.mg-modelleisenbahnbau.de\/startseite-2\/produkt\/37480-n-zaun-fuer-industrie-und-bahnanlagen\/","title":{"rendered":"37480 N Zaun f\u00fcr Industrie- und Bahnanlagen"},"content":{"rendered":"<div class=\"content--description\">\n<div class=\"content--title\">Produktinformationen &#8222;N Zaun f\u00fcr Industrie- und Bahnanlagen&#8220;<\/div>\n<div class=\"product--description\">Bausatz. Das Set beinhaltet 3 unterschiedliche Z\u00e4une. Gesamtl\u00e4nge 360 cm, B 0,1 x H 0,6 cm. Schwierigkeitsgrad: 1 (Einsteiger).<\/div>\n<\/div>\n","protected":false},"excerpt":{"rendered":"<p>Produktinformationen &#8222;N Zaun f\u00fcr Industrie- und Bahnanlagen&#8220; Bausatz. Das Set beinhaltet 3 unterschiedliche Z\u00e4une. Gesamtl\u00e4nge 360 cm, B 0,1 x H 0,6 cm. Schwierigkeitsgrad: 1 (Einsteiger).<\/p>\n","protected":false},"featured_media":5815,"comment_status":"open","ping_status":"closed","template":"","meta":[],"product_brand":[],"product_cat":[237,229,232,233,44,228,38],"product_tag":[292,291],"class_list":{"0":"post-5814","1":"product","2":"type-product","3":"status-publish","4":"has-post-thumbnail","6":"product_cat-alpenhaeuser-windmuehlen-decoration-n","7":"product_cat-bahnhoefe","8":"product_cat-betriebswerke-lokschuppen-depots-n","9":"product_cat-industrie-n","10":"product_cat-kibri","11":"product_cat-kibri-spur-n","12":"product_cat-unkategorisiert","13":"product_tag-kein-spielzeug-nicht-geeignet-fuer-kinder-unter-14-jahren","14":"product_tag-warn-und-sicherheitshinweise-modellbauartikel","16":"first","17":"instock","18":"taxable","19":"shipping-taxable","20":"purchasable","21":"product-type-simple"},"jetpack_sharing_enabled":true,"_links":{"self":[{"href":"https:\/\/www.mg-modelleisenbahnbau.de\/startseite-2\/wp-json\/wp\/v2\/product\/5814","targetHints":{"allow":["GET"]}}],"collection":[{"href":"https:\/\/www.mg-modelleisenbahnbau.de\/startseite-2\/wp-json\/wp\/v2\/product"}],"about":[{"href":"https:\/\/www.mg-modelleisenbahnbau.de\/startseite-2\/wp-json\/wp\/v2\/types\/product"}],"replies":[{"embeddable":true,"href":"https:\/\/www.mg-modelleisenbahnbau.de\/startseite-2\/wp-json\/wp\/v2\/comments?post=5814"}],"wp:featuredmedia":[{"embeddable":true,"href":"https:\/\/www.mg-modelleisenbahnbau.de\/startseite-2\/wp-json\/wp\/v2\/media\/5815"}],"wp:attachment":[{"href":"https:\/\/www.mg-modelleisenbahnbau.de\/startseite-2\/wp-json\/wp\/v2\/media?parent=5814"}],"wp:term":[{"taxonomy":"product_brand","embeddable":true,"href":"https:\/\/www.mg-modelleisenbahnbau.de\/startseite-2\/wp-json\/wp\/v2\/product_brand?post=5814"},{"taxonomy":"product_cat","embeddable":true,"href":"https:\/\/www.mg-modelleisenbahnbau.de\/startseite-2\/wp-json\/wp\/v2\/product_cat?post=5814"},{"taxonomy":"product_tag","embeddable":true,"href":"https:\/\/www.mg-modelleisenbahnbau.de\/startseite-2\/wp-json\/wp\/v2\/product_tag?post=5814"}],"curies":[{"name":"wp","href":"https:\/\/api.w.org\/{rel}","templated":true}]}}