{"id":5808,"date":"2020-03-31T18:55:46","date_gmt":"2020-03-31T16:55:46","guid":{"rendered":"http:\/\/www.mg-modelleisenbahnbau.de\/?post_type=product&#038;p=5808"},"modified":"2025-06-30T11:52:01","modified_gmt":"2025-06-30T09:52:01","slug":"37444-n-besandungsanlage","status":"publish","type":"product","link":"https:\/\/www.mg-modelleisenbahnbau.de\/startseite-2\/produkt\/37444-n-besandungsanlage\/","title":{"rendered":"37444 N Besandungsanlage"},"content":{"rendered":"<div class=\"content--description\">\n<div class=\"content--title\">Produktinformationen &#8222;N Besandungsanlage&#8220;<\/div>\n<div class=\"product--description\">Bausatz. Die Besandungsanlage \u00fcberspannt 2 Gleise. Zum Bausatz geh\u00f6ren au\u00dferdem eine Dieseltankstelle und ein kleines Nebengeb\u00e4ude. Durchfahrtsh\u00f6he: 4,5 cm. Durchfahrtsbreite: 2,0 cm. Ma\u00dfe: L 8 x B 3 x H 5,5 cm, Dieseltankstelle L 10 x B 4 x H 3,5 cm, kleines Geb\u00e4ude L 5,5 x B 3,5 x H 2 cm. Schwierigkeitsgrad: 2 (Fortgeschrittene).<\/div>\n<\/div>\n","protected":false},"excerpt":{"rendered":"<p>Produktinformationen &#8222;N Besandungsanlage&#8220; Bausatz. Die Besandungsanlage \u00fcberspannt 2 Gleise. Zum Bausatz geh\u00f6ren au\u00dferdem eine Dieseltankstelle und ein kleines Nebengeb\u00e4ude. Durchfahrtsh\u00f6he: 4,5 cm. Durchfahrtsbreite: 2,0 cm. Ma\u00dfe: L 8 x B 3 x H 5,5 cm, Dieseltankstelle L 10 x B 4 x H 3,5 cm, kleines Geb\u00e4ude L 5,5 x B 3,5 x H 2&#8230;<\/p>\n","protected":false},"featured_media":5809,"comment_status":"open","ping_status":"closed","template":"","meta":[],"product_brand":[],"product_cat":[232,44,228,38],"product_tag":[292,291],"class_list":{"0":"post-5808","1":"product","2":"type-product","3":"status-publish","4":"has-post-thumbnail","6":"product_cat-betriebswerke-lokschuppen-depots-n","7":"product_cat-kibri","8":"product_cat-kibri-spur-n","9":"product_cat-unkategorisiert","10":"product_tag-kein-spielzeug-nicht-geeignet-fuer-kinder-unter-14-jahren","11":"product_tag-warn-und-sicherheitshinweise-modellbauartikel","13":"first","14":"instock","15":"taxable","16":"shipping-taxable","17":"purchasable","18":"product-type-simple"},"jetpack_sharing_enabled":true,"_links":{"self":[{"href":"https:\/\/www.mg-modelleisenbahnbau.de\/startseite-2\/wp-json\/wp\/v2\/product\/5808","targetHints":{"allow":["GET"]}}],"collection":[{"href":"https:\/\/www.mg-modelleisenbahnbau.de\/startseite-2\/wp-json\/wp\/v2\/product"}],"about":[{"href":"https:\/\/www.mg-modelleisenbahnbau.de\/startseite-2\/wp-json\/wp\/v2\/types\/product"}],"replies":[{"embeddable":true,"href":"https:\/\/www.mg-modelleisenbahnbau.de\/startseite-2\/wp-json\/wp\/v2\/comments?post=5808"}],"wp:featuredmedia":[{"embeddable":true,"href":"https:\/\/www.mg-modelleisenbahnbau.de\/startseite-2\/wp-json\/wp\/v2\/media\/5809"}],"wp:attachment":[{"href":"https:\/\/www.mg-modelleisenbahnbau.de\/startseite-2\/wp-json\/wp\/v2\/media?parent=5808"}],"wp:term":[{"taxonomy":"product_brand","embeddable":true,"href":"https:\/\/www.mg-modelleisenbahnbau.de\/startseite-2\/wp-json\/wp\/v2\/product_brand?post=5808"},{"taxonomy":"product_cat","embeddable":true,"href":"https:\/\/www.mg-modelleisenbahnbau.de\/startseite-2\/wp-json\/wp\/v2\/product_cat?post=5808"},{"taxonomy":"product_tag","embeddable":true,"href":"https:\/\/www.mg-modelleisenbahnbau.de\/startseite-2\/wp-json\/wp\/v2\/product_tag?post=5808"}],"curies":[{"name":"wp","href":"https:\/\/api.w.org\/{rel}","templated":true}]}}