{"id":5798,"date":"2020-03-31T18:38:51","date_gmt":"2020-03-31T16:38:51","guid":{"rendered":"http:\/\/www.mg-modelleisenbahnbau.de\/?post_type=product&#038;p=5798"},"modified":"2025-06-30T11:52:02","modified_gmt":"2025-06-30T09:52:02","slug":"37462-n-wasserkran-mit-gelenkausleger-2-stueck","status":"publish","type":"product","link":"https:\/\/www.mg-modelleisenbahnbau.de\/startseite-2\/produkt\/37462-n-wasserkran-mit-gelenkausleger-2-stueck\/","title":{"rendered":"37462 N Wasserkran mit Gelenkausleger, 2 St\u00fcck"},"content":{"rendered":"<div class=\"content--description\">\n<div class=\"content--title\">Produktinformationen &#8222;N Wasserkran mit Gelenkausleger, 2 St\u00fcck&#8220;<\/div>\n<div class=\"product--description\">Bausatz. Musste die Dampflok eines Zuges Wasser nachfassen, so kam die Lok nicht immer genau an einem Wasserkran zum Stehen. Ein erneutes Anziehen oder Zur\u00fccksetzen h\u00e4tte eine erh\u00f6hte Gefahr f\u00fcr ein- und aussteigende Reisende bedeutet. Durch den Gelenkausleger war ein gewisser L\u00e4ngenausgleich gegeben, um den Stutzen an die Einf\u00fcll\u00f6ffnung des Wasserbeh\u00e4lters im Loktender heranzuf\u00fchren, ohne dass der Zug anfahren musste. H\u00e4ufig geh\u00f6rten diese Art von Wasserkr\u00e4nen zum Bestand eines Bahnbetriebswerkes. Im Viessmann Sortiment auch als Funktionsmodell Art. 5832 erh\u00e4ltlich. Ma\u00dfe: je L 4,5 x B 1,3 x H 4,2 cm. Schwierigkeitsgrad: 2 (Fortgeschrittene).<\/div>\n<\/div>\n","protected":false},"excerpt":{"rendered":"<p>Produktinformationen &#8222;N Wasserkran mit Gelenkausleger, 2 St\u00fcck&#8220; Bausatz. Musste die Dampflok eines Zuges Wasser nachfassen, so kam die Lok nicht immer genau an einem Wasserkran zum Stehen. Ein erneutes Anziehen oder Zur\u00fccksetzen h\u00e4tte eine erh\u00f6hte Gefahr f\u00fcr ein- und aussteigende Reisende bedeutet. Durch den Gelenkausleger war ein gewisser L\u00e4ngenausgleich gegeben, um den Stutzen an die&#8230;<\/p>\n","protected":false},"featured_media":5799,"comment_status":"open","ping_status":"closed","template":"","meta":[],"product_brand":[],"product_cat":[232,44,228,38],"product_tag":[292,291],"class_list":{"0":"post-5798","1":"product","2":"type-product","3":"status-publish","4":"has-post-thumbnail","6":"product_cat-betriebswerke-lokschuppen-depots-n","7":"product_cat-kibri","8":"product_cat-kibri-spur-n","9":"product_cat-unkategorisiert","10":"product_tag-kein-spielzeug-nicht-geeignet-fuer-kinder-unter-14-jahren","11":"product_tag-warn-und-sicherheitshinweise-modellbauartikel","13":"first","14":"instock","15":"taxable","16":"shipping-taxable","17":"purchasable","18":"product-type-simple"},"jetpack_sharing_enabled":true,"_links":{"self":[{"href":"https:\/\/www.mg-modelleisenbahnbau.de\/startseite-2\/wp-json\/wp\/v2\/product\/5798","targetHints":{"allow":["GET"]}}],"collection":[{"href":"https:\/\/www.mg-modelleisenbahnbau.de\/startseite-2\/wp-json\/wp\/v2\/product"}],"about":[{"href":"https:\/\/www.mg-modelleisenbahnbau.de\/startseite-2\/wp-json\/wp\/v2\/types\/product"}],"replies":[{"embeddable":true,"href":"https:\/\/www.mg-modelleisenbahnbau.de\/startseite-2\/wp-json\/wp\/v2\/comments?post=5798"}],"wp:featuredmedia":[{"embeddable":true,"href":"https:\/\/www.mg-modelleisenbahnbau.de\/startseite-2\/wp-json\/wp\/v2\/media\/5799"}],"wp:attachment":[{"href":"https:\/\/www.mg-modelleisenbahnbau.de\/startseite-2\/wp-json\/wp\/v2\/media?parent=5798"}],"wp:term":[{"taxonomy":"product_brand","embeddable":true,"href":"https:\/\/www.mg-modelleisenbahnbau.de\/startseite-2\/wp-json\/wp\/v2\/product_brand?post=5798"},{"taxonomy":"product_cat","embeddable":true,"href":"https:\/\/www.mg-modelleisenbahnbau.de\/startseite-2\/wp-json\/wp\/v2\/product_cat?post=5798"},{"taxonomy":"product_tag","embeddable":true,"href":"https:\/\/www.mg-modelleisenbahnbau.de\/startseite-2\/wp-json\/wp\/v2\/product_tag?post=5798"}],"curies":[{"name":"wp","href":"https:\/\/api.w.org\/{rel}","templated":true}]}}