{"id":5725,"date":"2020-03-30T15:34:13","date_gmt":"2020-03-30T13:34:13","guid":{"rendered":"http:\/\/www.mg-modelleisenbahnbau.de\/?post_type=product&#038;p=5725"},"modified":"2025-06-30T17:45:00","modified_gmt":"2025-06-30T15:45:00","slug":"39840-h0-umspannwerk-unterwerk-baden-baden-mit-elektroblitzen","status":"publish","type":"product","link":"https:\/\/www.mg-modelleisenbahnbau.de\/startseite-2\/produkt\/39840-h0-umspannwerk-unterwerk-baden-baden-mit-elektroblitzen\/","title":{"rendered":"39840 H0 Umspannwerk Unterwerk Baden-Baden mit Elektroblitzen"},"content":{"rendered":"<div class=\"content--description\">\n<div class=\"content--title\">Produktinformationen &#8222;H0 Umspannwerk Unterwerk Baden-Baden mit Elektroblitzen&#8220;<\/div>\n<div class=\"product--description\">Funktionsbausatz. Umspannwerke bestehen neben den Leistungstransformatoren immer aus Schaltanlagen, hier aufgebaut als Freiluftschaltanlage, und weiteren Einrichtungen zur Mess- und Regeltechnik. Durch den hohen Automatisierungsgrad erfolgt der Betrieb in vielen Umspannwerken, z. B. das Ausf\u00fchren von Schalthandlungen, vollautomatisch bzw. ferngesteuert von Leitzentralen. Vor Ort ist somit kein Betriebspersonal notwendig. 3 vormontierte blaue LEDs erzeugen durch die beiliegende Elektronik einen angedeuteten Lichtbogen-Effekt. Dabei k\u00f6nnen Sie aus zwei zufallsgesteuerten Blitzh\u00e4ufigkeiten ausw\u00e4hlen. Dazu passt Art. 38533 H0 Deko-Set Strommasten, 4 St\u00fcck . Mit Stecksystem. Ma\u00dfe: L 53 x B 33 x H 25 cm. Schwierigkeitsgrad: 2 (Fortgeschrittene).<\/div>\n<\/div>\n","protected":false},"excerpt":{"rendered":"<p>Produktinformationen &#8222;H0 Umspannwerk Unterwerk Baden-Baden mit Elektroblitzen&#8220; Funktionsbausatz. Umspannwerke bestehen neben den Leistungstransformatoren immer aus Schaltanlagen, hier aufgebaut als Freiluftschaltanlage, und weiteren Einrichtungen zur Mess- und Regeltechnik. Durch den hohen Automatisierungsgrad erfolgt der Betrieb in vielen Umspannwerken, z. B. das Ausf\u00fchren von Schalthandlungen, vollautomatisch bzw. ferngesteuert von Leitzentralen. Vor Ort ist somit kein Betriebspersonal notwendig&#8230;.<\/p>\n","protected":false},"featured_media":5726,"comment_status":"open","ping_status":"closed","template":"","meta":[],"product_brand":[],"product_cat":[208,44,201,38],"product_tag":[292,291],"class_list":{"0":"post-5725","1":"product","2":"type-product","3":"status-publish","4":"has-post-thumbnail","6":"product_cat-industrie-gewerbe-hallen","7":"product_cat-kibri","8":"product_cat-kibri-spur-ho","9":"product_cat-unkategorisiert","10":"product_tag-kein-spielzeug-nicht-geeignet-fuer-kinder-unter-14-jahren","11":"product_tag-warn-und-sicherheitshinweise-modellbauartikel","13":"first","14":"instock","15":"taxable","16":"shipping-taxable","17":"purchasable","18":"product-type-simple"},"jetpack_sharing_enabled":true,"_links":{"self":[{"href":"https:\/\/www.mg-modelleisenbahnbau.de\/startseite-2\/wp-json\/wp\/v2\/product\/5725","targetHints":{"allow":["GET"]}}],"collection":[{"href":"https:\/\/www.mg-modelleisenbahnbau.de\/startseite-2\/wp-json\/wp\/v2\/product"}],"about":[{"href":"https:\/\/www.mg-modelleisenbahnbau.de\/startseite-2\/wp-json\/wp\/v2\/types\/product"}],"replies":[{"embeddable":true,"href":"https:\/\/www.mg-modelleisenbahnbau.de\/startseite-2\/wp-json\/wp\/v2\/comments?post=5725"}],"wp:featuredmedia":[{"embeddable":true,"href":"https:\/\/www.mg-modelleisenbahnbau.de\/startseite-2\/wp-json\/wp\/v2\/media\/5726"}],"wp:attachment":[{"href":"https:\/\/www.mg-modelleisenbahnbau.de\/startseite-2\/wp-json\/wp\/v2\/media?parent=5725"}],"wp:term":[{"taxonomy":"product_brand","embeddable":true,"href":"https:\/\/www.mg-modelleisenbahnbau.de\/startseite-2\/wp-json\/wp\/v2\/product_brand?post=5725"},{"taxonomy":"product_cat","embeddable":true,"href":"https:\/\/www.mg-modelleisenbahnbau.de\/startseite-2\/wp-json\/wp\/v2\/product_cat?post=5725"},{"taxonomy":"product_tag","embeddable":true,"href":"https:\/\/www.mg-modelleisenbahnbau.de\/startseite-2\/wp-json\/wp\/v2\/product_tag?post=5725"}],"curies":[{"name":"wp","href":"https:\/\/api.w.org\/{rel}","templated":true}]}}