{"id":5601,"date":"2020-03-29T13:13:33","date_gmt":"2020-03-29T11:13:33","guid":{"rendered":"http:\/\/www.mg-modelleisenbahnbau.de\/?post_type=product&#038;p=5601"},"modified":"2025-06-30T17:08:33","modified_gmt":"2025-06-30T15:08:33","slug":"39422-h0-wasserkran-mit-gelenkausleger-2-stueck","status":"publish","type":"product","link":"https:\/\/www.mg-modelleisenbahnbau.de\/startseite-2\/produkt\/39422-h0-wasserkran-mit-gelenkausleger-2-stueck\/","title":{"rendered":"39422 H0 Wasserkran mit Gelenkausleger, 2 St\u00fcck"},"content":{"rendered":"<div class=\"content--description\">\n<div class=\"content--title\">Produktinformationen &#8222;H0 Wasserkran mit Gelenkausleger, 2 St\u00fcck&#8220;<\/div>\n<div class=\"product--description\">Bausatz. Beim Vorbild wurden Wasserkr\u00e4ne mit Gelenkausleger h\u00e4ufig auf Bahnsteigen an Ausfahrgleisen angetroffen. Der Grund f\u00fcr einen solchen Standort war einleuchtend: Musste die Dampflok eines eingelaufenen Zuges Wasser nachfassen, so kam die Lok nicht immer genau an einem Wasserkran zum Stehen. Ein erneutes Anziehen oder Zur\u00fccksetzen h\u00e4tte eine erh\u00f6hte Gefahr f\u00fcr ein- und aussteigende Reisende bedeutet. Durch den Gelenkausleger war ein gewisser L\u00e4ngenausgleich gegeben, um den Stutzen an die Einf\u00fcll\u00f6ffnung des Wasserbeh\u00e4lters im Loktender heranzuf\u00fchren, ohne dass der Zug anfahren musste. H\u00e4ufig geh\u00f6rten diese Art von Wasserkr\u00e4nen zum Bestand eines Bahnbetriebswerkes. Den Modellen liegt noch ein zus\u00e4tzlicher Sockel mit Treppe bei, um die H\u00f6hendifferenz zwischen Gleisen mit Bettung und Modellgleisen auszugleichen. Ma\u00dfe: L 8,9 x B 2 x H 8,3 cm. Schwierigkeitsgrad: 2 (Fortgeschrittene).<\/div>\n<h3><span style=\"color: #ff6600;\"><strong><span class=\"delivery--text delivery--text-not-available\"> Lieferzeit auf Anfrage<\/span><\/strong><\/span><\/h3>\n<\/div>\n","protected":false},"excerpt":{"rendered":"<p>Produktinformationen &#8222;H0 Wasserkran mit Gelenkausleger, 2 St\u00fcck&#8220; Bausatz. Beim Vorbild wurden Wasserkr\u00e4ne mit Gelenkausleger h\u00e4ufig auf Bahnsteigen an Ausfahrgleisen angetroffen. Der Grund f\u00fcr einen solchen Standort war einleuchtend: Musste die Dampflok eines eingelaufenen Zuges Wasser nachfassen, so kam die Lok nicht immer genau an einem Wasserkran zum Stehen. Ein erneutes Anziehen oder Zur\u00fccksetzen h\u00e4tte eine&#8230;<\/p>\n","protected":false},"featured_media":5602,"comment_status":"open","ping_status":"closed","template":"","meta":[],"product_brand":[],"product_cat":[207,44,201,38],"product_tag":[292,291],"class_list":{"0":"post-5601","1":"product","2":"type-product","3":"status-publish","4":"has-post-thumbnail","6":"product_cat-bahnbetriebswerke-lokschuppen","7":"product_cat-kibri","8":"product_cat-kibri-spur-ho","9":"product_cat-unkategorisiert","10":"product_tag-kein-spielzeug-nicht-geeignet-fuer-kinder-unter-14-jahren","11":"product_tag-warn-und-sicherheitshinweise-modellbauartikel","13":"first","14":"instock","15":"taxable","16":"shipping-taxable","17":"purchasable","18":"product-type-simple"},"jetpack_sharing_enabled":true,"_links":{"self":[{"href":"https:\/\/www.mg-modelleisenbahnbau.de\/startseite-2\/wp-json\/wp\/v2\/product\/5601","targetHints":{"allow":["GET"]}}],"collection":[{"href":"https:\/\/www.mg-modelleisenbahnbau.de\/startseite-2\/wp-json\/wp\/v2\/product"}],"about":[{"href":"https:\/\/www.mg-modelleisenbahnbau.de\/startseite-2\/wp-json\/wp\/v2\/types\/product"}],"replies":[{"embeddable":true,"href":"https:\/\/www.mg-modelleisenbahnbau.de\/startseite-2\/wp-json\/wp\/v2\/comments?post=5601"}],"wp:featuredmedia":[{"embeddable":true,"href":"https:\/\/www.mg-modelleisenbahnbau.de\/startseite-2\/wp-json\/wp\/v2\/media\/5602"}],"wp:attachment":[{"href":"https:\/\/www.mg-modelleisenbahnbau.de\/startseite-2\/wp-json\/wp\/v2\/media?parent=5601"}],"wp:term":[{"taxonomy":"product_brand","embeddable":true,"href":"https:\/\/www.mg-modelleisenbahnbau.de\/startseite-2\/wp-json\/wp\/v2\/product_brand?post=5601"},{"taxonomy":"product_cat","embeddable":true,"href":"https:\/\/www.mg-modelleisenbahnbau.de\/startseite-2\/wp-json\/wp\/v2\/product_cat?post=5601"},{"taxonomy":"product_tag","embeddable":true,"href":"https:\/\/www.mg-modelleisenbahnbau.de\/startseite-2\/wp-json\/wp\/v2\/product_tag?post=5601"}],"curies":[{"name":"wp","href":"https:\/\/api.w.org\/{rel}","templated":true}]}}