{"id":5455,"date":"2020-03-25T20:45:48","date_gmt":"2020-03-25T19:45:48","guid":{"rendered":"http:\/\/www.mg-modelleisenbahnbau.de\/?post_type=product&#038;p=5455"},"modified":"2025-07-01T10:41:06","modified_gmt":"2025-07-01T08:41:06","slug":"47735-n-rathaus-kochendorf","status":"publish","type":"product","link":"https:\/\/www.mg-modelleisenbahnbau.de\/startseite-2\/produkt\/47735-n-rathaus-kochendorf\/","title":{"rendered":"47735 N Rathaus Kochendorf"},"content":{"rendered":"<div class=\"content--description\">\n<div class=\"content--title\">Produktinformationen &#8222;N Rathaus Kochendorf&#8220;<\/div>\n<div class=\"product--description\">Das alte Rathaus von Kochendorf wurde 1597 in Fachwerkbauweise erbaut. Seine heutiges Aussehen erhielt das Geb\u00e4ude durch eine Renovierung im Jahr 1890. Das Geb\u00e4ude war im Erdgeschoss urspr\u00fcnglich eine halb offene Markthalle, die heutigen Lagerr\u00e4ume im Erdgeschoss wurden erst sp\u00e4ter geschaffen. Ma\u00dfe: L 10,5 x B 10 x H 12,8 cm.<\/div>\n<\/div>\n","protected":false},"excerpt":{"rendered":"<p>Produktinformationen &#8222;N Rathaus Kochendorf&#8220; Das alte Rathaus von Kochendorf wurde 1597 in Fachwerkbauweise erbaut. Seine heutiges Aussehen erhielt das Geb\u00e4ude durch eine Renovierung im Jahr 1890. Das Geb\u00e4ude war im Erdgeschoss urspr\u00fcnglich eine halb offene Markthalle, die heutigen Lagerr\u00e4ume im Erdgeschoss wurden erst sp\u00e4ter geschaffen. Ma\u00dfe: L 10,5 x B 10 x H 12,8 cm.<\/p>\n","protected":false},"featured_media":5456,"comment_status":"open","ping_status":"closed","template":"","meta":[],"product_brand":[],"product_cat":[198,38,41,187],"product_tag":[292,291],"class_list":{"0":"post-5455","1":"product","2":"type-product","3":"status-publish","4":"has-post-thumbnail","6":"product_cat-stadt-dorfhaeuser-n","7":"product_cat-unkategorisiert","8":"product_cat-vollmer","9":"product_cat-vollmer-spur-n","10":"product_tag-kein-spielzeug-nicht-geeignet-fuer-kinder-unter-14-jahren","11":"product_tag-warn-und-sicherheitshinweise-modellbauartikel","13":"first","14":"instock","15":"taxable","16":"shipping-taxable","17":"purchasable","18":"product-type-simple"},"jetpack_sharing_enabled":true,"_links":{"self":[{"href":"https:\/\/www.mg-modelleisenbahnbau.de\/startseite-2\/wp-json\/wp\/v2\/product\/5455","targetHints":{"allow":["GET"]}}],"collection":[{"href":"https:\/\/www.mg-modelleisenbahnbau.de\/startseite-2\/wp-json\/wp\/v2\/product"}],"about":[{"href":"https:\/\/www.mg-modelleisenbahnbau.de\/startseite-2\/wp-json\/wp\/v2\/types\/product"}],"replies":[{"embeddable":true,"href":"https:\/\/www.mg-modelleisenbahnbau.de\/startseite-2\/wp-json\/wp\/v2\/comments?post=5455"}],"wp:featuredmedia":[{"embeddable":true,"href":"https:\/\/www.mg-modelleisenbahnbau.de\/startseite-2\/wp-json\/wp\/v2\/media\/5456"}],"wp:attachment":[{"href":"https:\/\/www.mg-modelleisenbahnbau.de\/startseite-2\/wp-json\/wp\/v2\/media?parent=5455"}],"wp:term":[{"taxonomy":"product_brand","embeddable":true,"href":"https:\/\/www.mg-modelleisenbahnbau.de\/startseite-2\/wp-json\/wp\/v2\/product_brand?post=5455"},{"taxonomy":"product_cat","embeddable":true,"href":"https:\/\/www.mg-modelleisenbahnbau.de\/startseite-2\/wp-json\/wp\/v2\/product_cat?post=5455"},{"taxonomy":"product_tag","embeddable":true,"href":"https:\/\/www.mg-modelleisenbahnbau.de\/startseite-2\/wp-json\/wp\/v2\/product_tag?post=5455"}],"curies":[{"name":"wp","href":"https:\/\/api.w.org\/{rel}","templated":true}]}}