{"id":5331,"date":"2020-03-25T12:51:49","date_gmt":"2020-03-25T11:51:49","guid":{"rendered":"http:\/\/www.mg-modelleisenbahnbau.de\/?post_type=product&#038;p=5331"},"modified":"2025-07-01T09:46:32","modified_gmt":"2025-07-01T07:46:32","slug":"47541-n-laderampe-fuenfteilig","status":"publish","type":"product","link":"https:\/\/www.mg-modelleisenbahnbau.de\/startseite-2\/produkt\/47541-n-laderampe-fuenfteilig\/","title":{"rendered":"47541 N Laderampe, f\u00fcnfteilig"},"content":{"rendered":"<div class=\"content--description\">\n<div class=\"content--title\">Produktinformationen &#8222;N Laderampe, f\u00fcnfteilig&#8220;<\/div>\n<div class=\"product--description\">Ein Bahnhof besteht nicht nur aus dem Empfangsgeb\u00e4ude. G\u00fcterschuppen, Laderampe und Gep\u00e4ckbahnsteige sind Teile, die nicht fehlen d\u00fcrfen. Erst sie geben der Bahnhofsanlage das richtige Gesicht. Ma\u00dfe: L 51,8 x B 3,5 x H 4,8 cm. Dachbreite: 4 cm. Bahnsteigh\u00f6he: 0,9 cm.<\/div>\n<\/div>\n","protected":false},"excerpt":{"rendered":"<p>Produktinformationen &#8222;N Laderampe, f\u00fcnfteilig&#8220; Ein Bahnhof besteht nicht nur aus dem Empfangsgeb\u00e4ude. G\u00fcterschuppen, Laderampe und Gep\u00e4ckbahnsteige sind Teile, die nicht fehlen d\u00fcrfen. Erst sie geben der Bahnhofsanlage das richtige Gesicht. Ma\u00dfe: L 51,8 x B 3,5 x H 4,8 cm. Dachbreite: 4 cm. Bahnsteigh\u00f6he: 0,9 cm.<\/p>\n","protected":false},"featured_media":5332,"comment_status":"open","ping_status":"closed","template":"","meta":[],"product_brand":[],"product_cat":[190,194,38,41,187],"product_tag":[292,291],"class_list":{"0":"post-5331","1":"product","2":"type-product","3":"status-publish","4":"has-post-thumbnail","6":"product_cat-bahnsteige-n","7":"product_cat-industri-n","8":"product_cat-unkategorisiert","9":"product_cat-vollmer","10":"product_cat-vollmer-spur-n","11":"product_tag-kein-spielzeug-nicht-geeignet-fuer-kinder-unter-14-jahren","12":"product_tag-warn-und-sicherheitshinweise-modellbauartikel","14":"first","15":"instock","16":"taxable","17":"shipping-taxable","18":"purchasable","19":"product-type-simple"},"jetpack_sharing_enabled":true,"_links":{"self":[{"href":"https:\/\/www.mg-modelleisenbahnbau.de\/startseite-2\/wp-json\/wp\/v2\/product\/5331","targetHints":{"allow":["GET"]}}],"collection":[{"href":"https:\/\/www.mg-modelleisenbahnbau.de\/startseite-2\/wp-json\/wp\/v2\/product"}],"about":[{"href":"https:\/\/www.mg-modelleisenbahnbau.de\/startseite-2\/wp-json\/wp\/v2\/types\/product"}],"replies":[{"embeddable":true,"href":"https:\/\/www.mg-modelleisenbahnbau.de\/startseite-2\/wp-json\/wp\/v2\/comments?post=5331"}],"wp:featuredmedia":[{"embeddable":true,"href":"https:\/\/www.mg-modelleisenbahnbau.de\/startseite-2\/wp-json\/wp\/v2\/media\/5332"}],"wp:attachment":[{"href":"https:\/\/www.mg-modelleisenbahnbau.de\/startseite-2\/wp-json\/wp\/v2\/media?parent=5331"}],"wp:term":[{"taxonomy":"product_brand","embeddable":true,"href":"https:\/\/www.mg-modelleisenbahnbau.de\/startseite-2\/wp-json\/wp\/v2\/product_brand?post=5331"},{"taxonomy":"product_cat","embeddable":true,"href":"https:\/\/www.mg-modelleisenbahnbau.de\/startseite-2\/wp-json\/wp\/v2\/product_cat?post=5331"},{"taxonomy":"product_tag","embeddable":true,"href":"https:\/\/www.mg-modelleisenbahnbau.de\/startseite-2\/wp-json\/wp\/v2\/product_tag?post=5331"}],"curies":[{"name":"wp","href":"https:\/\/api.w.org\/{rel}","templated":true}]}}