{"id":5180,"date":"2020-03-23T10:01:42","date_gmt":"2020-03-23T09:01:42","guid":{"rendered":"http:\/\/www.mg-modelleisenbahnbau.de\/?post_type=product&#038;p=5180"},"modified":"2025-06-29T17:13:20","modified_gmt":"2025-06-29T15:13:20","slug":"1529-h0-jaeger-mit-gewehr-und-muendungsfeuer","status":"publish","type":"product","link":"https:\/\/www.mg-modelleisenbahnbau.de\/startseite-2\/produkt\/1529-h0-jaeger-mit-gewehr-und-muendungsfeuer\/","title":{"rendered":"1529 H0 J\u00e4ger mit Gewehr und M\u00fcndungsfeuer"},"content":{"rendered":"<div class=\"content--description\">\n<div class=\"content--title\">Produktinformationen &#8222;H0 J\u00e4ger mit Gewehr und M\u00fcndungsfeuer&#8220;<\/div>\n<div class=\"product--description\">Das Gewehr im Anschlag ist der J\u00e4ger auf der Pirsch im Wald oder auf Feldern und Wiesen. In unregelm\u00e4\u00dfigen Abst\u00e4nden blitzt durch eine Mikro-LED simuliertes M\u00fcndungsfeuer aus dem Lauf. Das passende Soundmodul Art. 5574 erzeugt auf das M\u00fcndungsfeuer der Figur abgestimmte Ger\u00e4usche. Einbautiefe: 39 mm.<\/div>\n<\/div>\n","protected":false},"excerpt":{"rendered":"<p>Produktinformationen &#8222;H0 J\u00e4ger mit Gewehr und M\u00fcndungsfeuer&#8220; Das Gewehr im Anschlag ist der J\u00e4ger auf der Pirsch im Wald oder auf Feldern und Wiesen. In unregelm\u00e4\u00dfigen Abst\u00e4nden blitzt durch eine Mikro-LED simuliertes M\u00fcndungsfeuer aus dem Lauf. Das passende Soundmodul Art. 5574 erzeugt auf das M\u00fcndungsfeuer der Figur abgestimmte Ger\u00e4usche. Einbautiefe: 39 mm.<\/p>\n","protected":false},"featured_media":5181,"comment_status":"open","ping_status":"closed","template":"","meta":[],"product_brand":[],"product_cat":[129,38,37,124],"product_tag":[292,291],"class_list":{"0":"post-5180","1":"product","2":"type-product","3":"status-publish","4":"has-post-thumbnail","6":"product_cat-emotion-h0","7":"product_cat-unkategorisiert","8":"product_cat-viessmann","9":"product_cat-viessmann-spur-h0","10":"product_tag-kein-spielzeug-nicht-geeignet-fuer-kinder-unter-14-jahren","11":"product_tag-warn-und-sicherheitshinweise-modellbauartikel","13":"first","14":"instock","15":"taxable","16":"shipping-taxable","17":"purchasable","18":"product-type-simple"},"jetpack_sharing_enabled":true,"_links":{"self":[{"href":"https:\/\/www.mg-modelleisenbahnbau.de\/startseite-2\/wp-json\/wp\/v2\/product\/5180","targetHints":{"allow":["GET"]}}],"collection":[{"href":"https:\/\/www.mg-modelleisenbahnbau.de\/startseite-2\/wp-json\/wp\/v2\/product"}],"about":[{"href":"https:\/\/www.mg-modelleisenbahnbau.de\/startseite-2\/wp-json\/wp\/v2\/types\/product"}],"replies":[{"embeddable":true,"href":"https:\/\/www.mg-modelleisenbahnbau.de\/startseite-2\/wp-json\/wp\/v2\/comments?post=5180"}],"wp:featuredmedia":[{"embeddable":true,"href":"https:\/\/www.mg-modelleisenbahnbau.de\/startseite-2\/wp-json\/wp\/v2\/media\/5181"}],"wp:attachment":[{"href":"https:\/\/www.mg-modelleisenbahnbau.de\/startseite-2\/wp-json\/wp\/v2\/media?parent=5180"}],"wp:term":[{"taxonomy":"product_brand","embeddable":true,"href":"https:\/\/www.mg-modelleisenbahnbau.de\/startseite-2\/wp-json\/wp\/v2\/product_brand?post=5180"},{"taxonomy":"product_cat","embeddable":true,"href":"https:\/\/www.mg-modelleisenbahnbau.de\/startseite-2\/wp-json\/wp\/v2\/product_cat?post=5180"},{"taxonomy":"product_tag","embeddable":true,"href":"https:\/\/www.mg-modelleisenbahnbau.de\/startseite-2\/wp-json\/wp\/v2\/product_tag?post=5180"}],"curies":[{"name":"wp","href":"https:\/\/api.w.org\/{rel}","templated":true}]}}