{"id":5032,"date":"2020-03-21T17:30:35","date_gmt":"2020-03-21T16:30:35","guid":{"rendered":"http:\/\/www.mg-modelleisenbahnbau.de\/?post_type=product&#038;p=5032"},"modified":"2025-06-29T23:30:43","modified_gmt":"2025-06-29T21:30:43","slug":"5832-n-wasserkran-fuer-dampflok-bws","status":"publish","type":"product","link":"https:\/\/www.mg-modelleisenbahnbau.de\/startseite-2\/produkt\/5832-n-wasserkran-fuer-dampflok-bws\/","title":{"rendered":"5832 N Wasserkran f\u00fcr Dampflok-BWs"},"content":{"rendered":"<div class=\"content--description\">\n<div class=\"content--title\">Produktinformationen &#8222;N Wasserkran f\u00fcr Dampflok-BWs&#8220;<\/div>\n<div class=\"product--description\">Funktionsmodell. Wasserkran mit schwenkbarem Wasserrohr. Der maximale Drehwinkel betr\u00e4gt 90\u00b0. Die Schwenkweite ist innerhalb dieses Winkels frei steuerbar. Der integrierte Digitaldecoder ist multiprotokollf\u00e4hig und versteht die Formate DCC und MM. Au\u00dferdem verf\u00fcgt das Modell \u00fcber ein zufallsgesteuertes Schauprogramm (Diorama-Modus). Mit Unterflur-Antrieb. Einbautiefe: 39 mm. Ma\u00dfe: L 4,3 x B 1,4 x H 4,3 cm.<\/div>\n<\/div>\n","protected":false},"excerpt":{"rendered":"<p>Produktinformationen &#8222;N Wasserkran f\u00fcr Dampflok-BWs&#8220; Funktionsmodell. Wasserkran mit schwenkbarem Wasserrohr. Der maximale Drehwinkel betr\u00e4gt 90\u00b0. Die Schwenkweite ist innerhalb dieses Winkels frei steuerbar. Der integrierte Digitaldecoder ist multiprotokollf\u00e4hig und versteht die Formate DCC und MM. Au\u00dferdem verf\u00fcgt das Modell \u00fcber ein zufallsgesteuertes Schauprogramm (Diorama-Modus). Mit Unterflur-Antrieb. Einbautiefe: 39 mm. Ma\u00dfe: L 4,3 x B 1,4&#8230;<\/p>\n","protected":false},"featured_media":5033,"comment_status":"open","ping_status":"closed","template":"","meta":[],"product_brand":[],"product_cat":[143,38,37,138],"product_tag":[292,291],"class_list":{"0":"post-5032","1":"product","2":"type-product","3":"status-publish","4":"has-post-thumbnail","6":"product_cat-emotion-n","7":"product_cat-unkategorisiert","8":"product_cat-viessmann","9":"product_cat-viessmann-spur-n","10":"product_tag-kein-spielzeug-nicht-geeignet-fuer-kinder-unter-14-jahren","11":"product_tag-warn-und-sicherheitshinweise-modellbauartikel","13":"first","14":"instock","15":"taxable","16":"shipping-taxable","17":"purchasable","18":"product-type-simple"},"jetpack_sharing_enabled":true,"_links":{"self":[{"href":"https:\/\/www.mg-modelleisenbahnbau.de\/startseite-2\/wp-json\/wp\/v2\/product\/5032","targetHints":{"allow":["GET"]}}],"collection":[{"href":"https:\/\/www.mg-modelleisenbahnbau.de\/startseite-2\/wp-json\/wp\/v2\/product"}],"about":[{"href":"https:\/\/www.mg-modelleisenbahnbau.de\/startseite-2\/wp-json\/wp\/v2\/types\/product"}],"replies":[{"embeddable":true,"href":"https:\/\/www.mg-modelleisenbahnbau.de\/startseite-2\/wp-json\/wp\/v2\/comments?post=5032"}],"wp:featuredmedia":[{"embeddable":true,"href":"https:\/\/www.mg-modelleisenbahnbau.de\/startseite-2\/wp-json\/wp\/v2\/media\/5033"}],"wp:attachment":[{"href":"https:\/\/www.mg-modelleisenbahnbau.de\/startseite-2\/wp-json\/wp\/v2\/media?parent=5032"}],"wp:term":[{"taxonomy":"product_brand","embeddable":true,"href":"https:\/\/www.mg-modelleisenbahnbau.de\/startseite-2\/wp-json\/wp\/v2\/product_brand?post=5032"},{"taxonomy":"product_cat","embeddable":true,"href":"https:\/\/www.mg-modelleisenbahnbau.de\/startseite-2\/wp-json\/wp\/v2\/product_cat?post=5032"},{"taxonomy":"product_tag","embeddable":true,"href":"https:\/\/www.mg-modelleisenbahnbau.de\/startseite-2\/wp-json\/wp\/v2\/product_tag?post=5032"}],"curies":[{"name":"wp","href":"https:\/\/api.w.org\/{rel}","templated":true}]}}