{"id":4993,"date":"2020-03-21T11:53:13","date_gmt":"2020-03-21T10:53:13","guid":{"rendered":"http:\/\/www.mg-modelleisenbahnbau.de\/?post_type=product&#038;p=4993"},"modified":"2025-06-29T21:05:43","modified_gmt":"2025-06-29T19:05:43","slug":"4395-n-tunneloberleitungsset","status":"publish","type":"product","link":"https:\/\/www.mg-modelleisenbahnbau.de\/startseite-2\/produkt\/4395-n-tunneloberleitungsset\/","title":{"rendered":"4395 N Tunneloberleitungsset"},"content":{"rendered":"<div class=\"content--description\">\n<div class=\"content--title\">Produktinformationen &#8222;N Tunneloberleitungsset&#8220;<\/div>\n<div class=\"product--description\">Das Set besteht aus 10 Masten, 3 m Fahrleitungsband und Befestigungsschrauben. F\u00fcr eine schnelle und einfache Verlegung an ein- und mehrspurigen Tunnelstrecken. Die Tunneloberleitung ist universell einsetzbar und kompatibel zu allen g\u00e4ngigen Gleissystemen. Auch f\u00fcr Schattenbahnh\u00f6fe mit Weichen und Kreuzungen oder Gleiswendeln geeignet. Masth\u00f6he: 6,75 cm, Auslegerh\u00f6he: 4,5 cm.<\/div>\n<\/div>\n","protected":false},"excerpt":{"rendered":"<p>Produktinformationen &#8222;N Tunneloberleitungsset&#8220; Das Set besteht aus 10 Masten, 3 m Fahrleitungsband und Befestigungsschrauben. F\u00fcr eine schnelle und einfache Verlegung an ein- und mehrspurigen Tunnelstrecken. Die Tunneloberleitung ist universell einsetzbar und kompatibel zu allen g\u00e4ngigen Gleissystemen. Auch f\u00fcr Schattenbahnh\u00f6fe mit Weichen und Kreuzungen oder Gleiswendeln geeignet. Masth\u00f6he: 6,75 cm, Auslegerh\u00f6he: 4,5 cm.<\/p>\n","protected":false},"featured_media":4994,"comment_status":"open","ping_status":"closed","template":"","meta":[],"product_brand":[],"product_cat":[142,38,37,138],"product_tag":[292,291],"class_list":{"0":"post-4993","1":"product","2":"type-product","3":"status-publish","4":"has-post-thumbnail","6":"product_cat-oberleitung-n","7":"product_cat-unkategorisiert","8":"product_cat-viessmann","9":"product_cat-viessmann-spur-n","10":"product_tag-kein-spielzeug-nicht-geeignet-fuer-kinder-unter-14-jahren","11":"product_tag-warn-und-sicherheitshinweise-modellbauartikel","13":"first","14":"instock","15":"taxable","16":"shipping-taxable","17":"purchasable","18":"product-type-simple"},"jetpack_sharing_enabled":true,"_links":{"self":[{"href":"https:\/\/www.mg-modelleisenbahnbau.de\/startseite-2\/wp-json\/wp\/v2\/product\/4993","targetHints":{"allow":["GET"]}}],"collection":[{"href":"https:\/\/www.mg-modelleisenbahnbau.de\/startseite-2\/wp-json\/wp\/v2\/product"}],"about":[{"href":"https:\/\/www.mg-modelleisenbahnbau.de\/startseite-2\/wp-json\/wp\/v2\/types\/product"}],"replies":[{"embeddable":true,"href":"https:\/\/www.mg-modelleisenbahnbau.de\/startseite-2\/wp-json\/wp\/v2\/comments?post=4993"}],"wp:featuredmedia":[{"embeddable":true,"href":"https:\/\/www.mg-modelleisenbahnbau.de\/startseite-2\/wp-json\/wp\/v2\/media\/4994"}],"wp:attachment":[{"href":"https:\/\/www.mg-modelleisenbahnbau.de\/startseite-2\/wp-json\/wp\/v2\/media?parent=4993"}],"wp:term":[{"taxonomy":"product_brand","embeddable":true,"href":"https:\/\/www.mg-modelleisenbahnbau.de\/startseite-2\/wp-json\/wp\/v2\/product_brand?post=4993"},{"taxonomy":"product_cat","embeddable":true,"href":"https:\/\/www.mg-modelleisenbahnbau.de\/startseite-2\/wp-json\/wp\/v2\/product_cat?post=4993"},{"taxonomy":"product_tag","embeddable":true,"href":"https:\/\/www.mg-modelleisenbahnbau.de\/startseite-2\/wp-json\/wp\/v2\/product_tag?post=4993"}],"curies":[{"name":"wp","href":"https:\/\/api.w.org\/{rel}","templated":true}]}}