{"id":4794,"date":"2020-03-19T14:37:02","date_gmt":"2020-03-19T13:37:02","guid":{"rendered":"http:\/\/www.mg-modelleisenbahnbau.de\/?post_type=product&#038;p=4794"},"modified":"2025-06-29T22:03:33","modified_gmt":"2025-06-29T20:03:33","slug":"4806-z-form-vorsignal-scheibe-beweglich","status":"publish","type":"product","link":"https:\/\/www.mg-modelleisenbahnbau.de\/startseite-2\/produkt\/4806-z-form-vorsignal-scheibe-beweglich\/","title":{"rendered":"4806 Z Form-Vorsignal, Scheibe beweglich"},"content":{"rendered":"<div class=\"content--description\">\n<div class=\"content--title\">Produktinformationen &#8222;Z Form-Vorsignal, Scheibe beweglich&#8220;<\/div>\n<div class=\"product--description\">Mit filigranem Messingmast in originalgetreuer Lackierung, bedruckter Signalscheibe und Unterflur-Kompaktantrieb. Integrierte Schaltkontakte sorgen f\u00fcr eine echte Zugbremsung bei Halt erwarten. F\u00fcr eine echte Langsamfahr-Funktion wird lediglich noch der Langsamfahrwiderstand Art. 5216 ben\u00f6tigt. Wartungsfrei dank LED-Beleuchtung. Signalbilder Vr0 und Vr1. H\u00f6he: 2,6 cm.<\/div>\n<\/div>\n","protected":false},"excerpt":{"rendered":"<p>Produktinformationen &#8222;Z Form-Vorsignal, Scheibe beweglich&#8220; Mit filigranem Messingmast in originalgetreuer Lackierung, bedruckter Signalscheibe und Unterflur-Kompaktantrieb. Integrierte Schaltkontakte sorgen f\u00fcr eine echte Zugbremsung bei Halt erwarten. F\u00fcr eine echte Langsamfahr-Funktion wird lediglich noch der Langsamfahrwiderstand Art. 5216 ben\u00f6tigt. Wartungsfrei dank LED-Beleuchtung. Signalbilder Vr0 und Vr1. H\u00f6he: 2,6 cm.<\/p>\n","protected":false},"featured_media":4795,"comment_status":"open","ping_status":"closed","template":"","meta":[],"product_brand":[],"product_cat":[147,38,37,145],"product_tag":[292,291],"class_list":{"0":"post-4794","1":"product","2":"type-product","3":"status-publish","4":"has-post-thumbnail","6":"product_cat-signale-z","7":"product_cat-unkategorisiert","8":"product_cat-viessmann","9":"product_cat-viessmann-spur-z","10":"product_tag-kein-spielzeug-nicht-geeignet-fuer-kinder-unter-14-jahren","11":"product_tag-warn-und-sicherheitshinweise-modellbauartikel","13":"first","14":"instock","15":"taxable","16":"shipping-taxable","17":"purchasable","18":"product-type-simple"},"jetpack_sharing_enabled":true,"_links":{"self":[{"href":"https:\/\/www.mg-modelleisenbahnbau.de\/startseite-2\/wp-json\/wp\/v2\/product\/4794","targetHints":{"allow":["GET"]}}],"collection":[{"href":"https:\/\/www.mg-modelleisenbahnbau.de\/startseite-2\/wp-json\/wp\/v2\/product"}],"about":[{"href":"https:\/\/www.mg-modelleisenbahnbau.de\/startseite-2\/wp-json\/wp\/v2\/types\/product"}],"replies":[{"embeddable":true,"href":"https:\/\/www.mg-modelleisenbahnbau.de\/startseite-2\/wp-json\/wp\/v2\/comments?post=4794"}],"wp:featuredmedia":[{"embeddable":true,"href":"https:\/\/www.mg-modelleisenbahnbau.de\/startseite-2\/wp-json\/wp\/v2\/media\/4795"}],"wp:attachment":[{"href":"https:\/\/www.mg-modelleisenbahnbau.de\/startseite-2\/wp-json\/wp\/v2\/media?parent=4794"}],"wp:term":[{"taxonomy":"product_brand","embeddable":true,"href":"https:\/\/www.mg-modelleisenbahnbau.de\/startseite-2\/wp-json\/wp\/v2\/product_brand?post=4794"},{"taxonomy":"product_cat","embeddable":true,"href":"https:\/\/www.mg-modelleisenbahnbau.de\/startseite-2\/wp-json\/wp\/v2\/product_cat?post=4794"},{"taxonomy":"product_tag","embeddable":true,"href":"https:\/\/www.mg-modelleisenbahnbau.de\/startseite-2\/wp-json\/wp\/v2\/product_tag?post=4794"}],"curies":[{"name":"wp","href":"https:\/\/api.w.org\/{rel}","templated":true}]}}