{"id":4751,"date":"2020-03-19T11:36:01","date_gmt":"2020-03-19T10:36:01","guid":{"rendered":"http:\/\/www.mg-modelleisenbahnbau.de\/?post_type=product&#038;p=4751"},"modified":"2025-06-29T22:26:28","modified_gmt":"2025-06-29T20:26:28","slug":"5078-h0-waggon-innenbeleuchtung-11-leds-weiss-mit-funktionsdecoder","status":"publish","type":"product","link":"https:\/\/www.mg-modelleisenbahnbau.de\/startseite-2\/produkt\/5078-h0-waggon-innenbeleuchtung-11-leds-weiss-mit-funktionsdecoder\/","title":{"rendered":"5078 H0 Waggon-Innenbeleuchtung, 11 LEDs wei\u00df, mit Funktionsdecoder"},"content":{"rendered":"<div class=\"content--description\">\n<div class=\"content--title\">Produktinformationen &#8222;H0 Waggon-Innenbeleuchtung, 11 LEDs wei\u00df, mit Funktionsdecoder&#8220;<\/div>\n<div class=\"product--description\">Vielfach teilbare Innenbeleuchtung mit eingebautem Multiprotokoll-Decoder (Motorola\/DCC) und 11 wartungsfreien, stromsparenden LEDs und hellem Licht. Helligkeit digital \u00fcber CVs sowie durch Potentiometer einstellbar. Geeignet f\u00fcr Waggons aller Hersteller, die f\u00fcr Beleuchtung vorgesehen sind. Befestigung der Platinen unter dem Waggondach. Durch K\u00fcrzen k\u00f6nnen die Platinen auf jede Waggonl\u00e4nge angepasst werden. Integrierter Flackerschutz f\u00fcr gleichbleibendes Licht auch bei kurzen Unterbrechungen der Spannungsversorgung, zus\u00e4tzliche St\u00fctzkondensatoren\/Powerpacks anschlie\u00dfbar. Verschiedene Licht-<br \/>\neffekte einstellbar, wie Einschaltsimulation von Leuchtstoffr\u00f6hren oder einzelne flackernde R\u00f6hren. Das Modell verf\u00fcgt \u00fcber fahrtrichtungsabh\u00e4ngige Schaltausg\u00e4nge f\u00fcr Stirn- und Schlussbeleuchtung. Ein zus\u00e4tzlicher Schaltausgang mit bis zu 150 mA Belastbarkeit rundet die Funktionalit\u00e4ten ab. Die Stromversorgung erfolgt entweder durch am Waggon vorhandene Schleifer\/Kontakts\u00e4tze oder durch unsere stromf\u00fchrenden Kupplungen Art. 5048\/5071. F\u00fcr leich-, Wechsel- und Digitalspannung geeignet. Anschlussm\u00f6glichkeit f\u00fcr Zugschlussbeleuchtung, z. B. Art. 5056. Aufgrund des verlustarmen Schaltreglers erw\u00e4rmt sich die Innenbeleuchtung nur wenig. Stromaufnahme ca. 20 mA. Ma\u00dfe: L 25,4 x B 0,8 cm.<\/div>\n<\/div>\n<div><\/div>\n<div><\/div>\n<div><\/div>\n<div>\n<div style=\"width: 205px\" class=\"wp-caption alignnone\"><img title=\"H0 Zugschlussbeleuchtung mit LED, 2 St\u00fcck \" srcset=\"https:\/\/viessmann-modell.com\/media\/image\/0f\/g0\/86\/5056_1khHlGtPaZHXzj_200x200.jpg, https:\/\/viessmann-modell.com\/media\/image\/c8\/8a\/9f\/5056_1khHlGtPaZHXzj_200x200@2x.jpg 2x\" alt=\"H0 Zugschlussbeleuchtung mit LED, 2 St\u00fcck 5056\" width=\"195\" height=\"200\" data-extension=\"jpg\" \/><p class=\"wp-caption-text\">H0 Zugschlussbeleuchtung mit LED, 2 St\u00fcck 5056<\/p><\/div>\n<div style=\"width: 210px\" class=\"wp-caption alignright\"><a class=\"product--image\" href=\"https:\/\/viessmann-modell.com\/sortiment\/elektronik\/elektronik-mechanik\/232\/h0-stromfuehrende-kupplungen-2-polig-1-paar\"><img title=\"H0 Stromf\u00fchrende Kupplungen, 2-polig, 1 Paar \" srcset=\"https:\/\/viessmann-modell.com\/media\/image\/92\/a9\/d0\/5048dCfxCUK9hXGLM_200x200.jpg, https:\/\/viessmann-modell.com\/media\/image\/08\/e4\/98\/5048dCfxCUK9hXGLM_200x200@2x.jpg 2x\" alt=\"H0 Zugschlussbeleuchtung mit LED, 2 St\u00fcck 5056\" width=\"200\" height=\"141\" data-extension=\"jpg\" \/><\/a><p class=\"wp-caption-text\">H0 Zugschlussbeleuchtung mit LED, 2 St\u00fcck 5048<\/p><\/div>\n<div style=\"width: 324px\" class=\"wp-caption aligncenter\"><img class=\"\" title=\"H0 Stromf\u00fchrende Kupplungen, 4-polig, 1 Paar\" srcset=\"https:\/\/viessmann-modell.com\/media\/image\/ed\/44\/e7\/5071nUfW9I2ygfMrH_200x200.jpg, https:\/\/viessmann-modell.com\/media\/image\/dc\/53\/93\/5071nUfW9I2ygfMrH_200x200@2x.jpg 2x\" alt=\"H0 Stromf\u00fchrende Kupplungen, 4-polig, 1 Paar\" width=\"314\" height=\"169\" data-extension=\"jpg\" \/><p class=\"wp-caption-text\">H0 Stromf\u00fchrende Kupplungen, 4-polig, 1 Paar 5071<\/p><\/div>\n<\/div>\n<div><\/div>\n<div><\/div>\n<div><\/div>\n<div><\/div>\n","protected":false},"excerpt":{"rendered":"<p>Produktinformationen &#8222;H0 Waggon-Innenbeleuchtung, 11 LEDs wei\u00df, mit Funktionsdecoder&#8220; Vielfach teilbare Innenbeleuchtung mit eingebautem Multiprotokoll-Decoder (Motorola\/DCC) und 11 wartungsfreien, stromsparenden LEDs und hellem Licht. Helligkeit digital \u00fcber CVs sowie durch Potentiometer einstellbar. Geeignet f\u00fcr Waggons aller Hersteller, die f\u00fcr Beleuchtung vorgesehen sind. Befestigung der Platinen unter dem Waggondach. Durch K\u00fcrzen k\u00f6nnen die Platinen auf jede Waggonl\u00e4nge&#8230;<\/p>\n","protected":false},"featured_media":4750,"comment_status":"open","ping_status":"closed","template":"","meta":[],"product_brand":[],"product_cat":[130,38,37],"product_tag":[292,291],"class_list":{"0":"post-4751","1":"product","2":"type-product","3":"status-publish","4":"has-post-thumbnail","6":"product_cat-bahnzubehoer-h0","7":"product_cat-unkategorisiert","8":"product_cat-viessmann","9":"product_tag-kein-spielzeug-nicht-geeignet-fuer-kinder-unter-14-jahren","10":"product_tag-warn-und-sicherheitshinweise-modellbauartikel","12":"first","13":"instock","14":"taxable","15":"shipping-taxable","16":"purchasable","17":"product-type-simple"},"jetpack_sharing_enabled":true,"_links":{"self":[{"href":"https:\/\/www.mg-modelleisenbahnbau.de\/startseite-2\/wp-json\/wp\/v2\/product\/4751","targetHints":{"allow":["GET"]}}],"collection":[{"href":"https:\/\/www.mg-modelleisenbahnbau.de\/startseite-2\/wp-json\/wp\/v2\/product"}],"about":[{"href":"https:\/\/www.mg-modelleisenbahnbau.de\/startseite-2\/wp-json\/wp\/v2\/types\/product"}],"replies":[{"embeddable":true,"href":"https:\/\/www.mg-modelleisenbahnbau.de\/startseite-2\/wp-json\/wp\/v2\/comments?post=4751"}],"wp:featuredmedia":[{"embeddable":true,"href":"https:\/\/www.mg-modelleisenbahnbau.de\/startseite-2\/wp-json\/wp\/v2\/media\/4750"}],"wp:attachment":[{"href":"https:\/\/www.mg-modelleisenbahnbau.de\/startseite-2\/wp-json\/wp\/v2\/media?parent=4751"}],"wp:term":[{"taxonomy":"product_brand","embeddable":true,"href":"https:\/\/www.mg-modelleisenbahnbau.de\/startseite-2\/wp-json\/wp\/v2\/product_brand?post=4751"},{"taxonomy":"product_cat","embeddable":true,"href":"https:\/\/www.mg-modelleisenbahnbau.de\/startseite-2\/wp-json\/wp\/v2\/product_cat?post=4751"},{"taxonomy":"product_tag","embeddable":true,"href":"https:\/\/www.mg-modelleisenbahnbau.de\/startseite-2\/wp-json\/wp\/v2\/product_tag?post=4751"}],"curies":[{"name":"wp","href":"https:\/\/api.w.org\/{rel}","templated":true}]}}