{"id":4747,"date":"2020-03-19T11:04:22","date_gmt":"2020-03-19T10:04:22","guid":{"rendered":"http:\/\/www.mg-modelleisenbahnbau.de\/?post_type=product&#038;p=4747"},"modified":"2025-06-29T21:52:55","modified_gmt":"2025-06-29T19:52:55","slug":"4565-h0-weichenlaterne-mit-adapter-fuer-universalantrieb-4560","status":"publish","type":"product","link":"https:\/\/www.mg-modelleisenbahnbau.de\/startseite-2\/produkt\/4565-h0-weichenlaterne-mit-adapter-fuer-universalantrieb-4560\/","title":{"rendered":"4565 H0 Weichenlaterne mit Adapter f\u00fcr Universalantrieb 4560"},"content":{"rendered":"<div class=\"content--description\">\n<div class=\"content--title\">Produktinformationen &#8222;H0 Weichenlaterne mit Adapter f\u00fcr Universalantrieb 4560&#8220;<\/div>\n<div class=\"product--description\">Diese Weichenlaterne wird \u00fcber ihren zugeh\u00f6rigen Adapter an der Stirnseite des Universalantriebs Art. 4560 angebaut und verwendet dessen L\u00e4ngsabtrieb. Am Ausgang des Adapters befindet sich wiederum ein eigener L\u00e4ngsabtrieb \u2013 die volle Funktionalit\u00e4t des Universalantriebs Art. 4560 bleibt somit erhalten. Die Weichenlaterne wird von einer wei\u00dfen LED beleuchtet, der Anschluss erfolgt \u00fcber braun-gelbe Kabel. Die Laterne wird mit der Weiche in die jeweils richtige Stellung umgeschaltet und zeigt dem Lokf\u00fchrer die Weichenstellung an. Die vorbildgerechte und helle Anzeige der Weichenstellung wertet besonders Weichenstra\u00dfen und Bahnhofsvorfelder stark auf. Enthalten ist je ein Lampengeh\u00e4use f\u00fcr Rechts- und Linksabzweig. Ma\u00dfe: L 2,9 x B 2 x H 0,53 cm.<\/div>\n<\/div>\n","protected":false},"excerpt":{"rendered":"<p>Produktinformationen &#8222;H0 Weichenlaterne mit Adapter f\u00fcr Universalantrieb 4560&#8220; Diese Weichenlaterne wird \u00fcber ihren zugeh\u00f6rigen Adapter an der Stirnseite des Universalantriebs Art. 4560 angebaut und verwendet dessen L\u00e4ngsabtrieb. Am Ausgang des Adapters befindet sich wiederum ein eigener L\u00e4ngsabtrieb \u2013 die volle Funktionalit\u00e4t des Universalantriebs Art. 4560 bleibt somit erhalten. Die Weichenlaterne wird von einer wei\u00dfen LED&#8230;<\/p>\n","protected":false},"featured_media":4748,"comment_status":"open","ping_status":"closed","template":"","meta":[],"product_brand":[],"product_cat":[130,38,37],"product_tag":[292,291],"class_list":{"0":"post-4747","1":"product","2":"type-product","3":"status-publish","4":"has-post-thumbnail","6":"product_cat-bahnzubehoer-h0","7":"product_cat-unkategorisiert","8":"product_cat-viessmann","9":"product_tag-kein-spielzeug-nicht-geeignet-fuer-kinder-unter-14-jahren","10":"product_tag-warn-und-sicherheitshinweise-modellbauartikel","12":"first","13":"instock","14":"taxable","15":"shipping-taxable","16":"purchasable","17":"product-type-simple"},"jetpack_sharing_enabled":true,"_links":{"self":[{"href":"https:\/\/www.mg-modelleisenbahnbau.de\/startseite-2\/wp-json\/wp\/v2\/product\/4747","targetHints":{"allow":["GET"]}}],"collection":[{"href":"https:\/\/www.mg-modelleisenbahnbau.de\/startseite-2\/wp-json\/wp\/v2\/product"}],"about":[{"href":"https:\/\/www.mg-modelleisenbahnbau.de\/startseite-2\/wp-json\/wp\/v2\/types\/product"}],"replies":[{"embeddable":true,"href":"https:\/\/www.mg-modelleisenbahnbau.de\/startseite-2\/wp-json\/wp\/v2\/comments?post=4747"}],"wp:featuredmedia":[{"embeddable":true,"href":"https:\/\/www.mg-modelleisenbahnbau.de\/startseite-2\/wp-json\/wp\/v2\/media\/4748"}],"wp:attachment":[{"href":"https:\/\/www.mg-modelleisenbahnbau.de\/startseite-2\/wp-json\/wp\/v2\/media?parent=4747"}],"wp:term":[{"taxonomy":"product_brand","embeddable":true,"href":"https:\/\/www.mg-modelleisenbahnbau.de\/startseite-2\/wp-json\/wp\/v2\/product_brand?post=4747"},{"taxonomy":"product_cat","embeddable":true,"href":"https:\/\/www.mg-modelleisenbahnbau.de\/startseite-2\/wp-json\/wp\/v2\/product_cat?post=4747"},{"taxonomy":"product_tag","embeddable":true,"href":"https:\/\/www.mg-modelleisenbahnbau.de\/startseite-2\/wp-json\/wp\/v2\/product_tag?post=4747"}],"curies":[{"name":"wp","href":"https:\/\/api.w.org\/{rel}","templated":true}]}}