{"id":391,"date":"2018-10-12T15:54:03","date_gmt":"2018-10-12T13:54:03","guid":{"rendered":"http:\/\/www.mg-modelleisenbahnbau.de\/?post_type=product&#038;p=391"},"modified":"2025-07-01T11:44:12","modified_gmt":"2025-07-01T09:44:12","slug":"48900-steinkunst-modellierpaste-farbe-natur-500-g","status":"publish","type":"product","link":"https:\/\/www.mg-modelleisenbahnbau.de\/startseite-2\/produkt\/48900-steinkunst-modellierpaste-farbe-natur-500-g\/","title":{"rendered":"48900 Steinkunst-Modellierpaste, Farbe Natur, 500 g"},"content":{"rendered":"<p>Produktinformationen &#8222;Steinkunst-Modellierpaste, Farbe Natur, 500 g&#8220;<br \/>\nWetterfeste und wasserverd\u00fcnnbare Modellierpaste. Mit handels\u00fcblichen, wasserverd\u00fcnnbaren F\u00e4rbemitteln (z. B. Acrylfarben, Pulver oder Acryl-Abt\u00f6npasten) kann die Paste individuell farblich gestaltet werden. Es gen\u00fcgen die Farben Schwarz, Braun und Rot, um den gew\u00fcnschten Farbton zu erhalten.<\/p>\n","protected":false},"excerpt":{"rendered":"<p>Produktinformationen &#8222;Steinkunst-Modellierpaste, Farbe Natur, 500 g&#8220; Wetterfeste und wasserverd\u00fcnnbare Modellierpaste. Mit handels\u00fcblichen, wasserverd\u00fcnnbaren F\u00e4rbemitteln (z. B. Acrylfarben, Pulver oder Acryl-Abt\u00f6npasten) kann die Paste individuell farblich gestaltet werden. Es gen\u00fcgen die Farben Schwarz, Braun und Rot, um den gew\u00fcnschten Farbton zu erhalten.<\/p>\n","protected":false},"featured_media":392,"comment_status":"open","ping_status":"closed","template":"","meta":[],"product_brand":[],"product_cat":[183,182,188,186,38,41,160,180,179,187,178,185],"product_tag":[292,291],"class_list":{"0":"post-391","1":"product","2":"type-product","3":"status-publish","4":"has-post-thumbnail","6":"product_cat-steinkunst-0-vollmer-spur-0","7":"product_cat-steinkunst-spur-g","8":"product_cat-steinkunst-spur-n","9":"product_cat-steinkunst-spur-z","10":"product_cat-unkategorisiert","11":"product_cat-vollmer","12":"product_cat-vollmer-ho","13":"product_cat-vollmer-spur-0","14":"product_cat-vollmer-spur-g","15":"product_cat-vollmer-spur-n","16":"product_cat-vollmer-spur-tt","17":"product_cat-vollmer-spur-z","18":"product_tag-kein-spielzeug-nicht-geeignet-fuer-kinder-unter-14-jahren","19":"product_tag-warn-und-sicherheitshinweise-modellbauartikel","21":"first","22":"instock","23":"taxable","24":"shipping-taxable","25":"purchasable","26":"product-type-simple"},"jetpack_sharing_enabled":true,"_links":{"self":[{"href":"https:\/\/www.mg-modelleisenbahnbau.de\/startseite-2\/wp-json\/wp\/v2\/product\/391","targetHints":{"allow":["GET"]}}],"collection":[{"href":"https:\/\/www.mg-modelleisenbahnbau.de\/startseite-2\/wp-json\/wp\/v2\/product"}],"about":[{"href":"https:\/\/www.mg-modelleisenbahnbau.de\/startseite-2\/wp-json\/wp\/v2\/types\/product"}],"replies":[{"embeddable":true,"href":"https:\/\/www.mg-modelleisenbahnbau.de\/startseite-2\/wp-json\/wp\/v2\/comments?post=391"}],"wp:featuredmedia":[{"embeddable":true,"href":"https:\/\/www.mg-modelleisenbahnbau.de\/startseite-2\/wp-json\/wp\/v2\/media\/392"}],"wp:attachment":[{"href":"https:\/\/www.mg-modelleisenbahnbau.de\/startseite-2\/wp-json\/wp\/v2\/media?parent=391"}],"wp:term":[{"taxonomy":"product_brand","embeddable":true,"href":"https:\/\/www.mg-modelleisenbahnbau.de\/startseite-2\/wp-json\/wp\/v2\/product_brand?post=391"},{"taxonomy":"product_cat","embeddable":true,"href":"https:\/\/www.mg-modelleisenbahnbau.de\/startseite-2\/wp-json\/wp\/v2\/product_cat?post=391"},{"taxonomy":"product_tag","embeddable":true,"href":"https:\/\/www.mg-modelleisenbahnbau.de\/startseite-2\/wp-json\/wp\/v2\/product_tag?post=391"}],"curies":[{"name":"wp","href":"https:\/\/api.w.org\/{rel}","templated":true}]}}