{"id":3350,"date":"2019-08-20T13:36:48","date_gmt":"2019-08-20T11:36:48","guid":{"rendered":"http:\/\/www.mg-modelleisenbahnbau.de\/?post_type=product&#038;p=3350"},"modified":"2025-06-30T17:22:35","modified_gmt":"2025-06-30T15:22:35","slug":"39495-h0-set-walserdorf","status":"publish","type":"product","link":"https:\/\/www.mg-modelleisenbahnbau.de\/startseite-2\/produkt\/39495-h0-set-walserdorf\/","title":{"rendered":"39495 H0 Set Walserdorf"},"content":{"rendered":"<div class=\"content--description\">\n<div class=\"content--title\">Produktinformationen &#8222;H0 Set Walserdorf&#8220;<\/div>\n<div class=\"product--description\">Bausatz. Die Landschaft um Davos ist von Bauten der Walser gepr\u00e4gt, die im 13. Jahrhundert aus dem Oberwallis zuzogen. H\u00e4ufig sind dort solche Holzbauten anzutreffen, sowohl als typische Einzelhofsiedlung als auch ganze D\u00f6rfer. Das Set besteht aus 2 Wohnh\u00e4usern, einem Stall und Stadel. Dazu passt der Bahnhof Davos-Monstein Art. 39493. Mit Stecksystem. Ma\u00dfe: L 12,5 x B 9,5 x H 9,8 cm, L 12,5 x B 9,5 x H 9,8 cm, L 9,5 x B 7 x H 9 cm, L 7,5 x B 6 x H 7 cm, Zaun L 171 x B 0,2 x H 1,2 cm. Schwierigkeitsgrad: 2 (Fortgeschrittene).<\/div>\n<\/div>\n","protected":false},"excerpt":{"rendered":"<p>Produktinformationen &#8222;H0 Set Walserdorf&#8220; Bausatz. Die Landschaft um Davos ist von Bauten der Walser gepr\u00e4gt, die im 13. Jahrhundert aus dem Oberwallis zuzogen. H\u00e4ufig sind dort solche Holzbauten anzutreffen, sowohl als typische Einzelhofsiedlung als auch ganze D\u00f6rfer. Das Set besteht aus 2 Wohnh\u00e4usern, einem Stall und Stadel. Dazu passt der Bahnhof Davos-Monstein Art. 39493. Mit&#8230;<\/p>\n","protected":false},"featured_media":3351,"comment_status":"open","ping_status":"closed","template":"","meta":[],"product_brand":[],"product_cat":[216,44,201,38],"product_tag":[292,291],"class_list":{"0":"post-3350","1":"product","2":"type-product","3":"status-publish","4":"has-post-thumbnail","6":"product_cat-alpenhaeuser-ho","7":"product_cat-kibri","8":"product_cat-kibri-spur-ho","9":"product_cat-unkategorisiert","10":"product_tag-kein-spielzeug-nicht-geeignet-fuer-kinder-unter-14-jahren","11":"product_tag-warn-und-sicherheitshinweise-modellbauartikel","13":"first","14":"instock","15":"taxable","16":"shipping-taxable","17":"purchasable","18":"product-type-simple"},"jetpack_sharing_enabled":true,"_links":{"self":[{"href":"https:\/\/www.mg-modelleisenbahnbau.de\/startseite-2\/wp-json\/wp\/v2\/product\/3350","targetHints":{"allow":["GET"]}}],"collection":[{"href":"https:\/\/www.mg-modelleisenbahnbau.de\/startseite-2\/wp-json\/wp\/v2\/product"}],"about":[{"href":"https:\/\/www.mg-modelleisenbahnbau.de\/startseite-2\/wp-json\/wp\/v2\/types\/product"}],"replies":[{"embeddable":true,"href":"https:\/\/www.mg-modelleisenbahnbau.de\/startseite-2\/wp-json\/wp\/v2\/comments?post=3350"}],"wp:featuredmedia":[{"embeddable":true,"href":"https:\/\/www.mg-modelleisenbahnbau.de\/startseite-2\/wp-json\/wp\/v2\/media\/3351"}],"wp:attachment":[{"href":"https:\/\/www.mg-modelleisenbahnbau.de\/startseite-2\/wp-json\/wp\/v2\/media?parent=3350"}],"wp:term":[{"taxonomy":"product_brand","embeddable":true,"href":"https:\/\/www.mg-modelleisenbahnbau.de\/startseite-2\/wp-json\/wp\/v2\/product_brand?post=3350"},{"taxonomy":"product_cat","embeddable":true,"href":"https:\/\/www.mg-modelleisenbahnbau.de\/startseite-2\/wp-json\/wp\/v2\/product_cat?post=3350"},{"taxonomy":"product_tag","embeddable":true,"href":"https:\/\/www.mg-modelleisenbahnbau.de\/startseite-2\/wp-json\/wp\/v2\/product_tag?post=3350"}],"curies":[{"name":"wp","href":"https:\/\/api.w.org\/{rel}","templated":true}]}}