{"id":3254,"date":"2019-08-20T10:50:37","date_gmt":"2019-08-20T08:50:37","guid":{"rendered":"http:\/\/www.mg-modelleisenbahnbau.de\/?post_type=product&#038;p=3254"},"modified":"2025-06-30T17:23:34","modified_gmt":"2025-06-30T15:23:34","slug":"39770-h0-kirche-in-ramsau","status":"publish","type":"product","link":"https:\/\/www.mg-modelleisenbahnbau.de\/startseite-2\/produkt\/39770-h0-kirche-in-ramsau\/","title":{"rendered":"39770 H0 Kirche in Ramsau"},"content":{"rendered":"<div class=\"content--description\">\n<div class=\"content--title\">Produktinformationen &#8222;H0 Kirche in Ramsau&#8220;<\/div>\n<div class=\"product--description\">Bausatz. Die Pfarrkirche St. Sebastian ist eine r\u00f6misch-katholische, denkmalgesch\u00fctzte Kirche in Ramsau bei Berchtesgaden. Sie liegt im Ortszentrum und geh\u00f6rt zum Gebiet der Gnotschaft Taubensee. Sie erlangte Bekanntheit als Motiv der Landschaftsmalerei (Quelle: Wikipedia). Ma\u00dfe: L 29 x B 10,5 x H 30 cm. Schwierigkeitsgrad: 2 (Fortgeschrittene).<\/div>\n<\/div>\n","protected":false},"excerpt":{"rendered":"<p>Produktinformationen &#8222;H0 Kirche in Ramsau&#8220; Bausatz. Die Pfarrkirche St. Sebastian ist eine r\u00f6misch-katholische, denkmalgesch\u00fctzte Kirche in Ramsau bei Berchtesgaden. Sie liegt im Ortszentrum und geh\u00f6rt zum Gebiet der Gnotschaft Taubensee. Sie erlangte Bekanntheit als Motiv der Landschaftsmalerei (Quelle: Wikipedia). Ma\u00dfe: L 29 x B 10,5 x H 30 cm. Schwierigkeitsgrad: 2 (Fortgeschrittene).<\/p>\n","protected":false},"featured_media":3255,"comment_status":"open","ping_status":"closed","template":"","meta":[],"product_brand":[],"product_cat":[44,201,213,38],"product_tag":[292,291],"class_list":{"0":"post-3254","1":"product","2":"type-product","3":"status-publish","4":"has-post-thumbnail","6":"product_cat-kibri","7":"product_cat-kibri-spur-ho","8":"product_cat-kapellen-ho","9":"product_cat-unkategorisiert","10":"product_tag-kein-spielzeug-nicht-geeignet-fuer-kinder-unter-14-jahren","11":"product_tag-warn-und-sicherheitshinweise-modellbauartikel","13":"first","14":"instock","15":"taxable","16":"shipping-taxable","17":"purchasable","18":"product-type-simple"},"jetpack_sharing_enabled":true,"_links":{"self":[{"href":"https:\/\/www.mg-modelleisenbahnbau.de\/startseite-2\/wp-json\/wp\/v2\/product\/3254","targetHints":{"allow":["GET"]}}],"collection":[{"href":"https:\/\/www.mg-modelleisenbahnbau.de\/startseite-2\/wp-json\/wp\/v2\/product"}],"about":[{"href":"https:\/\/www.mg-modelleisenbahnbau.de\/startseite-2\/wp-json\/wp\/v2\/types\/product"}],"replies":[{"embeddable":true,"href":"https:\/\/www.mg-modelleisenbahnbau.de\/startseite-2\/wp-json\/wp\/v2\/comments?post=3254"}],"wp:featuredmedia":[{"embeddable":true,"href":"https:\/\/www.mg-modelleisenbahnbau.de\/startseite-2\/wp-json\/wp\/v2\/media\/3255"}],"wp:attachment":[{"href":"https:\/\/www.mg-modelleisenbahnbau.de\/startseite-2\/wp-json\/wp\/v2\/media?parent=3254"}],"wp:term":[{"taxonomy":"product_brand","embeddable":true,"href":"https:\/\/www.mg-modelleisenbahnbau.de\/startseite-2\/wp-json\/wp\/v2\/product_brand?post=3254"},{"taxonomy":"product_cat","embeddable":true,"href":"https:\/\/www.mg-modelleisenbahnbau.de\/startseite-2\/wp-json\/wp\/v2\/product_cat?post=3254"},{"taxonomy":"product_tag","embeddable":true,"href":"https:\/\/www.mg-modelleisenbahnbau.de\/startseite-2\/wp-json\/wp\/v2\/product_tag?post=3254"}],"curies":[{"name":"wp","href":"https:\/\/api.w.org\/{rel}","templated":true}]}}