{"id":3159,"date":"2019-08-19T10:49:38","date_gmt":"2019-08-19T08:49:38","guid":{"rendered":"http:\/\/www.mg-modelleisenbahnbau.de\/?post_type=product&#038;p=3159"},"modified":"2025-06-30T14:13:39","modified_gmt":"2025-06-30T12:13:39","slug":"38381-h0-rathaus-leer","status":"publish","type":"product","link":"https:\/\/www.mg-modelleisenbahnbau.de\/startseite-2\/produkt\/38381-h0-rathaus-leer\/","title":{"rendered":"38381 H0 Rathaus Leer"},"content":{"rendered":"<div class=\"content--description\">\n<div class=\"content--title\">Produktinformationen &#8222;H0 Rathaus Leer&#8220;<\/div>\n<div class=\"product--description\">Bausatz. Weithin sichtbar weist der hohe Rathausturm dem Besucher den richtigen Weg in die wundersch\u00f6ne Altstadt der Stadt Leer. Direkt am idyllischen Binnenhafen gelegen, bildet das imposante Geb\u00e4ude zusammen mit der historischen Waage ein malerisches Ensemble. Noch heute bezaubert das im Stil der deutschen Renaissance erbaute Stadthaus seine G\u00e4ste, die staunend die pr\u00e4chtigen Decken- und Wandmalereien in den langen hallenartigen Fluren bewundern. Einst vom Aachener Professor Henrici entworfen und unter der Aufsicht des Stadtbaumeisters Carl Jipp von Maurermeister E. Schumacher aus Leer erbaut, geh\u00f6rt das heutige \u201ealte\u201c Rathaus zu den herausragenden Sehensw\u00fcrdigkeiten der Region. Dabei war der Stadt Leer noch gar nicht so lange das Stadtrecht verliehen, als im Jahr 1894 dieses Stadtbild pr\u00e4gende Haus feierlich eingeweiht wurde. Gerade 71 Jahre waren seit Bestehen der st\u00e4dtischen Verfassung in Leer vergangen (Quelle www.leer.de). Ma\u00dfe: L 29,5 x B 22,5 x H 36 cm. Schwierigkeitsgrad: 2 (Fortgeschrittene).<\/div>\n<\/div>\n","protected":false},"excerpt":{"rendered":"<p>Produktinformationen &#8222;H0 Rathaus Leer&#8220; Bausatz. Weithin sichtbar weist der hohe Rathausturm dem Besucher den richtigen Weg in die wundersch\u00f6ne Altstadt der Stadt Leer. Direkt am idyllischen Binnenhafen gelegen, bildet das imposante Geb\u00e4ude zusammen mit der historischen Waage ein malerisches Ensemble. Noch heute bezaubert das im Stil der deutschen Renaissance erbaute Stadthaus seine G\u00e4ste, die staunend&#8230;<\/p>\n","protected":false},"featured_media":3160,"comment_status":"open","ping_status":"closed","template":"","meta":[],"product_brand":[],"product_cat":[44,201,210,38],"product_tag":[292,291],"class_list":{"0":"post-3159","1":"product","2":"type-product","3":"status-publish","4":"has-post-thumbnail","6":"product_cat-kibri","7":"product_cat-kibri-spur-ho","8":"product_cat-stadthaeuser-ho","9":"product_cat-unkategorisiert","10":"product_tag-kein-spielzeug-nicht-geeignet-fuer-kinder-unter-14-jahren","11":"product_tag-warn-und-sicherheitshinweise-modellbauartikel","13":"first","14":"instock","15":"taxable","16":"shipping-taxable","17":"purchasable","18":"product-type-simple"},"jetpack_sharing_enabled":true,"_links":{"self":[{"href":"https:\/\/www.mg-modelleisenbahnbau.de\/startseite-2\/wp-json\/wp\/v2\/product\/3159","targetHints":{"allow":["GET"]}}],"collection":[{"href":"https:\/\/www.mg-modelleisenbahnbau.de\/startseite-2\/wp-json\/wp\/v2\/product"}],"about":[{"href":"https:\/\/www.mg-modelleisenbahnbau.de\/startseite-2\/wp-json\/wp\/v2\/types\/product"}],"replies":[{"embeddable":true,"href":"https:\/\/www.mg-modelleisenbahnbau.de\/startseite-2\/wp-json\/wp\/v2\/comments?post=3159"}],"wp:featuredmedia":[{"embeddable":true,"href":"https:\/\/www.mg-modelleisenbahnbau.de\/startseite-2\/wp-json\/wp\/v2\/media\/3160"}],"wp:attachment":[{"href":"https:\/\/www.mg-modelleisenbahnbau.de\/startseite-2\/wp-json\/wp\/v2\/media?parent=3159"}],"wp:term":[{"taxonomy":"product_brand","embeddable":true,"href":"https:\/\/www.mg-modelleisenbahnbau.de\/startseite-2\/wp-json\/wp\/v2\/product_brand?post=3159"},{"taxonomy":"product_cat","embeddable":true,"href":"https:\/\/www.mg-modelleisenbahnbau.de\/startseite-2\/wp-json\/wp\/v2\/product_cat?post=3159"},{"taxonomy":"product_tag","embeddable":true,"href":"https:\/\/www.mg-modelleisenbahnbau.de\/startseite-2\/wp-json\/wp\/v2\/product_tag?post=3159"}],"curies":[{"name":"wp","href":"https:\/\/api.w.org\/{rel}","templated":true}]}}