{"id":3153,"date":"2019-08-19T10:36:31","date_gmt":"2019-08-19T08:36:31","guid":{"rendered":"http:\/\/www.mg-modelleisenbahnbau.de\/?post_type=product&#038;p=3153"},"modified":"2025-06-30T12:47:10","modified_gmt":"2025-06-30T10:47:10","slug":"38032-h0-laendliche-feuerwache-inkl-hausbeleuchtungs-startset","status":"publish","type":"product","link":"https:\/\/www.mg-modelleisenbahnbau.de\/startseite-2\/produkt\/38032-h0-laendliche-feuerwache-inkl-hausbeleuchtungs-startset\/","title":{"rendered":"38032 H0 L\u00e4ndliche Feuerwache inkl. Hausbeleuchtungs- Startset"},"content":{"rendered":"<div class=\"content--description\">\n<div class=\"content--title\">Produktinformationen &#8222;H0 L\u00e4ndliche Feuerwache inkl. Hausbeleuchtungs- Startset&#8220;<\/div>\n<div class=\"product--description\">Funktionsbausatz. Diese typische s\u00fcddeutsche Feuerwache mit 2 Toren ist sehr harmonisch gestaltet und f\u00fcgt sich leicht in ein vorhandenes Modellszenario ein. Dabei \u00fcberzeugt das platzsparende Modell durch Filigranit\u00e4t und den sauber ausgearbeiteten aufgesetzten Sirenenturm. Die passende LED-Beleuchtung f\u00fcr ein Fenster liegt dem Bausatz bei. Sie ist einfach zu montieren und genau auf das Modell abgestimmt. Ma\u00dfe: L 13,3 x B 11,2 x H 11 cm. Schwierigkeitsgrad: 2 (Fortgeschrittene).<\/div>\n<\/div>\n","protected":false},"excerpt":{"rendered":"<p>Produktinformationen &#8222;H0 L\u00e4ndliche Feuerwache inkl. Hausbeleuchtungs- Startset&#8220; Funktionsbausatz. Diese typische s\u00fcddeutsche Feuerwache mit 2 Toren ist sehr harmonisch gestaltet und f\u00fcgt sich leicht in ein vorhandenes Modellszenario ein. Dabei \u00fcberzeugt das platzsparende Modell durch Filigranit\u00e4t und den sauber ausgearbeiteten aufgesetzten Sirenenturm. Die passende LED-Beleuchtung f\u00fcr ein Fenster liegt dem Bausatz bei. Sie ist einfach zu&#8230;<\/p>\n","protected":false},"featured_media":3154,"comment_status":"open","ping_status":"closed","template":"","meta":[],"product_brand":[],"product_cat":[44,201,209,38],"product_tag":[292,291],"class_list":{"0":"post-3153","1":"product","2":"type-product","3":"status-publish","4":"has-post-thumbnail","6":"product_cat-kibri","7":"product_cat-kibri-spur-ho","8":"product_cat-thw-feuerwehrhaeser-ho","9":"product_cat-unkategorisiert","10":"product_tag-kein-spielzeug-nicht-geeignet-fuer-kinder-unter-14-jahren","11":"product_tag-warn-und-sicherheitshinweise-modellbauartikel","13":"first","14":"instock","15":"taxable","16":"shipping-taxable","17":"purchasable","18":"product-type-simple"},"jetpack_sharing_enabled":true,"_links":{"self":[{"href":"https:\/\/www.mg-modelleisenbahnbau.de\/startseite-2\/wp-json\/wp\/v2\/product\/3153","targetHints":{"allow":["GET"]}}],"collection":[{"href":"https:\/\/www.mg-modelleisenbahnbau.de\/startseite-2\/wp-json\/wp\/v2\/product"}],"about":[{"href":"https:\/\/www.mg-modelleisenbahnbau.de\/startseite-2\/wp-json\/wp\/v2\/types\/product"}],"replies":[{"embeddable":true,"href":"https:\/\/www.mg-modelleisenbahnbau.de\/startseite-2\/wp-json\/wp\/v2\/comments?post=3153"}],"wp:featuredmedia":[{"embeddable":true,"href":"https:\/\/www.mg-modelleisenbahnbau.de\/startseite-2\/wp-json\/wp\/v2\/media\/3154"}],"wp:attachment":[{"href":"https:\/\/www.mg-modelleisenbahnbau.de\/startseite-2\/wp-json\/wp\/v2\/media?parent=3153"}],"wp:term":[{"taxonomy":"product_brand","embeddable":true,"href":"https:\/\/www.mg-modelleisenbahnbau.de\/startseite-2\/wp-json\/wp\/v2\/product_brand?post=3153"},{"taxonomy":"product_cat","embeddable":true,"href":"https:\/\/www.mg-modelleisenbahnbau.de\/startseite-2\/wp-json\/wp\/v2\/product_cat?post=3153"},{"taxonomy":"product_tag","embeddable":true,"href":"https:\/\/www.mg-modelleisenbahnbau.de\/startseite-2\/wp-json\/wp\/v2\/product_tag?post=3153"}],"curies":[{"name":"wp","href":"https:\/\/api.w.org\/{rel}","templated":true}]}}