{"id":2891,"date":"2019-04-12T09:03:36","date_gmt":"2019-04-12T07:03:36","guid":{"rendered":"http:\/\/www.mg-modelleisenbahnbau.de\/?post_type=product&#038;p=2891"},"modified":"2025-06-30T17:33:38","modified_gmt":"2025-06-30T15:33:38","slug":"39827-h0-erweiterungsgebaeude-brauerei-feldschloesschen","status":"publish","type":"product","link":"https:\/\/www.mg-modelleisenbahnbau.de\/startseite-2\/produkt\/39827-h0-erweiterungsgebaeude-brauerei-feldschloesschen\/","title":{"rendered":"39827 H0 Erweiterungsgeb\u00e4ude Brauerei Feldschl\u00f6sschen"},"content":{"rendered":"<div class=\"content--description\">\n<div class=\"content--title\">Produktinformationen &#8222;H0 Erweiterungsgeb\u00e4ude Brauerei Feldschl\u00f6sschen&#8220;<\/div>\n<div class=\"product--description\">Bausatz. Dieses kibri Modell entstand in Anlehnung an die Brauerei Feldschl\u00f6sschen in Rheinfelden in der Schweiz. In dem ehemaligen Gifth\u00fcttli, das zur Brauerei umgebaut wurde, brauten Bierbrauer zum ersten Mal Ende des 19. Jahrhunderts Bier. Die Erweiterung der Anlage erfolgte kontinuierlich bis in die 60er Jahre des 20. Jahrhunderts. Die Baumaterialien, zweifarbiger Backstein und Naturstein, verleihen den Geb\u00e4uden einen gewissen Schloss-Charakter. Dazu passen das Braugeb\u00e4ude Art. 39825, das K\u00fchlhaus Art. 39826 und die Lagerhalle Art. 39217. Mit Stecksystem. Hergestellt im Zweifarben-Spritzgie\u00dfverfahren. Ma\u00dfe: L 15,5 x B 13,5 x H 15,8 cm. Schwierigkeitsgrad: 2 (Fortgeschrittene).<\/div>\n<\/div>\n","protected":false},"excerpt":{"rendered":"<p>Produktinformationen &#8222;H0 Erweiterungsgeb\u00e4ude Brauerei Feldschl\u00f6sschen&#8220; Bausatz. Dieses kibri Modell entstand in Anlehnung an die Brauerei Feldschl\u00f6sschen in Rheinfelden in der Schweiz. In dem ehemaligen Gifth\u00fcttli, das zur Brauerei umgebaut wurde, brauten Bierbrauer zum ersten Mal Ende des 19. Jahrhunderts Bier. Die Erweiterung der Anlage erfolgte kontinuierlich bis in die 60er Jahre des 20. Jahrhunderts. Die&#8230;<\/p>\n","protected":false},"featured_media":2921,"comment_status":"open","ping_status":"closed","template":"","meta":[],"product_brand":[],"product_cat":[208,44,201,38],"product_tag":[292,291],"class_list":{"0":"post-2891","1":"product","2":"type-product","3":"status-publish","4":"has-post-thumbnail","6":"product_cat-industrie-gewerbe-hallen","7":"product_cat-kibri","8":"product_cat-kibri-spur-ho","9":"product_cat-unkategorisiert","10":"product_tag-kein-spielzeug-nicht-geeignet-fuer-kinder-unter-14-jahren","11":"product_tag-warn-und-sicherheitshinweise-modellbauartikel","13":"first","14":"instock","15":"taxable","16":"shipping-taxable","17":"purchasable","18":"product-type-simple"},"jetpack_sharing_enabled":true,"_links":{"self":[{"href":"https:\/\/www.mg-modelleisenbahnbau.de\/startseite-2\/wp-json\/wp\/v2\/product\/2891","targetHints":{"allow":["GET"]}}],"collection":[{"href":"https:\/\/www.mg-modelleisenbahnbau.de\/startseite-2\/wp-json\/wp\/v2\/product"}],"about":[{"href":"https:\/\/www.mg-modelleisenbahnbau.de\/startseite-2\/wp-json\/wp\/v2\/types\/product"}],"replies":[{"embeddable":true,"href":"https:\/\/www.mg-modelleisenbahnbau.de\/startseite-2\/wp-json\/wp\/v2\/comments?post=2891"}],"wp:featuredmedia":[{"embeddable":true,"href":"https:\/\/www.mg-modelleisenbahnbau.de\/startseite-2\/wp-json\/wp\/v2\/media\/2921"}],"wp:attachment":[{"href":"https:\/\/www.mg-modelleisenbahnbau.de\/startseite-2\/wp-json\/wp\/v2\/media?parent=2891"}],"wp:term":[{"taxonomy":"product_brand","embeddable":true,"href":"https:\/\/www.mg-modelleisenbahnbau.de\/startseite-2\/wp-json\/wp\/v2\/product_brand?post=2891"},{"taxonomy":"product_cat","embeddable":true,"href":"https:\/\/www.mg-modelleisenbahnbau.de\/startseite-2\/wp-json\/wp\/v2\/product_cat?post=2891"},{"taxonomy":"product_tag","embeddable":true,"href":"https:\/\/www.mg-modelleisenbahnbau.de\/startseite-2\/wp-json\/wp\/v2\/product_tag?post=2891"}],"curies":[{"name":"wp","href":"https:\/\/api.w.org\/{rel}","templated":true}]}}