{"id":2881,"date":"2019-04-08T18:06:38","date_gmt":"2019-04-08T16:06:38","guid":{"rendered":"http:\/\/www.mg-modelleisenbahnbau.de\/?post_type=product&#038;p=2881"},"modified":"2025-06-30T17:29:46","modified_gmt":"2025-06-30T15:29:46","slug":"39808-h0-spinnerei-h-zwirn","status":"publish","type":"product","link":"https:\/\/www.mg-modelleisenbahnbau.de\/startseite-2\/produkt\/39808-h0-spinnerei-h-zwirn\/","title":{"rendered":"39808 H0 Spinnerei H. Zwirn"},"content":{"rendered":"<div class=\"content--description\">\n<div class=\"content--title\">Produktinformationen &#8222;H0 Spinnerei H. Zwirn&#8220;<\/div>\n<div class=\"product--description\">Bausatz. Kennen Sie die Spinnerei H. Zwirn? Durch die kompakten Abmessungen und die liebevoll nachgebildeten Details bietet sich dieser Bausatz auch f\u00fcr kleinere Gewerbegebiete oder f\u00fcr den Einsatz an einem eigenen Verladegleis an. Mit einem zweiten Bausatz ist das Modell verl\u00e4ngerbar. Ma\u00dfe: L 23,5 x B 15 x H 10,5 cm. Schwierigkeitsgrad: 2 (Fortgeschrittene).<\/div>\n<\/div>\n","protected":false},"excerpt":{"rendered":"<p>Produktinformationen &#8222;H0 Spinnerei H. Zwirn&#8220; Bausatz. Kennen Sie die Spinnerei H. Zwirn? Durch die kompakten Abmessungen und die liebevoll nachgebildeten Details bietet sich dieser Bausatz auch f\u00fcr kleinere Gewerbegebiete oder f\u00fcr den Einsatz an einem eigenen Verladegleis an. Mit einem zweiten Bausatz ist das Modell verl\u00e4ngerbar. Ma\u00dfe: L 23,5 x B 15 x H 10,5&#8230;<\/p>\n","protected":false},"featured_media":2927,"comment_status":"open","ping_status":"closed","template":"","meta":[],"product_brand":[],"product_cat":[208,44,201,38],"product_tag":[292,291],"class_list":{"0":"post-2881","1":"product","2":"type-product","3":"status-publish","4":"has-post-thumbnail","6":"product_cat-industrie-gewerbe-hallen","7":"product_cat-kibri","8":"product_cat-kibri-spur-ho","9":"product_cat-unkategorisiert","10":"product_tag-kein-spielzeug-nicht-geeignet-fuer-kinder-unter-14-jahren","11":"product_tag-warn-und-sicherheitshinweise-modellbauartikel","13":"first","14":"instock","15":"taxable","16":"shipping-taxable","17":"purchasable","18":"product-type-simple"},"jetpack_sharing_enabled":true,"_links":{"self":[{"href":"https:\/\/www.mg-modelleisenbahnbau.de\/startseite-2\/wp-json\/wp\/v2\/product\/2881","targetHints":{"allow":["GET"]}}],"collection":[{"href":"https:\/\/www.mg-modelleisenbahnbau.de\/startseite-2\/wp-json\/wp\/v2\/product"}],"about":[{"href":"https:\/\/www.mg-modelleisenbahnbau.de\/startseite-2\/wp-json\/wp\/v2\/types\/product"}],"replies":[{"embeddable":true,"href":"https:\/\/www.mg-modelleisenbahnbau.de\/startseite-2\/wp-json\/wp\/v2\/comments?post=2881"}],"wp:featuredmedia":[{"embeddable":true,"href":"https:\/\/www.mg-modelleisenbahnbau.de\/startseite-2\/wp-json\/wp\/v2\/media\/2927"}],"wp:attachment":[{"href":"https:\/\/www.mg-modelleisenbahnbau.de\/startseite-2\/wp-json\/wp\/v2\/media?parent=2881"}],"wp:term":[{"taxonomy":"product_brand","embeddable":true,"href":"https:\/\/www.mg-modelleisenbahnbau.de\/startseite-2\/wp-json\/wp\/v2\/product_brand?post=2881"},{"taxonomy":"product_cat","embeddable":true,"href":"https:\/\/www.mg-modelleisenbahnbau.de\/startseite-2\/wp-json\/wp\/v2\/product_cat?post=2881"},{"taxonomy":"product_tag","embeddable":true,"href":"https:\/\/www.mg-modelleisenbahnbau.de\/startseite-2\/wp-json\/wp\/v2\/product_tag?post=2881"}],"curies":[{"name":"wp","href":"https:\/\/api.w.org\/{rel}","templated":true}]}}