{"id":2857,"date":"2019-04-07T07:20:08","date_gmt":"2019-04-07T05:20:08","guid":{"rendered":"http:\/\/www.mg-modelleisenbahnbau.de\/?post_type=product&#038;p=2857"},"modified":"2025-06-30T17:08:36","modified_gmt":"2025-06-30T15:08:36","slug":"39450-h0-lokschuppen-dreistaendig","status":"publish","type":"product","link":"https:\/\/www.mg-modelleisenbahnbau.de\/startseite-2\/produkt\/39450-h0-lokschuppen-dreistaendig\/","title":{"rendered":"39450 H0 Lokschuppen, dreist\u00e4ndig"},"content":{"rendered":"<div class=\"content--description\">\n<div class=\"content--title\">Produktinformationen &#8222;H0 Lokschuppen, dreist\u00e4ndig&#8220;<\/div>\n<div class=\"product--description\">Bausatz. Dieser moderne Lokschuppen eignet sich f\u00fcr den Einsatz in den Epochen III \u2013 V. Die gro\u00dfen Fensterfl\u00e4chen sorgen f\u00fcr gute Lichtverh\u00e4ltnisse im Innenraum, wo Reparatur- und Revisionsarbeiten durchgef\u00fchrt werden k\u00f6nnen. Die Tore sind manuell beweglich. F\u00fcr den Einbau einer Oberleitung geeignet. Der Lokschuppen kann mit einem weiteren Bausatz 39450 um weitere drei St\u00e4nde erweitert werden. Nicht geeignet f\u00fcr Bettungsgleise (au\u00dfer Fleischmann). Durchfahrtsh\u00f6he: 8,5 cm. Durchfahrtsbreite: 3,7 cm. Gleismittenabstand: 5,75 cm. Ma\u00dfe: L 34,5 x B 20 x H 11,5 cm. Schwierigkeitsgrad: 2 (Fortgeschrittene).<\/div>\n<\/div>\n<div><\/div>\n<div><span style=\"color: #ff0000;\"><strong><span class=\"delivery--text delivery--text-not-available\">\u00a0<\/span><\/strong><\/span><\/div>\n","protected":false},"excerpt":{"rendered":"<p>Produktinformationen &#8222;H0 Lokschuppen, dreist\u00e4ndig&#8220; Bausatz. Dieser moderne Lokschuppen eignet sich f\u00fcr den Einsatz in den Epochen III \u2013 V. Die gro\u00dfen Fensterfl\u00e4chen sorgen f\u00fcr gute Lichtverh\u00e4ltnisse im Innenraum, wo Reparatur- und Revisionsarbeiten durchgef\u00fchrt werden k\u00f6nnen. Die Tore sind manuell beweglich. F\u00fcr den Einbau einer Oberleitung geeignet. Der Lokschuppen kann mit einem weiteren Bausatz 39450 um&#8230;<\/p>\n","protected":false},"featured_media":2939,"comment_status":"open","ping_status":"closed","template":"","meta":[],"product_brand":[],"product_cat":[207,44,201,38],"product_tag":[292,291],"class_list":{"0":"post-2857","1":"product","2":"type-product","3":"status-publish","4":"has-post-thumbnail","6":"product_cat-bahnbetriebswerke-lokschuppen","7":"product_cat-kibri","8":"product_cat-kibri-spur-ho","9":"product_cat-unkategorisiert","10":"product_tag-kein-spielzeug-nicht-geeignet-fuer-kinder-unter-14-jahren","11":"product_tag-warn-und-sicherheitshinweise-modellbauartikel","13":"first","14":"instock","15":"taxable","16":"shipping-taxable","17":"purchasable","18":"product-type-simple"},"jetpack_sharing_enabled":true,"_links":{"self":[{"href":"https:\/\/www.mg-modelleisenbahnbau.de\/startseite-2\/wp-json\/wp\/v2\/product\/2857","targetHints":{"allow":["GET"]}}],"collection":[{"href":"https:\/\/www.mg-modelleisenbahnbau.de\/startseite-2\/wp-json\/wp\/v2\/product"}],"about":[{"href":"https:\/\/www.mg-modelleisenbahnbau.de\/startseite-2\/wp-json\/wp\/v2\/types\/product"}],"replies":[{"embeddable":true,"href":"https:\/\/www.mg-modelleisenbahnbau.de\/startseite-2\/wp-json\/wp\/v2\/comments?post=2857"}],"wp:featuredmedia":[{"embeddable":true,"href":"https:\/\/www.mg-modelleisenbahnbau.de\/startseite-2\/wp-json\/wp\/v2\/media\/2939"}],"wp:attachment":[{"href":"https:\/\/www.mg-modelleisenbahnbau.de\/startseite-2\/wp-json\/wp\/v2\/media?parent=2857"}],"wp:term":[{"taxonomy":"product_brand","embeddable":true,"href":"https:\/\/www.mg-modelleisenbahnbau.de\/startseite-2\/wp-json\/wp\/v2\/product_brand?post=2857"},{"taxonomy":"product_cat","embeddable":true,"href":"https:\/\/www.mg-modelleisenbahnbau.de\/startseite-2\/wp-json\/wp\/v2\/product_cat?post=2857"},{"taxonomy":"product_tag","embeddable":true,"href":"https:\/\/www.mg-modelleisenbahnbau.de\/startseite-2\/wp-json\/wp\/v2\/product_tag?post=2857"}],"curies":[{"name":"wp","href":"https:\/\/api.w.org\/{rel}","templated":true}]}}