{"id":2709,"date":"2019-04-01T15:51:40","date_gmt":"2019-04-01T13:51:40","guid":{"rendered":"http:\/\/www.mg-modelleisenbahnbau.de\/?post_type=product&#038;p=2709"},"modified":"2025-06-30T22:23:19","modified_gmt":"2025-06-30T20:23:19","slug":"45146-h0-sauna-mit-inneneinrichtung-und-led-beleuchtung-funktionsbausatz","status":"publish","type":"product","link":"https:\/\/www.mg-modelleisenbahnbau.de\/startseite-2\/produkt\/45146-h0-sauna-mit-inneneinrichtung-und-led-beleuchtung-funktionsbausatz\/","title":{"rendered":"45146 H0 Sauna mit Inneneinrichtung und LED-Beleuchtung, Funktionsbausatz"},"content":{"rendered":"<div class=\"content--description\">\n<div class=\"content--title\">Produktinformationen &#8222;H0 Sauna mit Inneneinrichtung und LED-Beleuchtung, Funktionsbausatz&#8220;<\/div>\n<div class=\"product--description\">Regelm\u00e4\u00dfiges Saunieren hat viele positive Auswirkungen \u2013 eine Wohltat f\u00fcr K\u00f6rper und Seele. Indem der K\u00f6rper abwechselnd Hitze und K\u00e4lte ausgesetzt wird, werden die Durchblutung verbessert, die Gef\u00e4\u00dfe trainiert und das Immunsystem gest\u00e4rkt. Auch in der H0-Welt haben die Menschen Freude am Saunieren. Diese finnische Blocksauna ist mit Beleuchtung, Au\u00dfen-Tauchbecken und einem H\u00e4uschen mit Herz ausgestattet. Ma\u00dfe: L 9 x B 6,5 x H 7,2 cm.<\/div>\n<\/div>\n","protected":false},"excerpt":{"rendered":"<p>Produktinformationen &#8222;H0 Sauna mit Inneneinrichtung und LED-Beleuchtung, Funktionsbausatz&#8220; Regelm\u00e4\u00dfiges Saunieren hat viele positive Auswirkungen \u2013 eine Wohltat f\u00fcr K\u00f6rper und Seele. Indem der K\u00f6rper abwechselnd Hitze und K\u00e4lte ausgesetzt wird, werden die Durchblutung verbessert, die Gef\u00e4\u00dfe trainiert und das Immunsystem gest\u00e4rkt. Auch in der H0-Welt haben die Menschen Freude am Saunieren. Diese finnische Blocksauna ist&#8230;<\/p>\n","protected":false},"featured_media":2711,"comment_status":"open","ping_status":"closed","template":"","meta":[],"product_brand":[],"product_cat":[177,38,41,160],"product_tag":[292,291],"class_list":{"0":"post-2709","1":"product","2":"type-product","3":"status-publish","4":"has-post-thumbnail","6":"product_cat-kleinbausaetze-ho","7":"product_cat-unkategorisiert","8":"product_cat-vollmer","9":"product_cat-vollmer-ho","10":"product_tag-kein-spielzeug-nicht-geeignet-fuer-kinder-unter-14-jahren","11":"product_tag-warn-und-sicherheitshinweise-modellbauartikel","13":"first","14":"instock","15":"taxable","16":"shipping-taxable","17":"purchasable","18":"product-type-simple"},"jetpack_sharing_enabled":true,"_links":{"self":[{"href":"https:\/\/www.mg-modelleisenbahnbau.de\/startseite-2\/wp-json\/wp\/v2\/product\/2709","targetHints":{"allow":["GET"]}}],"collection":[{"href":"https:\/\/www.mg-modelleisenbahnbau.de\/startseite-2\/wp-json\/wp\/v2\/product"}],"about":[{"href":"https:\/\/www.mg-modelleisenbahnbau.de\/startseite-2\/wp-json\/wp\/v2\/types\/product"}],"replies":[{"embeddable":true,"href":"https:\/\/www.mg-modelleisenbahnbau.de\/startseite-2\/wp-json\/wp\/v2\/comments?post=2709"}],"wp:featuredmedia":[{"embeddable":true,"href":"https:\/\/www.mg-modelleisenbahnbau.de\/startseite-2\/wp-json\/wp\/v2\/media\/2711"}],"wp:attachment":[{"href":"https:\/\/www.mg-modelleisenbahnbau.de\/startseite-2\/wp-json\/wp\/v2\/media?parent=2709"}],"wp:term":[{"taxonomy":"product_brand","embeddable":true,"href":"https:\/\/www.mg-modelleisenbahnbau.de\/startseite-2\/wp-json\/wp\/v2\/product_brand?post=2709"},{"taxonomy":"product_cat","embeddable":true,"href":"https:\/\/www.mg-modelleisenbahnbau.de\/startseite-2\/wp-json\/wp\/v2\/product_cat?post=2709"},{"taxonomy":"product_tag","embeddable":true,"href":"https:\/\/www.mg-modelleisenbahnbau.de\/startseite-2\/wp-json\/wp\/v2\/product_tag?post=2709"}],"curies":[{"name":"wp","href":"https:\/\/api.w.org\/{rel}","templated":true}]}}