{"id":2706,"date":"2019-04-01T15:49:00","date_gmt":"2019-04-01T13:49:00","guid":{"rendered":"http:\/\/www.mg-modelleisenbahnbau.de\/?post_type=product&#038;p=2706"},"modified":"2025-06-30T19:26:59","modified_gmt":"2025-06-30T17:26:59","slug":"43615-h0-forellen-raeucherei","status":"publish","type":"product","link":"https:\/\/www.mg-modelleisenbahnbau.de\/startseite-2\/produkt\/43615-h0-forellen-raeucherei\/","title":{"rendered":"43615 H0 Forellen-R\u00e4ucherei"},"content":{"rendered":"<div class=\"content--description\">\n<div class=\"content--title\">Produktinformationen &#8222;H0 Forellen-R\u00e4ucherei&#8220;<\/div>\n<div class=\"product--description\">Frisch ger\u00e4ucherte Forellen sind lecker und gesund. In dieser kleinen R\u00e4ucherei werden frisch gefangene Forellen mild ger\u00e4uchert. Man kann sie dort auch gleich verzehren oder f\u00fcr zu Hause mitnehmen. Eine nette Erg\u00e4nzung auf Ihrer Anlage. Ma\u00dfe: L 7 x B 6 x H 6,7 cm.<\/div>\n<\/div>\n","protected":false},"excerpt":{"rendered":"<p>Produktinformationen &#8222;H0 Forellen-R\u00e4ucherei&#8220; Frisch ger\u00e4ucherte Forellen sind lecker und gesund. In dieser kleinen R\u00e4ucherei werden frisch gefangene Forellen mild ger\u00e4uchert. Man kann sie dort auch gleich verzehren oder f\u00fcr zu Hause mitnehmen. Eine nette Erg\u00e4nzung auf Ihrer Anlage. Ma\u00dfe: L 7 x B 6 x H 6,7 cm.<\/p>\n","protected":false},"featured_media":2707,"comment_status":"open","ping_status":"closed","template":"","meta":[],"product_brand":[],"product_cat":[177,38,41,160],"product_tag":[292,291],"class_list":{"0":"post-2706","1":"product","2":"type-product","3":"status-publish","4":"has-post-thumbnail","6":"product_cat-kleinbausaetze-ho","7":"product_cat-unkategorisiert","8":"product_cat-vollmer","9":"product_cat-vollmer-ho","10":"product_tag-kein-spielzeug-nicht-geeignet-fuer-kinder-unter-14-jahren","11":"product_tag-warn-und-sicherheitshinweise-modellbauartikel","13":"first","14":"instock","15":"taxable","16":"shipping-taxable","17":"purchasable","18":"product-type-simple"},"jetpack_sharing_enabled":true,"_links":{"self":[{"href":"https:\/\/www.mg-modelleisenbahnbau.de\/startseite-2\/wp-json\/wp\/v2\/product\/2706","targetHints":{"allow":["GET"]}}],"collection":[{"href":"https:\/\/www.mg-modelleisenbahnbau.de\/startseite-2\/wp-json\/wp\/v2\/product"}],"about":[{"href":"https:\/\/www.mg-modelleisenbahnbau.de\/startseite-2\/wp-json\/wp\/v2\/types\/product"}],"replies":[{"embeddable":true,"href":"https:\/\/www.mg-modelleisenbahnbau.de\/startseite-2\/wp-json\/wp\/v2\/comments?post=2706"}],"wp:featuredmedia":[{"embeddable":true,"href":"https:\/\/www.mg-modelleisenbahnbau.de\/startseite-2\/wp-json\/wp\/v2\/media\/2707"}],"wp:attachment":[{"href":"https:\/\/www.mg-modelleisenbahnbau.de\/startseite-2\/wp-json\/wp\/v2\/media?parent=2706"}],"wp:term":[{"taxonomy":"product_brand","embeddable":true,"href":"https:\/\/www.mg-modelleisenbahnbau.de\/startseite-2\/wp-json\/wp\/v2\/product_brand?post=2706"},{"taxonomy":"product_cat","embeddable":true,"href":"https:\/\/www.mg-modelleisenbahnbau.de\/startseite-2\/wp-json\/wp\/v2\/product_cat?post=2706"},{"taxonomy":"product_tag","embeddable":true,"href":"https:\/\/www.mg-modelleisenbahnbau.de\/startseite-2\/wp-json\/wp\/v2\/product_tag?post=2706"}],"curies":[{"name":"wp","href":"https:\/\/api.w.org\/{rel}","templated":true}]}}