{"id":2575,"date":"2019-03-27T11:16:05","date_gmt":"2019-03-27T10:16:05","guid":{"rendered":"http:\/\/www.mg-modelleisenbahnbau.de\/?post_type=product&#038;p=2575"},"modified":"2025-06-30T19:48:50","modified_gmt":"2025-06-30T17:48:50","slug":"43681-h0-luigis-pizzeria-mit-inneneinrichtung-beleuchtung-und-pizza-rezept-funktionsbausatz","status":"publish","type":"product","link":"https:\/\/www.mg-modelleisenbahnbau.de\/startseite-2\/produkt\/43681-h0-luigis-pizzeria-mit-inneneinrichtung-beleuchtung-und-pizza-rezept-funktionsbausatz\/","title":{"rendered":"43681 H0 Luigi\u00b4s Pizzeria mit Inneneinrichtung, Beleuchtung und Pizza-Rezept, Funktionsbausatz"},"content":{"rendered":"<div class=\"content--description\">\n<div class=\"content--title\">Produktinformationen &#8222;H0 Luigi\u00b4s Pizzeria mit Inneneinrichtung, Beleuchtung und Pizza-Rezept, Funktionsbausatz&#8220;<\/div>\n<div class=\"product--description\">Die Pizzeria ist wie immer gut besucht. Luigi\u00b4s Spezialrezept f\u00fcr Pizza Vollmeroso ist weithin bekannt. Probieren Sie es aus, das Rezept liegt dem Bausatz bei! Die passende Beleuchtung sorgt f\u00fcr eine gem\u00fctliche Atmosph\u00e4re. Ma\u00dfe: L 18 x B 11,5 x H 12,8 cm.<\/div>\n<\/div>\n","protected":false},"excerpt":{"rendered":"<p>Produktinformationen &#8222;H0 Luigi\u00b4s Pizzeria mit Inneneinrichtung, Beleuchtung und Pizza-Rezept, Funktionsbausatz&#8220; Die Pizzeria ist wie immer gut besucht. Luigi\u00b4s Spezialrezept f\u00fcr Pizza Vollmeroso ist weithin bekannt. Probieren Sie es aus, das Rezept liegt dem Bausatz bei! Die passende Beleuchtung sorgt f\u00fcr eine gem\u00fctliche Atmosph\u00e4re. Ma\u00dfe: L 18 x B 11,5 x H 12,8 cm.<\/p>\n","protected":false},"featured_media":2576,"comment_status":"open","ping_status":"closed","template":"","meta":[],"product_brand":[],"product_cat":[176,38,41,160],"product_tag":[292,291],"class_list":{"0":"post-2575","1":"product","2":"type-product","3":"status-publish","4":"has-post-thumbnail","6":"product_cat-stadt-dorfhaeuser-ho","7":"product_cat-unkategorisiert","8":"product_cat-vollmer","9":"product_cat-vollmer-ho","10":"product_tag-kein-spielzeug-nicht-geeignet-fuer-kinder-unter-14-jahren","11":"product_tag-warn-und-sicherheitshinweise-modellbauartikel","13":"first","14":"instock","15":"taxable","16":"shipping-taxable","17":"purchasable","18":"product-type-simple"},"jetpack_sharing_enabled":true,"_links":{"self":[{"href":"https:\/\/www.mg-modelleisenbahnbau.de\/startseite-2\/wp-json\/wp\/v2\/product\/2575","targetHints":{"allow":["GET"]}}],"collection":[{"href":"https:\/\/www.mg-modelleisenbahnbau.de\/startseite-2\/wp-json\/wp\/v2\/product"}],"about":[{"href":"https:\/\/www.mg-modelleisenbahnbau.de\/startseite-2\/wp-json\/wp\/v2\/types\/product"}],"replies":[{"embeddable":true,"href":"https:\/\/www.mg-modelleisenbahnbau.de\/startseite-2\/wp-json\/wp\/v2\/comments?post=2575"}],"wp:featuredmedia":[{"embeddable":true,"href":"https:\/\/www.mg-modelleisenbahnbau.de\/startseite-2\/wp-json\/wp\/v2\/media\/2576"}],"wp:attachment":[{"href":"https:\/\/www.mg-modelleisenbahnbau.de\/startseite-2\/wp-json\/wp\/v2\/media?parent=2575"}],"wp:term":[{"taxonomy":"product_brand","embeddable":true,"href":"https:\/\/www.mg-modelleisenbahnbau.de\/startseite-2\/wp-json\/wp\/v2\/product_brand?post=2575"},{"taxonomy":"product_cat","embeddable":true,"href":"https:\/\/www.mg-modelleisenbahnbau.de\/startseite-2\/wp-json\/wp\/v2\/product_cat?post=2575"},{"taxonomy":"product_tag","embeddable":true,"href":"https:\/\/www.mg-modelleisenbahnbau.de\/startseite-2\/wp-json\/wp\/v2\/product_tag?post=2575"}],"curies":[{"name":"wp","href":"https:\/\/api.w.org\/{rel}","templated":true}]}}