{"id":2565,"date":"2019-03-27T10:55:47","date_gmt":"2019-03-27T09:55:47","guid":{"rendered":"http:\/\/www.mg-modelleisenbahnbau.de\/?post_type=product&#038;p=2565"},"modified":"2025-06-30T19:37:52","modified_gmt":"2025-06-30T17:37:52","slug":"43637-h0-gasthof-zur-post-mit-led-beleuchtung-funktionsbausatz","status":"publish","type":"product","link":"https:\/\/www.mg-modelleisenbahnbau.de\/startseite-2\/produkt\/43637-h0-gasthof-zur-post-mit-led-beleuchtung-funktionsbausatz\/","title":{"rendered":"43637 H0 Gasthof zur Post mit LED-Beleuchtung, Funktionsbausatz"},"content":{"rendered":"<div class=\"content--description\">\n<div class=\"content--title\">Produktinformationen &#8222;H0 Gasthof zur Post mit LED-Beleuchtung, Funktionsbausatz&#8220;<\/div>\n<div class=\"product--description\">Im Gasthof zur Post geht im wahrsten Sinne des Wortes die Post ab. Im Nebenhaus der kleinst\u00e4dtischen Poststelle hat dieser Gasthof sein Quartier bezogen. Das liebevoll gestaltete Geb\u00e4ude und die l\u00e4ndliche romantische Atmosph\u00e4re lassen uns den Alltag f\u00fcr ein paar Stunden vergessen. Mit der beiliegenden LED-Innenbeleuchtung setzen Sie den Artikel ins rechte Licht. Ma\u00dfe: L 19,5 x B 12,5 x H 15 cm.<\/div>\n<\/div>\n","protected":false},"excerpt":{"rendered":"<p>Produktinformationen &#8222;H0 Gasthof zur Post mit LED-Beleuchtung, Funktionsbausatz&#8220; Im Gasthof zur Post geht im wahrsten Sinne des Wortes die Post ab. Im Nebenhaus der kleinst\u00e4dtischen Poststelle hat dieser Gasthof sein Quartier bezogen. Das liebevoll gestaltete Geb\u00e4ude und die l\u00e4ndliche romantische Atmosph\u00e4re lassen uns den Alltag f\u00fcr ein paar Stunden vergessen. Mit der beiliegenden LED-Innenbeleuchtung setzen&#8230;<\/p>\n","protected":false},"featured_media":2566,"comment_status":"open","ping_status":"closed","template":"","meta":[],"product_brand":[],"product_cat":[176,38,41,160],"product_tag":[292,291],"class_list":{"0":"post-2565","1":"product","2":"type-product","3":"status-publish","4":"has-post-thumbnail","6":"product_cat-stadt-dorfhaeuser-ho","7":"product_cat-unkategorisiert","8":"product_cat-vollmer","9":"product_cat-vollmer-ho","10":"product_tag-kein-spielzeug-nicht-geeignet-fuer-kinder-unter-14-jahren","11":"product_tag-warn-und-sicherheitshinweise-modellbauartikel","13":"first","14":"instock","15":"taxable","16":"shipping-taxable","17":"purchasable","18":"product-type-simple"},"jetpack_sharing_enabled":true,"_links":{"self":[{"href":"https:\/\/www.mg-modelleisenbahnbau.de\/startseite-2\/wp-json\/wp\/v2\/product\/2565","targetHints":{"allow":["GET"]}}],"collection":[{"href":"https:\/\/www.mg-modelleisenbahnbau.de\/startseite-2\/wp-json\/wp\/v2\/product"}],"about":[{"href":"https:\/\/www.mg-modelleisenbahnbau.de\/startseite-2\/wp-json\/wp\/v2\/types\/product"}],"replies":[{"embeddable":true,"href":"https:\/\/www.mg-modelleisenbahnbau.de\/startseite-2\/wp-json\/wp\/v2\/comments?post=2565"}],"wp:featuredmedia":[{"embeddable":true,"href":"https:\/\/www.mg-modelleisenbahnbau.de\/startseite-2\/wp-json\/wp\/v2\/media\/2566"}],"wp:attachment":[{"href":"https:\/\/www.mg-modelleisenbahnbau.de\/startseite-2\/wp-json\/wp\/v2\/media?parent=2565"}],"wp:term":[{"taxonomy":"product_brand","embeddable":true,"href":"https:\/\/www.mg-modelleisenbahnbau.de\/startseite-2\/wp-json\/wp\/v2\/product_brand?post=2565"},{"taxonomy":"product_cat","embeddable":true,"href":"https:\/\/www.mg-modelleisenbahnbau.de\/startseite-2\/wp-json\/wp\/v2\/product_cat?post=2565"},{"taxonomy":"product_tag","embeddable":true,"href":"https:\/\/www.mg-modelleisenbahnbau.de\/startseite-2\/wp-json\/wp\/v2\/product_tag?post=2565"}],"curies":[{"name":"wp","href":"https:\/\/api.w.org\/{rel}","templated":true}]}}