{"id":2509,"date":"2019-03-26T21:05:17","date_gmt":"2019-03-26T20:05:17","guid":{"rendered":"http:\/\/www.mg-modelleisenbahnbau.de\/?post_type=product&#038;p=2509"},"modified":"2025-06-30T19:27:02","modified_gmt":"2025-06-30T17:27:02","slug":"43633-h0-baeckerei-lang-mit-inneneinrichtung-und-beleuchtung-funktionsbausatz","status":"publish","type":"product","link":"https:\/\/www.mg-modelleisenbahnbau.de\/startseite-2\/produkt\/43633-h0-baeckerei-lang-mit-inneneinrichtung-und-beleuchtung-funktionsbausatz\/","title":{"rendered":"43633 H0 B\u00e4ckerei Lang mit Inneneinrichtung und Beleuchtung, Funktionsbausatz"},"content":{"rendered":"<div class=\"content--description\">\n<div class=\"content--title\">Produktinformationen &#8222;H0 B\u00e4ckerei Lang mit Inneneinrichtung und Beleuchtung, Funktionsbausatz&#8220;<\/div>\n<div class=\"product--description\">Als Max Siegfried Lang seine Ausbildung als B\u00e4ckermeister abschloss, konnte er noch nicht ahnen, dass er heute \u00fcber 10 Filialen im Gro\u00dfraum Stuttgart sein eigen nennen w\u00fcrde. Die Gro\u00dfb\u00e4ckerei wird nach wie vor als Familienbetrieb gef\u00fchrt und Herr Lang kontrolliert t\u00e4glich selbst sowohl die Qualit\u00e4t seiner Backwaren als auch die Gestaltung und Sauberkeit seiner Filialen, die alle im Franchise-System betrieben werden. So hat auch hier in unserer Miniaturwelt an der Ecke eine Filiale er\u00f6ffnet und erfreut sich regen Zuspruches. Die hellen Verkaufsr\u00e4ume mit den gro\u00dfen Fenstern, Inneneinrichtung und beiliegender Beleuchtung laden zum Einkauf oder auf einen gem\u00fctlichen Kaffee ein. Ma\u00dfe: L 15,5 x B 10,8 x H 13,8 cm.<\/div>\n<\/div>\n","protected":false},"excerpt":{"rendered":"<p>Produktinformationen &#8222;H0 B\u00e4ckerei Lang mit Inneneinrichtung und Beleuchtung, Funktionsbausatz&#8220; Als Max Siegfried Lang seine Ausbildung als B\u00e4ckermeister abschloss, konnte er noch nicht ahnen, dass er heute \u00fcber 10 Filialen im Gro\u00dfraum Stuttgart sein eigen nennen w\u00fcrde. Die Gro\u00dfb\u00e4ckerei wird nach wie vor als Familienbetrieb gef\u00fchrt und Herr Lang kontrolliert t\u00e4glich selbst sowohl die Qualit\u00e4t seiner&#8230;<\/p>\n","protected":false},"featured_media":2510,"comment_status":"open","ping_status":"closed","template":"","meta":[],"product_brand":[],"product_cat":[176,38,41,160],"product_tag":[292,291],"class_list":{"0":"post-2509","1":"product","2":"type-product","3":"status-publish","4":"has-post-thumbnail","6":"product_cat-stadt-dorfhaeuser-ho","7":"product_cat-unkategorisiert","8":"product_cat-vollmer","9":"product_cat-vollmer-ho","10":"product_tag-kein-spielzeug-nicht-geeignet-fuer-kinder-unter-14-jahren","11":"product_tag-warn-und-sicherheitshinweise-modellbauartikel","13":"first","14":"instock","15":"taxable","16":"shipping-taxable","17":"purchasable","18":"product-type-simple"},"jetpack_sharing_enabled":true,"_links":{"self":[{"href":"https:\/\/www.mg-modelleisenbahnbau.de\/startseite-2\/wp-json\/wp\/v2\/product\/2509","targetHints":{"allow":["GET"]}}],"collection":[{"href":"https:\/\/www.mg-modelleisenbahnbau.de\/startseite-2\/wp-json\/wp\/v2\/product"}],"about":[{"href":"https:\/\/www.mg-modelleisenbahnbau.de\/startseite-2\/wp-json\/wp\/v2\/types\/product"}],"replies":[{"embeddable":true,"href":"https:\/\/www.mg-modelleisenbahnbau.de\/startseite-2\/wp-json\/wp\/v2\/comments?post=2509"}],"wp:featuredmedia":[{"embeddable":true,"href":"https:\/\/www.mg-modelleisenbahnbau.de\/startseite-2\/wp-json\/wp\/v2\/media\/2510"}],"wp:attachment":[{"href":"https:\/\/www.mg-modelleisenbahnbau.de\/startseite-2\/wp-json\/wp\/v2\/media?parent=2509"}],"wp:term":[{"taxonomy":"product_brand","embeddable":true,"href":"https:\/\/www.mg-modelleisenbahnbau.de\/startseite-2\/wp-json\/wp\/v2\/product_brand?post=2509"},{"taxonomy":"product_cat","embeddable":true,"href":"https:\/\/www.mg-modelleisenbahnbau.de\/startseite-2\/wp-json\/wp\/v2\/product_cat?post=2509"},{"taxonomy":"product_tag","embeddable":true,"href":"https:\/\/www.mg-modelleisenbahnbau.de\/startseite-2\/wp-json\/wp\/v2\/product_tag?post=2509"}],"curies":[{"name":"wp","href":"https:\/\/api.w.org\/{rel}","templated":true}]}}