{"id":2448,"date":"2019-03-26T18:18:35","date_gmt":"2019-03-26T17:18:35","guid":{"rendered":"http:\/\/www.mg-modelleisenbahnbau.de\/?post_type=product&#038;p=2448"},"modified":"2025-06-30T22:01:53","modified_gmt":"2025-06-30T20:01:53","slug":"43815-h0-haus-am-park-schlossallee-5","status":"publish","type":"product","link":"https:\/\/www.mg-modelleisenbahnbau.de\/startseite-2\/produkt\/43815-h0-haus-am-park-schlossallee-5\/","title":{"rendered":"43815 H0 Haus am Park, Schlossallee 5"},"content":{"rendered":"<div class=\"content--description\">\n<div class=\"content--title\">Produktinformationen &#8222;H0 Haus am Park, Schlossallee 5&#8220;<\/div>\n<div class=\"product--description\">Die Geb\u00e4ude der Schlossallee sind besonders hochwertige Architekturmodelle und gen\u00fcgen h\u00f6chsten Modellbauanspr\u00fcchen. Alle H\u00e4user dieser Serie sind mit vielen Details ausgestattet, z. B. Eisengitterverzierungen, zierlichen Balkonen, Stuckfassaden und vielem mehr. Die Schlossallee besteht aus dem Eckhaus Art. 43811, dem Wohnhaus Art. 43813 und dem Haus am Park. Ma\u00dfe: L 11 x B 10,8 x H 19,5 cm.<\/div>\n<\/div>\n","protected":false},"excerpt":{"rendered":"<p>Produktinformationen &#8222;H0 Haus am Park, Schlossallee 5&#8220; Die Geb\u00e4ude der Schlossallee sind besonders hochwertige Architekturmodelle und gen\u00fcgen h\u00f6chsten Modellbauanspr\u00fcchen. Alle H\u00e4user dieser Serie sind mit vielen Details ausgestattet, z. B. Eisengitterverzierungen, zierlichen Balkonen, Stuckfassaden und vielem mehr. Die Schlossallee besteht aus dem Eckhaus Art. 43811, dem Wohnhaus Art. 43813 und dem Haus am Park. Ma\u00dfe:&#8230;<\/p>\n","protected":false},"featured_media":2449,"comment_status":"open","ping_status":"closed","template":"","meta":[],"product_brand":[],"product_cat":[176,38,41,160],"product_tag":[292,291],"class_list":{"0":"post-2448","1":"product","2":"type-product","3":"status-publish","4":"has-post-thumbnail","6":"product_cat-stadt-dorfhaeuser-ho","7":"product_cat-unkategorisiert","8":"product_cat-vollmer","9":"product_cat-vollmer-ho","10":"product_tag-kein-spielzeug-nicht-geeignet-fuer-kinder-unter-14-jahren","11":"product_tag-warn-und-sicherheitshinweise-modellbauartikel","13":"first","14":"instock","15":"taxable","16":"shipping-taxable","17":"purchasable","18":"product-type-simple"},"jetpack_sharing_enabled":true,"_links":{"self":[{"href":"https:\/\/www.mg-modelleisenbahnbau.de\/startseite-2\/wp-json\/wp\/v2\/product\/2448","targetHints":{"allow":["GET"]}}],"collection":[{"href":"https:\/\/www.mg-modelleisenbahnbau.de\/startseite-2\/wp-json\/wp\/v2\/product"}],"about":[{"href":"https:\/\/www.mg-modelleisenbahnbau.de\/startseite-2\/wp-json\/wp\/v2\/types\/product"}],"replies":[{"embeddable":true,"href":"https:\/\/www.mg-modelleisenbahnbau.de\/startseite-2\/wp-json\/wp\/v2\/comments?post=2448"}],"wp:featuredmedia":[{"embeddable":true,"href":"https:\/\/www.mg-modelleisenbahnbau.de\/startseite-2\/wp-json\/wp\/v2\/media\/2449"}],"wp:attachment":[{"href":"https:\/\/www.mg-modelleisenbahnbau.de\/startseite-2\/wp-json\/wp\/v2\/media?parent=2448"}],"wp:term":[{"taxonomy":"product_brand","embeddable":true,"href":"https:\/\/www.mg-modelleisenbahnbau.de\/startseite-2\/wp-json\/wp\/v2\/product_brand?post=2448"},{"taxonomy":"product_cat","embeddable":true,"href":"https:\/\/www.mg-modelleisenbahnbau.de\/startseite-2\/wp-json\/wp\/v2\/product_cat?post=2448"},{"taxonomy":"product_tag","embeddable":true,"href":"https:\/\/www.mg-modelleisenbahnbau.de\/startseite-2\/wp-json\/wp\/v2\/product_tag?post=2448"}],"curies":[{"name":"wp","href":"https:\/\/api.w.org\/{rel}","templated":true}]}}