{"id":2410,"date":"2019-03-26T17:28:18","date_gmt":"2019-03-26T16:28:18","guid":{"rendered":"http:\/\/www.mg-modelleisenbahnbau.de\/?post_type=product&#038;p=2410"},"modified":"2025-07-01T12:02:33","modified_gmt":"2025-07-01T10:02:33","slug":"49910-h0-burg-aus-dem-mittelalter-mit-led-beleuchtung-funktionsbausatz-start-und-spar-serie","status":"publish","type":"product","link":"https:\/\/www.mg-modelleisenbahnbau.de\/startseite-2\/produkt\/49910-h0-burg-aus-dem-mittelalter-mit-led-beleuchtung-funktionsbausatz-start-und-spar-serie\/","title":{"rendered":"49910 H0 Burg aus dem Mittelalter mit LED-Beleuchtung, Funktionsbausatz, Start und Spar-Serie"},"content":{"rendered":"<div class=\"content--description\">\n<div class=\"content--title\">Produktinformationen &#8222;H0 Burg aus dem Mittelalter mit LED-Beleuchtung, Funktionsbausatz, Start und Spar-Serie&#8220;<\/div>\n<div class=\"product--description\">Diese Burg ist ein echter Blickfang auf der Modellbahnanlage. Ob dezent im Hintergrund oder auf Augenh\u00f6he in der N\u00e4he des Betrachters \u2013 dieser Bausatz macht \u00fcberall eine gute Figur. Er ist flexibel aufbaubar und aufgrund der einfachen Modulbauweise besonders f\u00fcr Einsteiger geeignet. Die passende LED-Beleuchtung f\u00fcr ein Fenster liegt dem Bausatz bei. Sie ist einfach zu montieren und genau auf das Modell abgestimmt. L 56 x B 31 x H 37 cm.<\/div>\n<\/div>\n","protected":false},"excerpt":{"rendered":"<p>Produktinformationen &#8222;H0 Burg aus dem Mittelalter mit LED-Beleuchtung, Funktionsbausatz, Start und Spar-Serie&#8220; Diese Burg ist ein echter Blickfang auf der Modellbahnanlage. Ob dezent im Hintergrund oder auf Augenh\u00f6he in der N\u00e4he des Betrachters \u2013 dieser Bausatz macht \u00fcberall eine gute Figur. Er ist flexibel aufbaubar und aufgrund der einfachen Modulbauweise besonders f\u00fcr Einsteiger geeignet. Die&#8230;<\/p>\n","protected":false},"featured_media":2411,"comment_status":"open","ping_status":"closed","template":"","meta":[],"product_brand":[],"product_cat":[176,38,41,160],"product_tag":[292,291],"class_list":{"0":"post-2410","1":"product","2":"type-product","3":"status-publish","4":"has-post-thumbnail","6":"product_cat-stadt-dorfhaeuser-ho","7":"product_cat-unkategorisiert","8":"product_cat-vollmer","9":"product_cat-vollmer-ho","10":"product_tag-kein-spielzeug-nicht-geeignet-fuer-kinder-unter-14-jahren","11":"product_tag-warn-und-sicherheitshinweise-modellbauartikel","13":"first","14":"instock","15":"taxable","16":"shipping-taxable","17":"purchasable","18":"product-type-simple"},"jetpack_sharing_enabled":true,"_links":{"self":[{"href":"https:\/\/www.mg-modelleisenbahnbau.de\/startseite-2\/wp-json\/wp\/v2\/product\/2410","targetHints":{"allow":["GET"]}}],"collection":[{"href":"https:\/\/www.mg-modelleisenbahnbau.de\/startseite-2\/wp-json\/wp\/v2\/product"}],"about":[{"href":"https:\/\/www.mg-modelleisenbahnbau.de\/startseite-2\/wp-json\/wp\/v2\/types\/product"}],"replies":[{"embeddable":true,"href":"https:\/\/www.mg-modelleisenbahnbau.de\/startseite-2\/wp-json\/wp\/v2\/comments?post=2410"}],"wp:featuredmedia":[{"embeddable":true,"href":"https:\/\/www.mg-modelleisenbahnbau.de\/startseite-2\/wp-json\/wp\/v2\/media\/2411"}],"wp:attachment":[{"href":"https:\/\/www.mg-modelleisenbahnbau.de\/startseite-2\/wp-json\/wp\/v2\/media?parent=2410"}],"wp:term":[{"taxonomy":"product_brand","embeddable":true,"href":"https:\/\/www.mg-modelleisenbahnbau.de\/startseite-2\/wp-json\/wp\/v2\/product_brand?post=2410"},{"taxonomy":"product_cat","embeddable":true,"href":"https:\/\/www.mg-modelleisenbahnbau.de\/startseite-2\/wp-json\/wp\/v2\/product_cat?post=2410"},{"taxonomy":"product_tag","embeddable":true,"href":"https:\/\/www.mg-modelleisenbahnbau.de\/startseite-2\/wp-json\/wp\/v2\/product_tag?post=2410"}],"curies":[{"name":"wp","href":"https:\/\/api.w.org\/{rel}","templated":true}]}}